000
CXUS54 KFWD 010832
CF6PSN
PRELIMINARY LOCAL CLIMATOLOGICAL DATA (WS FORM: F-6)
STATION: PALESTINE
MONTH: NOVEMBER
YEAR: 2023
LATITUDE: 31 46 N
LONGITUDE: 95 42 W
TEMPERATURE IN F: :PCPN: SNOW: WIND :SUNSHINE: SKY :PK WND
================================================================================
1 2 3 4 5 6A 6B 7 8 9 10 11 12 13 14 15 16 17 18
12Z AVG MX 2MIN
DY MAX MIN AVG DEP HDD CDD WTR SNW DPTH SPD SPD DIR MIN PSBL S-S WX SPD DR
================================================================================
1 55 32 44 -17 21 0 0.00 M M 4.3 8 80 M M 2 8 16 80
2 64 36 50 -11 15 0 0.00 M M 5.1 9 140 M M 2 M M
3 72 45 59 -1 6 0 0.00 M M 5.9 13 160 M M 5 17 160
4 77 52 65 5 0 0 0.00 M M 5.0 9 220 M M 4 14 150
5 79 59 69 9 0 4 0.00 M M 4.7 10 200 M M 6 17 220
6 79 63 71 12 0 6 0.00 M M 8.0 16 210 M M 4 1 22 210
7 82 64 73 14 0 8 0.00 M M 9.7 15 180 M M 3 1 22 170
8 82 68 75 16 0 10 0.00 M M 9.5 16 210 M M 5 21 200
9 73 59 66 8 0 1 1.02 M M 4.9 10 180 M M 9 1 18 340
10 59 54 57 -1 8 0 0.11 M M 9.5 12 30 M M 10 1 21 20
11 61 54 58 0 7 0 0.00 M M 6.2 12 40 M M 10 M M
12 63 55 59 2 6 0 0.00 M M 4.6 10 10 M M 8 M M
13 66 55 61 4 4 0 0.00 M M 7.6 10 80 M M 7 17 50
14 72 50 61 5 4 0 0.03 M M 4.8 8 30 M M 7 1 14 20
15 72 45 59 3 6 0 0.00 M M 4.5 13 10 M M 2 1 18 10
16 63 55 59 3 6 0 0.00 M M 3.8 7 60 M M 10 1 M M
17 68 55 62 7 3 0 0.00 M M 6.0 9 340 M M 9 1 15 190
18 72 54 63 8 2 0 0.00 M M 3.9 10 M M M 6 1 16 10
19 70 54 62 8 3 0 0.00 M M 7.1 13 170 M M 7 18 190
20 73 57 65 11 0 0 0.29 M M 7.0 15 310 M M 8 1 23 340
21 57 43 50 -4 15 0 0.00 M M 12.8 17 330 M M 9 26 330
22 57 32 45 -8 20 0 0.00 M M 6.2 12 350 M M 1 21 320
23 57 34 46 -7 19 0 0.01 M M 3.5 8 190 M M 4 13 180
24 66 41 54 1 11 0 0.00 M M 3.0 7 90 M M 3 1 M M
25 64 43 54 2 11 0 0.01 M M 6.3 12 90 M M 6 20 90
26 52 34 43 -9 22 0 0.00 M M 13.1 18 330 M M 4 32 340
27 54 32 43 -9 22 0 0.00 M M 8.8 13 330 M M 0 14 20
28 63 37 50 -1 15 0 0.00 M M 2.2 6 190 M M 4 M M
29 64 34 49 -2 16 0 0.00 M M 6.8 13 200 M M 6 18 200
30 66 54 60 9 5 0 0.32 M M 8.3 13 170 M M 10 1 24 170
================================================================================
SM 2002 1450 247 29 1.79 M 193.1 M 171
================================================================================
AV 66.7 48.3 6.4 FASTST M M 6 MAX(MPH)
MISC ----> 18 330 32 340
================================================================================
NOTES:
# LAST OF SEVERAL OCCURRENCES
COLUMN 17 PEAK WIND IN M.P.H.
PRELIMINARY LOCAL CLIMATOLOGICAL DATA (WS FORM: F-6) , PAGE 2
STATION: PALESTINE
MONTH: NOVEMBER
YEAR: 2023
LATITUDE: 31 46 N
LONGITUDE: 95 42 W
[TEMPERATURE DATA] [PRECIPITATION DATA] SYMBOLS USED IN COLUMN 16
AVERAGE MONTHLY: 57.5 TOTAL FOR MONTH: 1.79 1 = FOG OR MIST
DPTR FM NORMAL: 1.6 DPTR FM NORMAL: -2.45 2 = FOG REDUCING VISIBILITY
HIGHEST: 82 ON 8, 7 GRTST 24HR 1.02 ON 9- 9 TO 1/4 MILE OR LESS
LOWEST: 32 ON 27,22 3 = THUNDER
SNOW, ICE PELLETS, HAIL 4 = ICE PELLETS
TOTAL MONTH: M 5 = HAIL
GRTST 24HR M ON M 6 = FREEZING RAIN OR DRIZZLE
GRTST DEPTH: M ON M 7 = DUSTSTORM OR SANDSTORM:
VSBY 1/2 MILE OR LESS
8 = SMOKE OR HAZE
[NO. OF DAYS WITH] [WEATHER - DAYS WITH] 9 = BLOWING SNOW
X = TORNADO
MAX 32 OR BELOW: 0 0.01 INCH OR MORE: 7
MAX 90 OR ABOVE: 0 0.10 INCH OR MORE: 4
MIN 32 OR BELOW: 3 0.50 INCH OR MORE: 1
MIN 0 OR BELOW: 0 1.00 INCH OR MORE: 1
[HDD (BASE 65) ]
TOTAL THIS MO. 247 CLEAR (SCALE 0-3) 6
DPTR FM NORMAL -51 PTCLDY (SCALE 4-7) 16
TOTAL FM JUL 1 335 CLOUDY (SCALE 8-10) 8
DPTR FM NORMAL -51
[CDD (BASE 65) ]
TOTAL THIS MO. 29
DPTR FM NORMAL 5 [PRESSURE DATA]
TOTAL FM JAN 1 3177 HIGHEST SLP M ON M
DPTR FM NORMAL 861 LOWEST SLP M ON M
[REMARKS]
#FINAL-11-23#