000
CXUS56 KSGX 011045
CF6PSP
PRELIMINARY LOCAL CLIMATOLOGICAL DATA (WS FORM: F-6)
STATION: PALM SPRINGS INTL AIRPORT CA
MONTH: JUNE
YEAR: 2021
LATITUDE: 33 49 N
LONGITUDE: 116 30 W
TEMPERATURE IN F: :PCPN: SNOW: WIND :SUNSHINE: SKY :PK WND
================================================================================
1 2 3 4 5 6A 6B 7 8 9 10 11 12 13 14 15 16 17 18
12Z AVG MX 2MIN
DY MAX MIN AVG DEP HDD CDD WTR SNW DPTH SPD SPD DIR MIN PSBL S-S WX SPD DR
================================================================================
1 102 77 90 6 0 25 0.00 M M 5.4 13 120 M M 0 17 80
2 106 77 92 7 0 27 0.00 M M 4.5 16 110 M M 0 22 110
3 106 78 92 7 0 27 0.00 M M 7.0 17 330 M M 0 20 330
4 109 76 93 8 0 28 0.00 M M 8.1 23 320 M M 0 29 320
5 108 75 92 7 0 27 0.00 M M 10.4 29 320 M M 0 37 320
6 101 75 88 2 0 23 0.00 M M 9.6 25 330 M M 0 29 320
7 93 70 82 -4 0 17 0.00 M M 12.8 29 320 M M 0 36 310
8 97 64 81 -5 0 16 0.00 M M 9.2 22 320 M M 0 29 320
9 101 70 86 0 0 21 0.00 M M 8.8 28 320 M M 0 34 320
10 97 64 81 -6 0 16 0.00 M M 9.6 24 320 M M 0 30 320
11 105 69 87 0 0 22 0.00 M M 7.4 20 320 M M 0 25 320
12 110 73 92 5 0 27 0.00 M M 5.4 22 330 M M 0 26 320
13 112 76 94 6 0 29 T M M 6.3 22 300 M M 0 32 300
14 112 75 94 6 0 29 0.00 M M 5.1 13 330 M M 0 M M
15 120 81 101 13 0 36 0.00 M M 4.0 16 320 M M 0 19 330
16 109 88 99 11 0 34 0.00 M M 5.2 17 130 M M 0 22 130
17 123 82 103 14 0 38 0.00 M M 6.4 23 320 M M 0 30 320
18 119 90 105 16 0 40 0.00 M M 10.5 29 320 M M 0 37 330
19 119 87 103 14 0 38 0.00 M M 9.0 26 320 M M 0 36 320
20 118 84 101 12 0 36 0.00 M M 12.8 36 320 M M 0 45 330
21 112 81 97 7 0 32 0.00 M M 7.6 29 340 M M 0 35 340
22 103 83 93 3 0 28 0.00 M M 3.1 18 320 M M 0 22 320
23 100 84 92 2 0 27 0.03 M M 8.4 22 330 M M 1 38 27 330
24 107 78 93 3 0 28 0.00 M M 8.1 26 320 M M 0 32 320
25 108 73 91 0 0 26 0.00 M M 8.8 26 320 M M 0 34 320
26 116 77 97 6 0 32 0.00 M M 5.7 21 320 M M 0 26 320
27 121 87 104 13 0 39 0.00 M M 8.0 21 320 M M 0 26 300
28 117 87 102 11 0 37 0.00 M M 8.5 17 110 M M 0 22 110
29 103 85 94 2 0 29 0.00 M M 3.8 17 320 M M 0 20 330
30 105 84 95 3 0 30 0.00 M M 7.4 15 340 M M 0 22 110
================================================================================
SM 3259 2350 0 864 0.03 M 226.9 M 1
================================================================================
AV108.6 78.3 7.6 FASTST M M 0 MAX(MPH)
MISC ----> 36 320 45 330
================================================================================
NOTES:
# LAST OF SEVERAL OCCURRENCES
COLUMN 17 PEAK WIND IN M.P.H.
PRELIMINARY LOCAL CLIMATOLOGICAL DATA (WS FORM: F-6) , PAGE 2
STATION: PALM SPRINGS INTL AIRPORT CA
MONTH: JUNE
YEAR: 2021
LATITUDE: 33 49 N
LONGITUDE: 116 30 W
[TEMPERATURE DATA] [PRECIPITATION DATA] SYMBOLS USED IN COLUMN 16
AVERAGE MONTHLY: 93.5 TOTAL FOR MONTH: 0.03 1 = FOG OR MIST
DPTR FM NORMAL: 5.3 DPTR FM NORMAL: 0.03 2 = FOG REDUCING VISIBILITY
HIGHEST: 123 ON 17 GRTST 24HR 0.03 ON 23-23 TO 1/4 MILE OR LESS
LOWEST: 64 ON 10, 8 3 = THUNDER
SNOW, ICE PELLETS, HAIL 4 = ICE PELLETS
TOTAL MONTH: M 5 = HAIL
GRTST 24HR M ON M 6 = FREEZING RAIN OR DRIZZLE
GRTST DEPTH: M ON M 7 = DUSTSTORM OR SANDSTORM:
VSBY 1/2 MILE OR LESS
8 = SMOKE OR HAZE
[NO. OF DAYS WITH] [WEATHER - DAYS WITH] 9 = BLOWING SNOW
X = TORNADO
MAX 32 OR BELOW: 0 0.01 INCH OR MORE: 1
MAX 90 OR ABOVE: 30 0.10 INCH OR MORE: 0
MIN 32 OR BELOW: 0 0.50 INCH OR MORE: 0
MIN 0 OR BELOW: 0 1.00 INCH OR MORE: 0
[HDD (BASE 65) ]
TOTAL THIS MO. 0 CLEAR (SCALE 0-3) 30
DPTR FM NORMAL 0 PTCLDY (SCALE 4-7) 0
TOTAL FM JUL 1 561 CLOUDY (SCALE 8-10) 0
DPTR FM NORMAL -140
[CDD (BASE 65) ]
TOTAL THIS MO. 864
DPTR FM NORMAL 170 [PRESSURE DATA]
TOTAL FM JAN 1 1868 HIGHEST SLP 29.98 ON 10
DPTR FM NORMAL 264 LOWEST SLP 29.47 ON 27
[REMARKS]
#FINAL-06-21#