000
CXUS54 KHGX 011410
CF6PSX
PRELIMINARY LOCAL CLIMATOLOGICAL DATA (WS FORM: F-6)
STATION: PALACIOS
MONTH: JUNE
YEAR: 2023
LATITUDE: 28 43 N
LONGITUDE: 96 15 W
TEMPERATURE IN F: :PCPN: SNOW: WIND :SUNSHINE: SKY :PK WND
================================================================================
1 2 3 4 5 6A 6B 7 8 9 10 11 12 13 14 15 16 17 18
12Z AVG MX 2MIN
DY MAX MIN AVG DEP HDD CDD WTR SNW DPTH SPD SPD DIR MIN PSBL S-S WX SPD DR
================================================================================
1 87 73 80 -2 0 15 0.00 0.0 0 10.1 17 120 M M 1 24 130
2 87 71 79 -3 0 14 0.00 0.0 0 7.5 16 160 M M 0 1 22 140
3 88 73 81 -1 0 16 0.00 0.0 0 8.1 14 180 M M 1 21 200
4 87 69 78 -4 0 13 0.03 0.0 0 6.3 25 10 M M 1 1 34 20
5 83 69 76 -6 0 11 T 0.0 0 5.1 18 180 M M 2 3 27 180
6 88 67 78 -5 0 13 0.00 0.0 0 5.3 13 130 M M 1 16 130
7 87 69 78 -5 0 13 0.00 0.0 0 6.4 14 190 M M 1 21 180
8 89 72 81 -2 0 16 0.00 0.0 0 6.0 12 180 M M 0 19 200
9 91 75 83 0 0 18 0.00 0.0 0 9.0 17 170 M M 1 24 170
10 90 78 84 1 0 19 0.00 0.0 0 11.9 25 80 M M 1 33 100
11 90 75 83 0 0 18 0.00 0.0 0 14.0 22 200 M M 1 35 200
12 90 82 86 2 0 21 0.00 0.0 0 12.3 18 150 M M 4 26 150
13 90 82 86 2 0 21 0.00 0.0 0 14.2 23 150 M M 5 32 160
14 91 83 87 3 0 22 0.00 0.0 0 15.0 24 160 M M 7 8 32 150
15 92 84 88 4 0 23 0.00 0.0 0 13.0 21 170 M M 7 18 28 160
16 91 83 87 3 0 22 0.00 0.0 0 12.2 21 180 M M 8 28 180
17 91 83 87 3 0 22 0.00 0.0 0 12.5 21 200 M M 5 18 31 190
18 91 84 88 4 0 23 0.00 0.0 0 14.6 22 190 M M 8 34 180
19 92 83 88 4 0 23 0.00 0.0 0 14.2 23 170 M M 6 8 31 180
20 92 85 89 5 0 24 0.00 0.0 0 15.2 21 170 M M 7 8 30 180
21 93 78 86 2 0 21 0.01 0.0 0 11.0 20 350 M M 6 3 27 180
22 93 77 85 1 0 20 0.03 0.0 0 11.3 30 150 M M 2 3 43 170
23 94 84 89 5 0 24 0.00 0.0 0 11.2 18 160 M M 4 8 27 170
24 92 82 87 3 0 22 0.00 0.0 0 11.3 18 180 M M 2 26 170
25 92 85 89 4 0 24 0.00 0.0 0 14.2 20 190 M M 4 30 200
26 93 85 89 4 0 24 0.00 0.0 0 14.7 21 170 M M 3 29 190
27 93 84 89 4 0 24 0.00 0.0 0 14.1 20 200 M M 5 31 200
28 93 84 89 4 0 24 0.00 0.0 0 12.7 20 190 M M 3 37 160
29 93 83 88 3 0 23 0.00 0.0 0 9.9 17 170 M M 2 25 190
30 93 83 88 3 0 23 0.00 0.0 0 12.4 17 150 M M 0 24 140
================================================================================
SM 2716 2365 0 596 0.07 0.0 335.7 M 98
================================================================================
AV 90.5 78.8 11.2 FASTST M M 3 MAX(MPH)
MISC ----> 30 150 43 170
================================================================================
NOTES:
# LAST OF SEVERAL OCCURRENCES
COLUMN 17 PEAK WIND IN M.P.H.
PRELIMINARY LOCAL CLIMATOLOGICAL DATA (WS FORM: F-6) , PAGE 2
STATION: PALACIOS
MONTH: JUNE
YEAR: 2023
LATITUDE: 28 43 N
LONGITUDE: 96 15 W
[TEMPERATURE DATA] [PRECIPITATION DATA] SYMBOLS USED IN COLUMN 16
AVERAGE MONTHLY: 84.7 TOTAL FOR MONTH: 0.07 1 = FOG OR MIST
DPTR FM NORMAL: 1.1 DPTR FM NORMAL: -4.48 2 = FOG REDUCING VISIBILITY
HIGHEST: 94 ON 23 GRTST 24HR 0.04 ON 21-22 TO 1/4 MILE OR LESS
LOWEST: 67 ON 6 3 = THUNDER
SNOW, ICE PELLETS, HAIL 4 = ICE PELLETS
TOTAL MONTH: 0.0 INCH 5 = HAIL
GRTST 24HR 0.0 6 = FREEZING RAIN OR DRIZZLE
GRTST DEPTH: 0 7 = DUSTSTORM OR SANDSTORM:
VSBY 1/2 MILE OR LESS
8 = SMOKE OR HAZE
[NO. OF DAYS WITH] [WEATHER - DAYS WITH] 9 = BLOWING SNOW
X = TORNADO
MAX 32 OR BELOW: 0 0.01 INCH OR MORE: 3
MAX 90 OR ABOVE: 22 0.10 INCH OR MORE: 0
MIN 32 OR BELOW: 0 0.50 INCH OR MORE: 0
MIN 0 OR BELOW: 0 1.00 INCH OR MORE: 0
[HDD (BASE 65) ]
TOTAL THIS MO. 0 CLEAR (SCALE 0-3) 16
DPTR FM NORMAL 0 PTCLDY (SCALE 4-7) 14
TOTAL FM JUL 1 923 CLOUDY (SCALE 8-10) 0
DPTR FM NORMAL -79
[CDD (BASE 65) ]
TOTAL THIS MO. 596
DPTR FM NORMAL 37 [PRESSURE DATA]
TOTAL FM JAN 1 1498 HIGHEST SLP 30.00 ON 30
DPTR FM NORMAL 175 LOWEST SLP 29.63 ON 22
[REMARKS]
#FINAL-06-23#