000
CXUS55 KPUB 011517
CF6PUB
PRELIMINARY LOCAL CLIMATOLOGICAL DATA (WS FORM: F-6)
STATION: PUEBLO CO
MONTH: FEBRUARY
YEAR: 2023
LATITUDE: 38 16 N
LONGITUDE: 104 31 W
TEMPERATURE IN F: :PCPN: SNOW: WIND :SUNSHINE: SKY :PK WND
================================================================================
1 2 3 4 5 6A 6B 7 8 9 10 11 12 13 14 15 16 17 18
12Z AVG MX 2MIN
DY MAX MIN AVG DEP HDD CDD WTR SNW DPTH SPD SPD DIR MIN PSBL S-S WX SPD DR
================================================================================
1 49 -2 24 -9 41 0 0.00 0.0 T 5.2 15 130 M M 0 19 140
2 50 7 29 -4 36 0 0.00 0.0 0 7.0 18 150 M M 0 25 150
3 64 6 35 2 30 0 0.00 0.0 0 6.5 17 120 M M 0 24 260
4 68 14 41 8 24 0 0.00 0.0 0 6.7 29 110 M M 0 34 110
5 58 14 36 3 29 0 0.00 0.0 0 6.5 20 110 M M 0 25 120
6 55 22 39 6 26 0 0.00 0.0 0 12.2 29 210 M M 2 42 210
7 50 16 33 0 32 0 0.00 0.0 0 6.3 14 130 M M 0 18 110
8 53 8 31 -3 34 0 T T 0 5.3 32 30 M M 1 1 45 20
9 38 16 27 -7 38 0 0.08 0.8 1 14.9 31 20 M M 7 1 40 30
10 45 5 25 -9 40 0 0.00 0.0 T 5.9 10 150 M M 0 15 140
11 58 10 34 0 31 0 0.00 0.0 0 5.3 13 360 M M 0 14 130
12 64 23 44 10 21 0 0.00 0.0 0 8.0 26 100 M M 0 33 110
13 63 13 38 4 27 0 0.00 0.0 0 5.7 20 160 M M 2 28 170
14 60 28 44 9 21 0 0.03 0.5 0 14.6 35 270 M M 5 1 45 270
15 28 14 21 -14 44 0 0.29 6.0 4 13.8 28 10 M M 10 129 35 10
16 26 0 13 -22 52 0 T T 6 3.6 10 150 M M 4 18 13 130
17 41 -3 19 -16 46 0 0.00 0.0 4 4.3 8 110 M M 0 10 260
18 54 18 36 0 29 0 0.00 0.0 2 7.3 28 290 M M 0 40 290
19 59 26 43 7 22 0 0.00 0.0 1 12.0 31 260 M M 0 41 270
20 68 29 49 13 16 0 0.00 0.0 0 15.4 41 290 M M 0 55 290
21 70 24 47 11 18 0 0.00 0.0 0 6.0 23 210 M M 0 30 220
22 42 8 25 -12 40 0 0.06 1.0 0 12.3 21 100 M M 9 26 130
23 22 4 13 -24 52 0 T T 1 7.3 16 110 M M 10 8 22 140
24 44 11 28 -9 37 0 T T 0 5.2 14 100 M M 3 16 100
25 66 16 41 3 24 0 0.00 0.0 0 4.1 14 140 M M 0 17 140
26 68 20 44 6 21 0 0.00 0.0 0 13.5 33 280 M M 1 46 220
27 61 28 45 7 20 0 0.00 0.0 0 18.2 47 280 M M 0 60 270
28 59 31 45 6 20 0 0.00 0.0 0 12.6 23 290 M M 0 32 300
================================================================================
SM 1483 406 871 0 0.46 8.3 245.7 M 54
================================================================================
AV 53.0 14.5 8.8 FASTST M M 2 MAX(MPH)
MISC ----> 47 280 60 270
================================================================================
NOTES:
COLUMN 17 PEAK WIND IN M.P.H.
PRELIMINARY LOCAL CLIMATOLOGICAL DATA (WS FORM: F-6) , PAGE 2
STATION: PUEBLO CO
MONTH: FEBRUARY
YEAR: 2023
LATITUDE: 38 16 N
LONGITUDE: 104 31 W
[TEMPERATURE DATA] [PRECIPITATION DATA] SYMBOLS USED IN COLUMN 16
AVERAGE MONTHLY: 33.7 TOTAL FOR MONTH: 0.46 1 = FOG OR MIST
DPTR FM NORMAL: -1.4 DPTR FM NORMAL: 0.14 2 = FOG REDUCING VISIBILITY
HIGHEST: 70 ON 21 GRTST 24HR 0.31 ON 14-15 TO 1/4 MILE OR LESS
LOWEST: -3 ON 17 3 = THUNDER
SNOW, ICE PELLETS, HAIL 4 = ICE PELLETS
TOTAL MONTH: 8.3 INCHES 5 = HAIL
GRTST 24HR 6.5 ON 14-15 6 = FREEZING RAIN OR DRIZZLE
GRTST DEPTH: 6 ON 15-16 7 = DUSTSTORM OR SANDSTORM:
VSBY 1/2 MILE OR LESS
8 = SMOKE OR HAZE
[NO. OF DAYS WITH] [WEATHER - DAYS WITH] 9 = BLOWING SNOW
X = TORNADO
MAX 32 OR BELOW: 3 0.01 INCH OR MORE: 4
MAX 90 OR ABOVE: 0 0.10 INCH OR MORE: 1
MIN 32 OR BELOW: 28 0.50 INCH OR MORE: 0
MIN 0 OR BELOW: 3 1.00 INCH OR MORE: 0
[HDD (BASE 65) ]
TOTAL THIS MO. 871 CLEAR (SCALE 0-3) 22
DPTR FM NORMAL 33 PTCLDY (SCALE 4-7) 3
TOTAL FM JUL 1 4219 CLOUDY (SCALE 8-10) 3
DPTR FM NORMAL 128
[CDD (BASE 65) ]
TOTAL THIS MO. 0
DPTR FM NORMAL 0 [PRESSURE DATA]
TOTAL FM JAN 1 0 HIGHEST SLP 30.61 ON 10
DPTR FM NORMAL 0 LOWEST SLP 29.06 ON 14
[REMARKS]
#FINAL-02-23#