000
CXUS54 KOUN 010810
CF6PWA
PRELIMINARY LOCAL CLIMATOLOGICAL DATA (WS FORM: F-6)
STATION: BETHANY/WILEY POST
MONTH: JUNE
YEAR: 2021
LATITUDE: 35 31 N
LONGITUDE: 97 38 W
TEMPERATURE IN F: :PCPN: SNOW: WIND :SUNSHINE: SKY :PK WND
================================================================================
1 2 3 4 5 6A 6B 7 8 9 10 11 12 13 14 15 16 17 18
12Z AVG MX 2MIN
DY MAX MIN AVG DEP HDD CDD WTR SNW DPTH SPD SPD DIR MIN PSBL S-S WX SPD DR
================================================================================
1 71 58 65 -10 0 0 0.05 0.0 M 8.8 15 10 M M 9 1 20 10
2 77 53 65 -10 0 0 T 0.0 M 3.6 10 150 M M 2 12 12 150
3 84 57 71 -5 0 6 0.00 M M 7.1 14 170 M M 2 18 170
4 85 63 74 -2 0 9 0.00 M M 9.4 15 160 M M 2 22 160
5 82 63 73 -3 0 8 0.08 M M 6.9 16 180 M M 3 13 20 180
6 84 66 75 -1 0 10 0.00 M M 11.9 20 110 M M 3 3 25 170
7 85 68 77 0 0 12 T M M 9.5 22 90 M M 3 18 28 80
8 85 69 77 0 0 12 0.00 M M 7.9 13 80 M M 4 18 17 80
9 93 73 83 6 0 18 0.00 M M 12.1 18 170 M M 3 18 25 160
10 93 73 83 6 0 18 0.00 0.0 M 11.4 20 160 M M 2 18 25 160
11 93 75 84 6 0 19 0.00 M M 14.2 24 10 M M 2 32 10
12 94 69 82 4 0 17 0.50 M M 8.5 32 40 M M 1 3 40 40
13 94 77 86 8 0 21 T 0.0 0 6.4 24 80 M M 2 13 29 80
14 95 73 84 6 0 19 0.00 M M 5.9 12 60 M M 0 16 80
15 97 68 83 5 0 18 0.00 M M 4.6 12 130 M M 0 16 100
16 95 67 81 2 0 16 0.00 M M 8.3 13 190 M M 0 18 210
17 96 73 85 6 0 20 0.00 M M 11.0 16 180 M M 0 21 190
18 95 70 83 4 0 18 0.00 M M 14.2 22 170 M M 0 29 160
19 94 73 84 5 0 19 0.00 M M 13.5 21 170 M M 0 28 140
20 96 75 86 6 0 21 0.00 M M 17.6 25 200 M M 0 33 220
21 82 61 72 -8 0 7 0.14 M M 11.2 29 10 M M 4 3 36 10
22 85 57 71 -9 0 6 0.00 M M 12.2 24 160 M M 0 30 160
23 94 70 82 2 0 17 M M M 20.4 26 170 M M 2 34 180
24 97 78 88 8 0 23 0.00 M M 21.1 29 180 M M 0 38 190
25 96 80 88 7 0 23 0.00 M M 17.4 26 170 M M 1 36 150
26 85 68 77 -4 0 12 2.10 M M 11.1 37 280 M M 8 13 51 260
27 80 67 74 -7 0 9 3.73 M M 8.3 22 350 M M 7 13 30 340
28 84 70 77 -4 0 12 0.49 M M 6.8 17 80 M M 5 13 21 130
29 83 72 78 -4 0 13 0.89 M M 9.2 25 160 M M 8 1 30 180
30 89 72 81 -1 0 16 0.62 M M 8.7 17 250 M M 2 38 24 250
================================================================================
SM 2663 2058 0 419 8.60 0.0 319.2 M 75
================================================================================
AV 88.8 68.6 10.6 FASTST M M 3 MAX(MPH)
MISC ----> 37 280 51 260
================================================================================
NOTES:
# LAST OF SEVERAL OCCURRENCES
COLUMN 17 PEAK WIND IN M.P.H.
PRELIMINARY LOCAL CLIMATOLOGICAL DATA (WS FORM: F-6) , PAGE 2
STATION: BETHANY/WILEY POST
MONTH: JUNE
YEAR: 2021
LATITUDE: 35 31 N
LONGITUDE: 97 38 W
[TEMPERATURE DATA] [PRECIPITATION DATA] SYMBOLS USED IN COLUMN 16
AVERAGE MONTHLY: 78.7 TOTAL FOR MONTH: 8.60 1 = FOG OR MIST
DPTR FM NORMAL: 0.2 DPTR FM NORMAL: 3.77 2 = FOG REDUCING VISIBILITY
HIGHEST: 97 ON 24,15 GRTST 24HR 4.86 ON 26-27 TO 1/4 MILE OR LESS
LOWEST: 53 ON 2 3 = THUNDER
SNOW, ICE PELLETS, HAIL 4 = ICE PELLETS
TOTAL MONTH: 0.0 INCH 5 = HAIL
GRTST 24HR 0.0 6 = FREEZING RAIN OR DRIZZLE
GRTST DEPTH: 0 7 = DUSTSTORM OR SANDSTORM:
VSBY 1/2 MILE OR LESS
8 = SMOKE OR HAZE
[NO. OF DAYS WITH] [WEATHER - DAYS WITH] 9 = BLOWING SNOW
X = TORNADO
MAX 32 OR BELOW: 0 0.01 INCH OR MORE: 9
MAX 90 OR ABOVE: 15 0.10 INCH OR MORE: 7
MIN 32 OR BELOW: 0 0.50 INCH OR MORE: 5
MIN 0 OR BELOW: 0 1.00 INCH OR MORE: 2
[HDD (BASE 65) ]
TOTAL THIS MO. 0 CLEAR (SCALE 0-3) 21
DPTR FM NORMAL -1 PTCLDY (SCALE 4-7) 8
TOTAL FM JUL 1 3429 CLOUDY (SCALE 8-10) 1
DPTR FM NORMAL -1
[CDD (BASE 65) ]
TOTAL THIS MO. 419
DPTR FM NORMAL 12 [PRESSURE DATA]
TOTAL FM JAN 1 586 HIGHEST SLP M ON M
DPTR FM NORMAL -76 LOWEST SLP 29.61 ON 20
[REMARKS]
#FINAL-06-21#