000
CXUS51 KGYX 011435
CF6PWM
PRELIMINARY LOCAL CLIMATOLOGICAL DATA (WS FORM: F-6)
STATION: PORTLAND ME
MONTH: APRIL
YEAR: 2023
LATITUDE: 43 39 N
LONGITUDE: 70 19 W
TEMPERATURE IN F: :PCPN: SNOW: WIND :SUNSHINE: SKY :PK WND
================================================================================
1 2 3 4 5 6A 6B 7 8 9 10 11 12 13 14 15 16 17 18
12Z AVG MX 2MIN
DY MAX MIN AVG DEP HDD CDD WTR SNW DPTH SPD SPD DIR MIN PSBL S-S WX SPD DR
================================================================================
1 44 34 39 0 26 0 0.51 0.0 0 6.2 16 330 M M 10 1 20 320
2 43 26 35 -5 30 0 0.00 0.0 0 13.5 28 340 M M 3 1 39 330
3 45 21 33 -7 32 0 0.00 0.0 0 9.0 24 160 M M 4 35 170
4 51 41 46 6 19 0 0.07 0.0 0 3.2 12 200 M M 10 1 14 190
5 47 34 41 0 24 0 0.02 0.0 0 10.3 17 90 M M 10 1 23 30
6 53 33 43 2 22 0 0.09 0.0 0 5.4 15 270 M M 9 1 21 270
7 54 31 43 2 22 0 0.00 0.0 0 14.9 31 270 M M 5 41 280
8 47 27 37 -5 28 0 0.00 0.0 0 7.3 17 330 M M 1 25 330
9 52 24 38 -4 27 0 0.00 0.0 0 6.7 18 190 M M 0 25 190
10 56 25 41 -1 24 0 0.00 0.0 0 5.1 15 180 M M 0 19 170
11 69 37 53 10 12 0 0.00 0.0 0 7.8 22 310 M M 6 29 250
12 66 47 57 14 8 0 0.00 0.0 0 13.1 30 300 M M 5 41 300
13 64 46 55 11 10 0 0.00 0.0 0 4.7 14 190 M M 1 19 180
14 79 47 63 19 2 0 0.00 0.0 0 6.2 17 100 M M 2 8 21 100
15 56 45 51 7 14 0 0.00 0.0 0 8.5 21 90 M M 5 1 25 90
16 61 46 54 9 11 0 0.02 0.0 0 8.2 17 90 M M 10 1 22 90
17 47 43 45 0 20 0 0.18 0.0 0 9.3 17 80 M M 10 1 22 90
18 54 43 49 3 16 0 0.10 0.0 0 7.8 25 270 M M 9 18 31 270
19 51 42 47 1 18 0 0.00 0.0 0 8.9 21 290 M M 9 24 270
20 55 38 47 1 18 0 0.00 0.0 0 9.8 18 330 M M 4 26 300
21 49 36 43 -4 22 0 0.00 0.0 0 5.3 13 160 M M 4 18 160
22 50 34 42 -5 23 0 0.00 0.0 0 8.2 14 90 M M 7 18 100
23 47 43 45 -2 20 0 1.18 0.0 0 13.5 21 90 M M 10 1 26 80
24 44 43 44 -4 21 0 0.64 0.0 0 13.3 20 80 M M 10 1 26 70
25 44 42 43 -5 22 0 0.12 0.0 0 9.0 15 90 M M 10 1 19 90
26 48 38 43 -5 22 0 0.00 0.0 0 3.1 9 120 M M 8 1 12 130
27 52 33 43 -6 22 0 0.03 0.0 0 3.6 16 150 M M 6 1 22 150
28 61 36 49 0 16 0 0.00 0.0 0 4.3 13 190 M M 3 18 16 190
29 55 37 46 -4 19 0 0.03 0.0 0 7.7 14 90 M M 6 19 100
30 49 44 47 -3 18 0 2.50 0.0 0 17.3 31 100 M M 10 1 44 100
================================================================================
SM 1593 1116 588 0 5.49 0.0 251.2 M 187
================================================================================
AV 53.1 37.2 8.4 FASTST M M 6 MAX(MPH)
MISC ----> # 31 270 44 100
================================================================================
NOTES:
# LAST OF SEVERAL OCCURRENCES
COLUMN 17 PEAK WIND IN M.P.H.
PRELIMINARY LOCAL CLIMATOLOGICAL DATA (WS FORM: F-6) , PAGE 2
STATION: PORTLAND ME
MONTH: APRIL
YEAR: 2023
LATITUDE: 43 39 N
LONGITUDE: 70 19 W
[TEMPERATURE DATA] [PRECIPITATION DATA] SYMBOLS USED IN COLUMN 16
AVERAGE MONTHLY: 45.2 TOTAL FOR MONTH: 5.49 1 = FOG OR MIST
DPTR FM NORMAL: 0.6 DPTR FM NORMAL: 1.08 2 = FOG REDUCING VISIBILITY
HIGHEST: 79 ON 14 GRTST 24HR 2.50 ON 30-30 TO 1/4 MILE OR LESS
LOWEST: 21 ON 3 3 = THUNDER
SNOW, ICE PELLETS, HAIL 4 = ICE PELLETS
TOTAL MONTH: T 5 = HAIL
GRTST 24HR 0.0 6 = FREEZING RAIN OR DRIZZLE
GRTST DEPTH: 0 7 = DUSTSTORM OR SANDSTORM:
VSBY 1/2 MILE OR LESS
8 = SMOKE OR HAZE
[NO. OF DAYS WITH] [WEATHER - DAYS WITH] 9 = BLOWING SNOW
X = TORNADO
MAX 32 OR BELOW: 0 0.01 INCH OR MORE: 13
MAX 90 OR ABOVE: 0 0.10 INCH OR MORE: 7
MIN 32 OR BELOW: 6 0.50 INCH OR MORE: 4
MIN 0 OR BELOW: 0 1.00 INCH OR MORE: 2
[HDD (BASE 65) ]
TOTAL THIS MO. 588 CLEAR (SCALE 0-3) 6
DPTR FM NORMAL -25 PTCLDY (SCALE 4-7) 11
TOTAL FM JUL 1 5823 CLOUDY (SCALE 8-10) 13
DPTR FM NORMAL -557
[CDD (BASE 65) ]
TOTAL THIS MO. 0
DPTR FM NORMAL -1 [PRESSURE DATA]
TOTAL FM JAN 1 0 HIGHEST SLP 30.54 ON 9
DPTR FM NORMAL -1 LOWEST SLP 29.24 ON 1
[REMARKS]
#FINAL-04-23#