000
CXUS53 KMKX 010910
CF6RAC
PRELIMINARY LOCAL CLIMATOLOGICAL DATA (WS FORM: F-6)
STATION: RACINE WI
MONTH: JANUARY
YEAR: 2023
LATITUDE: 42 45 N
LONGITUDE: 87 49 W
TEMPERATURE IN F: :PCPN: SNOW: WIND :SUNSHINE: SKY :PK WND
================================================================================
1 2 3 4 5 6A 6B 7 8 9 10 11 12 13 14 15 16 17 18
12Z AVG MX 2MIN
DY MAX MIN AVG DEP HDD CDD WTR SNW DPTH SPD SPD DIR MIN PSBL S-S WX SPD DR
================================================================================
1 43 35 39 14 26 0 0.18 M M 5.9 13 260 M M 7 18 20 180
2 40 29 35 10 30 0 0.00 M M 5.7 13 60 M M 6 18 16 60
3 41 38 40 16 25 0 0.12 M M 10.2 18 40 M M 10 123 24 50
4 41 34 38 14 27 0 0.00 M M 7.3 16 230 M M 9 128 24 230
5 35 32 34 10 31 0 T M M 6.1 13 230 M M 10 18 18 230
6 34 28 31 7 34 0 T M M 6.6 10 310 M M 10 18 16 270
7 31 23 27 3 38 0 0.00 M M 5.4 12 310 M M 8 18 16 330
8 32 25 29 5 36 0 0.00 M M 7.7 14 270 M M 10 8 20 260
9 46 24 35 11 30 0 0.00 M M 7.0 14 260 M M 1 18 22 260
10 44 33 39 15 26 0 0.00 M M 5.6 12 130 M M 2 18 16 140
11 46 35 41 18 24 0 0.03 M M 5.7 14 350 M M 8 128 19 360
12 38 34 36 13 29 0 T M M 13.6 23 10 M M 10 1 32 360
13 34 26 30 7 35 0 T M M 13.1 26 360 M M 10 37 10
14 32 24 28 5 37 0 0.00 M M 6.2 13 210 M M 5 18 210
15 40 27 34 11 31 0 0.00 M M 15.0 26 170 M M 0 33 180
16 47 38 43 20 22 0 0.10 M M 14.3 23 170 M M 9 12 30 160
17 47 38 43 20 22 0 0.00 M M 11.8 21 270 M M 10 1 32 270
18 41 35 38 15 27 0 0.04 M M 10.2 25 90 M M 9 37 80
19 42 35 39 16 26 0 0.27 M M 8.3 24 110 M M 10 1 35 90
20 35 28 32 9 33 0 0.00 M M 9.0 16 310 M M 10 24 290
21 31 28 30 7 35 0 0.00 M M 6.0 14 210 M M 10 18 19 260
22 30 21 26 3 39 0 0.01 M M 6.4 14 10 M M 10 18 17 10
23 31 19 25 2 40 0 0.00 M M 11.7 23 240 M M 7 1 34 260
24 36 27 32 9 33 0 0.00 M M 7.1 18 270 M M 7 25 270
25 35 31 33 10 32 0 0.13 M M 9.2 18 360 M M 10 18 27 340
26 33 17 25 2 40 0 0.01 M M 7.3 14 250 M M 10 18 23 250
27 36 10 23 0 42 0 T M M 13.0 25 200 M M 5 128 38 270
28 29 15 22 -1 43 0 0.18 M M 8.7 18 20 M M 7 12 27 20
29 29 16 23 0 42 0 0.01 M M 11.3 21 360 M M 10 1 31 330
30 16 2 9 -14 56 0 0.00 M M 9.1 17 290 M M 6 8 26 300
31 10 -4 3 -20 62 0 0.00 0.0 M 8.0 16 270 M M 0 21 250
================================================================================
SM 1105 803 1053 0 1.08 0.0 272.5 M 236
================================================================================
AV 35.6 25.9 8.8 FASTST M M 8 MAX(MPH)
MISC ----> # 26 360 38 270
================================================================================
NOTES:
# LAST OF SEVERAL OCCURRENCES
COLUMN 17 PEAK WIND IN M.P.H.
PRELIMINARY LOCAL CLIMATOLOGICAL DATA (WS FORM: F-6) , PAGE 2
STATION: RACINE WI
MONTH: JANUARY
YEAR: 2023
LATITUDE: 42 45 N
LONGITUDE: 87 49 W
[TEMPERATURE DATA] [PRECIPITATION DATA] SYMBOLS USED IN COLUMN 16
AVERAGE MONTHLY: 30.8 TOTAL FOR MONTH: 1.08 1 = FOG OR MIST
DPTR FM NORMAL: 7.5 DPTR FM NORMAL: -0.17 2 = FOG REDUCING VISIBILITY
HIGHEST: 47 ON 17,16 GRTST 24HR 0.27 ON 16-16 TO 1/4 MILE OR LESS
LOWEST: -4 ON 31 3 = THUNDER
SNOW, ICE PELLETS, HAIL 4 = ICE PELLETS
TOTAL MONTH: 0.0 INCH 5 = HAIL
GRTST 24HR 0.0 6 = FREEZING RAIN OR DRIZZLE
GRTST DEPTH: M ON M 7 = DUSTSTORM OR SANDSTORM:
VSBY 1/2 MILE OR LESS
8 = SMOKE OR HAZE
[NO. OF DAYS WITH] [WEATHER - DAYS WITH] 9 = BLOWING SNOW
X = TORNADO
MAX 32 OR BELOW: 10 0.01 INCH OR MORE: 11
MAX 90 OR ABOVE: 0 0.10 INCH OR MORE: 6
MIN 32 OR BELOW: 21 0.50 INCH OR MORE: 0
MIN 0 OR BELOW: 1 1.00 INCH OR MORE: 0
[HDD (BASE 65) ]
TOTAL THIS MO. 1053 CLEAR (SCALE 0-3) 4
DPTR FM NORMAL -241 PTCLDY (SCALE 4-7) 10
TOTAL FM JUL 1 3379 CLOUDY (SCALE 8-10) 17
DPTR FM NORMAL -323
[CDD (BASE 65) ]
TOTAL THIS MO. 0
DPTR FM NORMAL 0 [PRESSURE DATA]
TOTAL FM JAN 1 0 HIGHEST SLP 30.50 ON 31
DPTR FM NORMAL 0 LOWEST SLP 29.42 ON 17
[REMARKS]
#FINAL-01-23#