000
CXUS56 KMFR 011031
CF6RBG
PRELIMINARY LOCAL CLIMATOLOGICAL DATA (WS FORM: F-6)
STATION: ROSEBURG OR
MONTH: NOVEMBER
YEAR: 2021
LATITUDE: 43 13 N
LONGITUDE: 123 22 W
TEMPERATURE IN F: :PCPN: SNOW: WIND :SUNSHINE: SKY :PK WND
================================================================================
1 2 3 4 5 6A 6B 7 8 9 10 11 12 13 14 15 16 17 18
12Z AVG MX 2MIN
DY MAX MIN AVG DEP HDD CDD WTR SNW DPTH SPD SPD DIR MIN PSBL S-S WX SPD DR
================================================================================
1 58 51 55 4 10 0 0.30 M M 1.4 13 140 M M 9 17 140
2 61 50 56 5 9 0 0.00 M M 1.0 6 350 M M 7 8 360
3 72 51 62 12 3 0 0.45 M M 0.8 9 40 M M 6 1 12 140
4 59 45 52 2 13 0 M M M 3.5 14 230 M M 6 1 22 260
5 55 45 50 0 15 0 0.20 M M 1.9 12 170 M M 9 1 14 180
6 55 39 47 -3 18 0 0.05 M M 5.0 18 230 M M 6 32 220
7 55 34 45 -5 20 0 0.01 M M 2.9 14 160 M M 5 1 21 150
8 56 34 45 -4 20 0 0.10 M M 4.1 25 160 M M 7 12 37 160
9 53 44 49 0 16 0 0.13 M M 1.4 14 170 M M 7 1 20 170
10 55 43 49 0 16 0 0.38 M M 0.8 12 360 M M 9 1 16 180
11 70 51 61 13 4 0 0.00 M M 2.3 12 170 M M 7 17 160
12 66 48 57 9 8 0 0.00 M M 1.8 8 10 M M 6 1 12 170
13 71 52 62 14 3 0 0.00 M M 1.0 7 160 M M 5 12 9 150
14 67 48 58 10 7 0 0.00 M M 0.4 6 330 M M 2 12 9 120
15 66 43 55 7 10 0 0.16 M M 3.5 15 330 M M 7 12 25 280
16 50 34 42 -5 23 0 0.00 M M 1.8 9 360 M M 4 12 14 340
17 41 32 37 -10 28 0 0.00 M M 0.9 6 20 M M 6 12 8 360
18 64 37 51 4 14 0 0.03 M M 2.4 17 180 M M 9 1 30 160
19 58 37 48 2 17 0 0.05 M M 3.4 12 330 M M 8 1 16 350
20 50 38 44 -2 21 0 0.00 M M 2.0 12 360 M M 10 1 14 20
21 56 35 46 0 19 0 0.00 M M 1.3 8 170 M M 3 11 180
22 57 32 45 -1 20 0 0.04 M M 1.1 7 190 M M 6 12 11 190
23 54 37 46 0 19 0 0.14 M M 2.7 10 270 M M 7 1 16 290
24 49 36 43 -2 22 0 0.00 M M 0.8 6 360 M M 7 128 7 360
25 54 33 44 -1 21 0 0.00 M M 0.6 6 160 M M 5 128 8 160
26 53 41 47 2 18 0 0.06 M M 1.0 6 120 M M 9 8 9 40
27 65 49 57 12 8 0 T M M 1.0 6 360 M M 8 12 7 170
28 56 48 52 8 13 0 0.00 M M 1.6 12 20 M M 9 12 14 10
29 60 43 52 8 13 0 0.00 M M 1.6 7 10 M M 6 1 10 10
30 60 43 52 8 13 0 0.00 M M 1.5 7 120 M M 5 12 8 120
================================================================================
SM 1746 1253 441 0 2.10 M 55.5 M 200
================================================================================
AV 58.2 41.8 1.8 FASTST M M 7 MAX(MPH)
MISC ----> 25 160 37 160
================================================================================
NOTES:
# LAST OF SEVERAL OCCURRENCES
COLUMN 17 PEAK WIND IN M.P.H.
PRELIMINARY LOCAL CLIMATOLOGICAL DATA (WS FORM: F-6) , PAGE 2
STATION: ROSEBURG OR
MONTH: NOVEMBER
YEAR: 2021
LATITUDE: 43 13 N
LONGITUDE: 123 22 W
[TEMPERATURE DATA] [PRECIPITATION DATA] SYMBOLS USED IN COLUMN 16
AVERAGE MONTHLY: 50.0 TOTAL FOR MONTH: 2.10 1 = FOG OR MIST
DPTR FM NORMAL: 2.6 DPTR FM NORMAL: -2.62 2 = FOG REDUCING VISIBILITY
HIGHEST: 72 ON 3 GRTST 24HR 0.45 ON 3- 3 TO 1/4 MILE OR LESS
LOWEST: 32 ON 22,17 3 = THUNDER
SNOW, ICE PELLETS, HAIL 4 = ICE PELLETS
TOTAL MONTH: M 5 = HAIL
GRTST 24HR M ON M 6 = FREEZING RAIN OR DRIZZLE
GRTST DEPTH: M ON M 7 = DUSTSTORM OR SANDSTORM:
VSBY 1/2 MILE OR LESS
8 = SMOKE OR HAZE
[NO. OF DAYS WITH] [WEATHER - DAYS WITH] 9 = BLOWING SNOW
X = TORNADO
MAX 32 OR BELOW: 0 0.01 INCH OR MORE: 14
MAX 90 OR ABOVE: 0 0.10 INCH OR MORE: 8
MIN 32 OR BELOW: 2 0.50 INCH OR MORE: 0
MIN 0 OR BELOW: 0 1.00 INCH OR MORE: 0
[HDD (BASE 65) ]
TOTAL THIS MO. 441 CLEAR (SCALE 0-3) 1
DPTR FM NORMAL -87 PTCLDY (SCALE 4-7) 22
TOTAL FM JUL 1 770 CLOUDY (SCALE 8-10) 7
DPTR FM NORMAL -107
[CDD (BASE 65) ]
TOTAL THIS MO. 0
DPTR FM NORMAL 0 [PRESSURE DATA]
TOTAL FM JAN 1 940 HIGHEST SLP 30.50 ON 20
DPTR FM NORMAL 333 LOWEST SLP 29.54 ON 8
[REMARKS]
#FINAL-11-21#