000
CXUS56 KSTO 050422
CF6RBL
PRELIMINARY LOCAL CLIMATOLOGICAL DATA (WS FORM: F-6)
STATION: RED BLUFF
MONTH: JULY
YEAR: 2022
LATITUDE: 40 8 N
LONGITUDE: 122-15 E
TEMPERATURE IN F: :PCPN: SNOW: WIND :SUNSHINE: SKY :PK WND
================================================================================
1 2 3 4 5 6A 6B 7 8 9 10 11 12 13 14 15 16 17 18
12Z AVG MX 2MIN
DY MAX MIN AVG DEP HDD CDD WTR SNW DPTH SPD SPD DIR MIN PSBL S-S WX SPD DR
================================================================================
1 94 64 79 -1 0 14 0.00 M M 7.5 17 150 M M 0 22 140
2 86 61 74 -7 0 9 0.00 M M 11.0 22 160 M M 0 30 150
3 79 57 68 -13 0 3 0.00 0.0 M 9.2 18 150 M M 2 24 160
4 83 61 72 -9 0 7 0.00 0.0 M 8.0 15 170 M M 8 20 180
5 89 70 80 -1 0 15 0.00 0.0 M 11.8 25 180 M M 5 31 160
6 87 64 76 -6 0 11 0.00 0.0 M 8.9 20 150 M M 0 27 190
7 91 63 77 -5 0 12 0.00 0.0 M 5.2 15 160 M M 0 25 150
8 98 64 81 -1 0 16 0.00 M M 5.8 16 140 M M 0 19 140
9 95 67 81 -1 0 16 0.00 M M 6.4 16 140 M M 0 26 150
10 107 66 87 5 0 22 0.00 M M 6.1 15 350 M M 0 19 360
11 108 70 89 7 0 24 0.00 M M 7.8 16 160 M M 0 19 160
12 104 74 89 7 0 24 0.00 M M 7.7 20 180 M M 0 24 190
13 97 70 84 2 0 19 0.00 M M 8.1 17 170 M M 0 23 180
14 100 63 82 0 0 17 0.00 M M 5.8 15 180 M M 0 20 170
15 103 69 86 4 0 21 0.00 M M 5.0 14 190 M M 0 20 190
16 106 68 87 5 0 22 0.00 M M 6.9 15 130 M M 0 24 140
17 105 69 87 5 0 22 0.00 M M 8.6 20 160 M M 0 27 160
18 102 68 85 3 0 20 0.00 M M 7.1 20 150 M M 0 26 170
19 103 66 85 3 0 20 0.00 M M 5.8 16 190 M M 0 23 170
20 105 64 85 3 0 20 0.00 M M 5.1 15 180 M M 0 21 170
21 104 67 86 4 0 21 0.00 M M 6.7 18 160 M M 0 23 170
22 100 66 83 1 0 18 0.00 M M 5.9 15 180 M M 0 24 210
23 104 62 83 1 0 18 0.00 M M 5.0 15 160 M M 0 20 150
24 102 66 84 2 0 19 0.00 M M 7.0 16 140 M M 0 23 140
25 106 67 87 5 0 22 0.00 M M 6.2 16 160 M M 0 19 140
26 103 69 86 4 0 21 0.00 M M 5.3 20 140 M M 0 24 140
27 104 71 88 6 0 23 0.00 M M 5.3 13 170 M M 0 17 180
28 105 73 89 7 0 24 0.00 M M 7.0 18 150 M M 0 22 150
29 107 72 90 8 0 25 0.00 M M 6.9 17 150 M M 0 22 120
30 99 73 86 4 0 21 0.00 M M 6.7 13 180 M M 0 16 180
31 97 75 86 4 0 21 0.00 M M 7.9 20 170 M M 0 24 160
================================================================================
SM 3073 2079 0 567 0.00 0.0 217.7 M 15
================================================================================
AV 99.1 67.1 7.0 FASTST M M 0 MAX(MPH)
MISC ----> 25 180 31 160
================================================================================
NOTES:
# LAST OF SEVERAL OCCURRENCES
COLUMN 17 PEAK WIND IN M.P.H.
PRELIMINARY LOCAL CLIMATOLOGICAL DATA (WS FORM: F-6) , PAGE 2
STATION: RED BLUFF
MONTH: JULY
YEAR: 2022
LATITUDE: 40 8 N
LONGITUDE: 122-15 E
[TEMPERATURE DATA] [PRECIPITATION DATA] SYMBOLS USED IN COLUMN 16
AVERAGE MONTHLY: 83.1 TOTAL FOR MONTH: 0.00 1 = FOG OR MIST
DPTR FM NORMAL: 1.1 DPTR FM NORMAL: -0.06 2 = FOG REDUCING VISIBILITY
HIGHEST: 108 ON 11 GRTST 24HR 0.00 ON 1- 1 TO 1/4 MILE OR LESS
LOWEST: 57 ON 3 3 = THUNDER
SNOW, ICE PELLETS, HAIL 4 = ICE PELLETS
TOTAL MONTH: 0.0 INCH 5 = HAIL
GRTST 24HR 0.0 6 = FREEZING RAIN OR DRIZZLE
GRTST DEPTH: M ON M 7 = DUSTSTORM OR SANDSTORM:
VSBY 1/2 MILE OR LESS
8 = SMOKE OR HAZE
[NO. OF DAYS WITH] [WEATHER - DAYS WITH] 9 = BLOWING SNOW
X = TORNADO
MAX 32 OR BELOW: 0 0.01 INCH OR MORE: 0
MAX 90 OR ABOVE: 26 0.10 INCH OR MORE: 0
MIN 32 OR BELOW: 0 0.50 INCH OR MORE: 0
MIN 0 OR BELOW: 0 1.00 INCH OR MORE: 0
[HDD (BASE 65) ]
TOTAL THIS MO. 0 CLEAR (SCALE 0-3) 29
DPTR FM NORMAL 0 PTCLDY (SCALE 4-7) 2
TOTAL FM JUL 1 0 CLOUDY (SCALE 8-10) 0
DPTR FM NORMAL 0
[CDD (BASE 65) ]
TOTAL THIS MO. 567
DPTR FM NORMAL 40 [PRESSURE DATA]
TOTAL FM JAN 1 1202 HIGHEST SLP 30.09 ON 9
DPTR FM NORMAL 147 LOWEST SLP 29.67 ON 29
[REMARKS]
#FINAL-07-22#