000
CXUS51 KPHI 161347
CF6RDG
PRELIMINARY LOCAL CLIMATOLOGICAL DATA (WS FORM: F-6)
STATION: READING PA
MONTH: MAY
YEAR: 2021
LATITUDE: 40 22 N
LONGITUDE: 75 58 W
TEMPERATURE IN F: :PCPN: SNOW: WIND :SUNSHINE: SKY :PK WND
================================================================================
1 2 3 4 5 6A 6B 7 8 9 10 11 12 13 14 15 16 17 18
12Z AVG MX 2MIN
DY MAX MIN AVG DEP HDD CDD WTR SNW DPTH SPD SPD DIR MIN PSBL S-S WX SPD DR
================================================================================
1 67 44 56 -2 9 0 0.00 0.0 0 12.3 30 320 M M 2 42 320
2 87 52 70 12 0 5 0.00 0.0 0 7.6 23 230 M M 2 34 240
3 71 56 64 5 1 0 0.48 0.0 0 4.4 12 130 M M 7 1 16 130
4 83 56 70 11 0 5 0.02 0.0 0 5.5 18 210 M M 8 1 23 220
5 74 51 63 4 2 0 0.32 0.0 0 8.7 26 320 M M 8 1 34 300
6 65 46 56 -4 9 0 0.00 0.0 0 8.2 18 340 M M 2 27 300
7 64 43 54 -6 11 0 0.12 0.0 0 4.6 16 280 M M 7 1 20 290
8 58 42 50 -10 15 0 0.05 0.0 0 7.8 24 310 M M 6 1 32 310
9 53 38 46 -14 19 0 0.05 0.0 0 3.9 12 340 M M 6 18 15 70
10 63 48 56 -5 9 0 T 0.0 0 9.0 18 320 M M 7 1 23 320
11 66 43 55 -6 10 0 T 0.0 0 8.5 26 300 M M 3 32 300
12 68 40 54 -7 11 0 0.00 0.0 0 8.1 16 330 M M 2 22 330
13 71 38 55 -7 10 0 0.00 0.0 0 4.6 16 310 M M 2 1 23 320
14 76 42 59 -3 6 0 0.00 0.0 0 3.0 12 320 M M 1 15 340
15 79 44 62 0 3 0 0.00 0.0 0 3.5 13 130 M M 3 18 120
16 72 50 61 -1 4 0 T 0.0 0 3.1 16 290 M M 4 3 22 270
17 77 45 61 -2 4 0 0.00 0.0 0 3.1 14 200 M M 1 18 19 250
18 83 46 65 2 0 0 0.00 0.0 0 3.2 13 220 M M 0 18 260
19 89 53 71 8 0 6 0.00 0.0 0 2.7 12 250 M M 0 16 250
20 85 58 72 8 0 7 0.00 0.0 0 5.2 14 170 M M 0 1 20 160
21 87 53 70 6 0 5 0.00 0.0 0 3.8 12 230 M M 0 15 200
22 91 63 77 13 0 12 0.00 0.0 0 6.4 20 300 M M 1 8 25 320
23 93 69 81 16 0 16 0.00 0.0 0 10.7 22 310 M M 4 32 300
24 72 59 66 1 0 1 T 0.0 0 8.1 17 10 M M 8 21 10
25 78 58 68 3 0 3 0.00 0.0 0 7.2 14 220 M M 6 17 210
26 93 66 80 14 0 15 0.49 0.0 0 5.7 35 310 M M 6 138 45 330
27 82 63 73 7 0 8 0.01 0.0 0 8.4 17 320 M M 2 1 23 20
28 69 51 60 -6 5 0 1.07 0.0 0 7.5 17 140 M M 8 1 25 90
29 52 47 50 -16 15 0 0.55 0.0 0 9.2 16 40 M M 10 1 25 30
30 54 48 51 -16 14 0 0.24 0.0 0 6.4 16 20 M M 10 1 20 20
31 75 48 62 -5 3 0 0.00 0.0 0 6.8 18 330 M M 3 27 340
================================================================================
SM 2297 1560 160 83 3.40 0.0 197.2 M 129
================================================================================
AV 74.1 50.3 6.4 FASTST M M 4 MAX(MPH)
MISC ----> 35 310 45 330
================================================================================
NOTES:
# LAST OF SEVERAL OCCURRENCES
COLUMN 17 PEAK WIND IN M.P.H.
PRELIMINARY LOCAL CLIMATOLOGICAL DATA (WS FORM: F-6) , PAGE 2
STATION: READING PA
MONTH: MAY
YEAR: 2021
LATITUDE: 40 22 N
LONGITUDE: 75 58 W
[TEMPERATURE DATA] [PRECIPITATION DATA] SYMBOLS USED IN COLUMN 16
AVERAGE MONTHLY: 62.2 TOTAL FOR MONTH: 3.40 1 = FOG OR MIST
DPTR FM NORMAL: -0.3 DPTR FM NORMAL: -0.11 2 = FOG REDUCING VISIBILITY
HIGHEST: 93 ON 23,26 GRTST 24HR 1.07 ON 28-28 TO 1/4 MILE OR LESS
LOWEST: 38 ON 13, 9 3 = THUNDER
SNOW, ICE PELLETS, HAIL 4 = ICE PELLETS
TOTAL MONTH: 0.0 INCH 5 = HAIL
GRTST 24HR 0.0 6 = FREEZING RAIN OR DRIZZLE
GRTST DEPTH: 0 7 = DUSTSTORM OR SANDSTORM:
VSBY 1/2 MILE OR LESS
8 = SMOKE OR HAZE
[NO. OF DAYS WITH] [WEATHER - DAYS WITH] 9 = BLOWING SNOW
X = TORNADO
MAX 32 OR BELOW: 0 0.01 INCH OR MORE: 11
MAX 90 OR ABOVE: 3 0.10 INCH OR MORE: 7
MIN 32 OR BELOW: 0 0.50 INCH OR MORE: 2
MIN 0 OR BELOW: 0 1.00 INCH OR MORE: 1
[HDD (BASE 65) ]
TOTAL THIS MO. 160 CLEAR (SCALE 0-3) 15
DPTR FM NORMAL 18 PTCLDY (SCALE 4-7) 12
TOTAL FM JUL 1 4659 CLOUDY (SCALE 8-10) 4
DPTR FM NORMAL -452
[CDD (BASE 65) ]
TOTAL THIS MO. 83
DPTR FM NORMAL 19 [PRESSURE DATA]
TOTAL FM JAN 1 97 HIGHEST SLP M ON M
DPTR FM NORMAL 22 LOWEST SLP 29.64 ON 5
[REMARKS]
#FINAL-05-21#