000
CXUS51 KPHI 151849
CF6RDG
PRELIMINARY LOCAL CLIMATOLOGICAL DATA (WS FORM: F-6)
STATION: READING PA
MONTH: MARCH
YEAR: 2020
LATITUDE: 40 22 N
LONGITUDE: 75 58 W
TEMPERATURE IN F: :PCPN: SNOW: WIND :SUNSHINE: SKY :PK WND
================================================================================
1 2 3 4 5 6A 6B 7 8 9 10 11 12 13 14 15 16 17 18
12Z AVG MX 2MIN
DY MAX MIN AVG DEP HDD CDD WTR SNW DPTH SPD SPD DIR MIN PSBL S-S WX SPD DR
================================================================================
1 46 23 35 -2 30 0 0.00 0.0 0 8.1 20 300 M M 1 26 310
2 66 26 46 9 19 0 0.01 0.0 0 5.4 21 170 M M 4 27 170
3 59 42 51 14 14 0 0.36 0.0 0 5.1 39 260 M M 7 12 54 260
4 59 42 51 13 14 0 T 0.0 0 11.5 26 260 M M 5 33 270
5 53 33 43 5 22 0 0.00 0.0 0 5.5 22 320 M M 0 27 320
6 43 30 37 -1 28 0 0.19 0.0 0 6.2 13 350 M M 7 1 14 350
7 46 28 37 -1 28 0 T 0.0 0 13.2 28 330 M M 4 37 330
8 59 24 42 3 23 0 0.00 0.0 0 5.5 16 230 M M 0 23 210
9 72 31 52 13 13 0 0.00 0.0 0 5.1 20 230 M M 0 23 230
10 67 50 59 20 6 0 T 0.0 0 9.9 24 300 M M 6 32 230
11 55 36 46 6 19 0 T 0.0 0 4.3 21 320 M M 4 29 330
12 57 34 46 6 19 0 T 0.0 0 4.0 13 90 M M 8 18 18 80
13 72 47 60 20 5 0 0.17 0.0 0 11.1 30 290 M M 6 1 42 280
14 56 37 47 6 18 0 0.02 0.0 0 8.3 21 320 M M 3 27 330
15 54 38 46 5 19 0 0.01 0.0 0 5.6 15 330 M M 5 20 350
16 52 30 41 0 24 0 0.00 0.0 0 8.5 18 150 M M 3 24 160
17 57 40 49 7 16 0 0.06 0.0 0 7.4 17 290 M M 9 1 23 290
18 58 31 45 3 20 0 0.18 0.0 0 6.7 17 150 M M 3 1 24 160
19 52 41 47 5 18 0 0.58 0.0 0 4.1 9 130 M M 10 1 13 170
20 79 49 64 21 1 0 T 0.0 0 7.0 25 240 M M 8 12 34 230
21 62 35 49 6 16 0 0.00 0.0 0 11.5 24 310 M M 2 29 320
22 48 29 39 -4 26 0 0.00 0.0 0 8.5 16 140 M M 4 24 150
23 42 35 39 -5 26 0 0.43 T 0 6.7 14 20 M M 10 1 23 160
24 55 40 48 4 17 0 0.00 0.0 0 6.6 16 350 M M 6 24 350
25 46 41 44 0 21 0 0.05 0.0 0 7.3 15 40 M M 10 1 21 40
26 59 34 47 2 18 0 T 0.0 0 4.5 13 210 M M 6 1 17 190
27 67 47 57 12 8 0 T 0.0 0 4.5 21 310 M M 4 24 310
28 51 43 47 1 18 0 1.21 0.0 0 5.4 13 10 M M 9 13 17 110
29 51 45 48 2 17 0 0.01 0.0 0 3.9 14 120 M M 10 1 21 120
30 59 46 53 7 12 0 T 0.0 0 5.7 24 310 M M 8 1 29 310
31 49 43 46 -1 19 0 T 0.0 0 6.3 14 120 M M 10 1 19 110
================================================================================
SM 1751 1150 554 0 3.28 T 213.4 M 172
================================================================================
AV 56.5 37.1 6.9 FASTST M M 6 MAX(MPH)
MISC ----> 39 260 54 260
================================================================================
NOTES:
# LAST OF SEVERAL OCCURRENCES
COLUMN 17 PEAK WIND IN M.P.H.
PRELIMINARY LOCAL CLIMATOLOGICAL DATA (WS FORM: F-6) , PAGE 2
STATION: READING PA
MONTH: MARCH
YEAR: 2020
LATITUDE: 40 22 N
LONGITUDE: 75 58 W
[TEMPERATURE DATA] [PRECIPITATION DATA] SYMBOLS USED IN COLUMN 16
AVERAGE MONTHLY: 46.8 TOTAL FOR MONTH: 3.28 1 = FOG OR MIST
DPTR FM NORMAL: 5.3 DPTR FM NORMAL: -0.25 2 = FOG REDUCING VISIBILITY
HIGHEST: 79 ON 20 GRTST 24HR 1.21 ON 28-28 TO 1/4 MILE OR LESS
LOWEST: 23 ON 1 3 = THUNDER
SNOW, ICE PELLETS, HAIL 4 = ICE PELLETS
TOTAL MONTH: T 5 = HAIL
GRTST 24HR T ON 23-23 6 = FREEZING RAIN OR DRIZZLE
GRTST DEPTH: 0 7 = DUSTSTORM OR SANDSTORM:
VSBY 1/2 MILE OR LESS
8 = SMOKE OR HAZE
[NO. OF DAYS WITH] [WEATHER - DAYS WITH] 9 = BLOWING SNOW
X = TORNADO
MAX 32 OR BELOW: 0 0.01 INCH OR MORE: 13
MAX 90 OR ABOVE: 0 0.10 INCH OR MORE: 7
MIN 32 OR BELOW: 9 0.50 INCH OR MORE: 2
MIN 0 OR BELOW: 0 1.00 INCH OR MORE: 1
[HDD (BASE 65) ]
TOTAL THIS MO. 554 CLEAR (SCALE 0-3) 8
DPTR FM NORMAL -176 PTCLDY (SCALE 4-7) 15
TOTAL FM JUL 1 4062 CLOUDY (SCALE 8-10) 8
DPTR FM NORMAL -522
[CDD (BASE 65) ]
TOTAL THIS MO. 0
DPTR FM NORMAL 0 [PRESSURE DATA]
TOTAL FM JAN 1 0 HIGHEST SLP M ON M
DPTR FM NORMAL 0 LOWEST SLP 29.48 ON 3
[REMARKS]
#FINAL-03-20#