000
CXUS56 KBOI 011002
CF6REO
PRELIMINARY LOCAL CLIMATOLOGICAL DATA (WS FORM: F-6)
STATION: ROME OR
MONTH: APRIL
YEAR: 2022
LATITUDE: 42 35 N
LONGITUDE: 117 52 W
TEMPERATURE IN F: :PCPN: SNOW: WIND :SUNSHINE: SKY :PK WND
================================================================================
1 2 3 4 5 6A 6B 7 8 9 10 11 12 13 14 15 16 17 18
12Z AVG MX 2MIN
DY MAX MIN AVG DEP HDD CDD WTR SNW DPTH SPD SPD DIR MIN PSBL S-S WX SPD DR
================================================================================
1 63 22 43 -1 22 0 0.00 M M 4.4 13 270 M M 0 18 260
2 60 32 46 2 19 0 0.00 M M 7.2 20 320 M M 0 25 310
3 67 22 45 1 20 0 0.00 M M 7.5 24 300 M M 0 32 300
4 61 40 51 7 14 0 0.00 M M 22.6 40 250 M M 0 53 250
5 51 24 38 -7 27 0 0.00 M M 9.8 22 310 M M 0 30 300
6 61 16 39 -6 26 0 0.00 M M 3.5 9 90 M M 0 M M
7 76 24 50 5 15 0 0.00 M M 4.4 10 20 M M 0 14 60
8 79 34 57 12 8 0 0.00 M M 12.2 33 260 M M 0 46 250
9 52 28 40 -5 25 0 0.00 M M 11.1 28 320 M M 0 39 310
10 53 22 38 -7 27 0 0.00 M M 14.0 26 250 M M 0 37 270
11 44 28 36 -10 29 0 0.12 M M 14.4 39 310 M M 0 59 230
12 43 20 32 -14 33 0 0.20 M M 10.9 23 310 M M 0 31 330
13 41 16 29 -17 36 0 0.18 M M 8.4 28 230 M M 0 37 230
14 54 34 44 -2 21 0 0.07 M M 12.2 30 270 M M 0 41 270
15 49 32 41 -5 24 0 0.01 M M 5.7 12 60 M M 0 20 60
16 M M M M M M M M M M M M M M M M M
17 60 32 46 -1 19 0 0.00 M M 6.2 22 250 M M 0 37 240
18 74 28 51 4 14 0 0.00 M M 15.4 38 240 M M 0 53 220
19 56 33 45 -2 20 0 0.08 M M 9.9 30 270 M M 0 43 250
20 64 32 48 0 17 0 0.00 M M 10.3 23 220 M M 0 32 220
21 54 36 45 -3 20 0 0.02 M M 10.4 24 280 M M 0 33 280
22 54 32 43 -5 22 0 0.14 M M 6.9 24 30 M M 0 31 320
23 58 32 45 -3 20 0 0.00 M M 6.9 18 310 M M 0 24 300
24 64 26 45 -4 20 0 0.00 M M 4.9 13 150 M M 0 17 170
25 73 38 56 7 9 0 0.00 M M 8.3 21 220 M M 0 36 210
26 67 40 54 5 11 0 0.00 M M 11.8 26 260 M M 0 36 260
27 65 31 48 -2 17 0 0.00 M M 7.7 22 280 M M 0 32 280
28 59 36 48 -2 17 0 0.02 M M 9.5 28 300 M M 0 37 320
29 61 30 46 -4 19 0 0.00 M M 5.7 15 210 M M 0 20 250
30 63 33 48 -3 17 0 0.48 M M 4.7 24 320 M M 0 34 320
================================================================================
SM 1726 853 588 0 1.32 M 266.9 M 0
================================================================================
AV 59.5 29.4 9.2 FASTST M M 0 MAX(MPH)
MISC ----> 40 250 59 230
================================================================================
NOTES:
# LAST OF SEVERAL OCCURRENCES
COLUMN 17 PEAK WIND IN M.P.H.
PRELIMINARY LOCAL CLIMATOLOGICAL DATA (WS FORM: F-6) , PAGE 2
STATION: ROME OR
MONTH: APRIL
YEAR: 2022
LATITUDE: 42 35 N
LONGITUDE: 117 52 W
[TEMPERATURE DATA] [PRECIPITATION DATA] SYMBOLS USED IN COLUMN 16
AVERAGE MONTHLY: 44.5 TOTAL FOR MONTH: 1.32 1 = FOG OR MIST
DPTR FM NORMAL: -2.3 DPTR FM NORMAL: 0.40 2 = FOG REDUCING VISIBILITY
HIGHEST: 79 ON 8 GRTST 24HR 0.48 ON 30-30 TO 1/4 MILE OR LESS
LOWEST: 16 ON 13, 6 3 = THUNDER
SNOW, ICE PELLETS, HAIL 4 = ICE PELLETS
TOTAL MONTH: M 5 = HAIL
GRTST 24HR M ON M 6 = FREEZING RAIN OR DRIZZLE
GRTST DEPTH: M ON M 7 = DUSTSTORM OR SANDSTORM:
VSBY 1/2 MILE OR LESS
8 = SMOKE OR HAZE
[NO. OF DAYS WITH] [WEATHER - DAYS WITH] 9 = BLOWING SNOW
X = TORNADO
MAX 32 OR BELOW: 0 0.01 INCH OR MORE: 10
MAX 90 OR ABOVE: 0 0.10 INCH OR MORE: 5
MIN 32 OR BELOW: 20 0.50 INCH OR MORE: 0
MIN 0 OR BELOW: 0 1.00 INCH OR MORE: 0
[HDD (BASE 65) ]
TOTAL THIS MO. 588 CLEAR (SCALE 0-3) 29
DPTR FM NORMAL 42 PTCLDY (SCALE 4-7) 0
TOTAL FM JUL 1 5312 CLOUDY (SCALE 8-10) 1
DPTR FM NORMAL -424
[CDD (BASE 65) ]
TOTAL THIS MO. 0
DPTR FM NORMAL 0 [PRESSURE DATA]
TOTAL FM JAN 1 0 HIGHEST SLP M ON M
DPTR FM NORMAL 0 LOWEST SLP 29.29 ON 11
[REMARKS]
#FINAL-04-22#