000
CXUS53 KGRB 161305
CF6RHI
PRELIMINARY LOCAL CLIMATOLOGICAL DATA (WS FORM: F-6)
STATION: RHINELANDER WI
MONTH: MAY
YEAR: 2021
LATITUDE: 45 37 N
LONGITUDE: 89 27 W
TEMPERATURE IN F: :PCPN: SNOW: WIND :SUNSHINE: SKY :PK WND
================================================================================
1 2 3 4 5 6A 6B 7 8 9 10 11 12 13 14 15 16 17 18
12Z AVG MX 2MIN
DY MAX MIN AVG DEP HDD CDD WTR SNW DPTH SPD SPD DIR MIN PSBL S-S WX SPD DR
================================================================================
1 81 46 64 17 1 0 T 0.0 0 10.9 23 270 M M 2 34 270
2 70 50 60 12 5 0 0.02 0.0 0 7.1 14 110 M M 4 22 30
3 56 41 49 1 16 0 0.02 0.0 0 6.3 15 330 M M 10 1 26 320
4 49 35 42 -7 23 0 0.00 0.0 0 7.2 16 300 M M 8 1 25 330
5 56 29 43 -6 22 0 0.00 0.0 0 4.3 14 290 M M 4 24 270
6 54 27 41 -9 24 0 0.01 0.0 0 6.0 22 270 M M 6 1 27 270
7 45 23 34 -16 31 0 0.01 T 0 7.7 17 330 M M 8 28 320
8 57 22 40 -10 25 0 0.00 0.0 0 3.9 13 280 M M 5 17 280
9 54 31 43 -8 22 0 0.00 0.0 0 6.9 18 80 M M 3 28 80
10 47 27 37 -14 28 0 T 0.0 0 4.6 13 10 M M 7 23 320
11 55 23 39 -13 26 0 0.00 0.0 0 4.8 13 20 M M 2 19 40
12 65 24 45 -7 20 0 0.00 0.0 0 2.0 10 290 M M 2 18 17 200
13 69 31 50 -2 15 0 0.00 0.0 0 5.3 14 230 M M 5 18 20 230
14 69 37 53 0 12 0 0.00 0.0 0 6.0 16 230 M M 5 26 230
15 61 39 50 -3 15 0 0.04 0.0 0 5.2 17 180 M M 9 12 27 160
16 71 40 56 2 9 0 0.00 0.0 0 3.4 10 210 M M 6 12 14 220
17 79 44 62 8 3 0 0.00 0.0 0 5.1 13 210 M M 1 1 19 190
18 77 46 62 8 3 0 0.02 0.0 0 8.2 23 200 M M 4 1 34 200
19 68 59 64 9 1 0 0.03 0.0 0 8.3 15 190 M M 10 1 22 180
20 72 64 68 13 0 3 0.37 0.0 0 9.2 18 190 M M 9 18 31 180
21 70 64 67 11 0 2 0.43 0.0 0 8.8 15 220 M M 10 1 24 200
22 80 62 71 15 0 6 0.00 0.0 0 8.1 17 260 M M 8 1 27 260
23 66 51 59 3 6 0 0.00 0.0 0 8.0 15 100 M M 9 18 19 100
24 73 51 62 5 3 0 0.06 0.0 0 6.9 14 240 M M 8 13 23 230
25 79 59 69 12 0 4 0.16 0.0 0 11.2 24 230 M M 5 13 38 210
26 60 36 48 -9 17 0 0.00 0.0 0 8.0 16 300 M M 3 27 300
27 44 36 40 -18 25 0 T 0.0 0 8.5 14 60 M M 9 22 60
28 59 27 43 -15 22 0 0.00 0.0 0 7.6 18 80 M M 0 26 80
29 67 26 47 -11 18 0 0.00 0.0 0 2.5 14 200 M M 0 19 210
30 60 38 49 -10 16 0 0.04 0.0 0 5.6 15 240 M M 6 23 220
31 73 42 58 -1 7 0 0.55 0.0 0 6.3 20 60 M M 5 123 30 60
================================================================================
SM 1986 1230 415 15 1.76 T 203.9 M 173
================================================================================
AV 64.1 39.7 6.6 FASTST M M 6 MAX(MPH)
MISC ----> 24 230 38 210
================================================================================
NOTES:
# LAST OF SEVERAL OCCURRENCES
COLUMN 17 PEAK WIND IN M.P.H.
PRELIMINARY LOCAL CLIMATOLOGICAL DATA (WS FORM: F-6) , PAGE 2
STATION: RHINELANDER WI
MONTH: MAY
YEAR: 2021
LATITUDE: 45 37 N
LONGITUDE: 89 27 W
[TEMPERATURE DATA] [PRECIPITATION DATA] SYMBOLS USED IN COLUMN 16
AVERAGE MONTHLY: 51.9 TOTAL FOR MONTH: 1.76 1 = FOG OR MIST
DPTR FM NORMAL: -1.6 DPTR FM NORMAL: -1.66 2 = FOG REDUCING VISIBILITY
HIGHEST: 81 ON 1 GRTST 24HR 0.63 ON 20-21 TO 1/4 MILE OR LESS
LOWEST: 22 ON 8 3 = THUNDER
SNOW, ICE PELLETS, HAIL 4 = ICE PELLETS
TOTAL MONTH: T 5 = HAIL
GRTST 24HR T ON 7- 7 6 = FREEZING RAIN OR DRIZZLE
GRTST DEPTH: 0 7 = DUSTSTORM OR SANDSTORM:
VSBY 1/2 MILE OR LESS
8 = SMOKE OR HAZE
[NO. OF DAYS WITH] [WEATHER - DAYS WITH] 9 = BLOWING SNOW
X = TORNADO
MAX 32 OR BELOW: 0 0.01 INCH OR MORE: 13
MAX 90 OR ABOVE: 0 0.10 INCH OR MORE: 4
MIN 32 OR BELOW: 11 0.50 INCH OR MORE: 1
MIN 0 OR BELOW: 0 1.00 INCH OR MORE: 0
[HDD (BASE 65) ]
TOTAL THIS MO. 415 CLEAR (SCALE 0-3) 6
DPTR FM NORMAL 45 PTCLDY (SCALE 4-7) 17
TOTAL FM JUL 1 8576 CLOUDY (SCALE 8-10) 8
DPTR FM NORMAL -137
[CDD (BASE 65) ]
TOTAL THIS MO. 15
DPTR FM NORMAL 2 [PRESSURE DATA]
TOTAL FM JAN 1 15 HIGHEST SLP 30.49 ON 12
DPTR FM NORMAL 1 LOWEST SLP 29.49 ON 2
[REMARKS]
#FINAL-05-21#