000
CXUS51 KRNK 011503
CF6RNK
PRELIMINARY LOCAL CLIMATOLOGICAL DATA (WS FORM: F-6)
STATION: BLACKSBURG VA
MONTH: JUNE
YEAR: 2023
LATITUDE: 37 13 N
LONGITUDE: 80 25 W
TEMPERATURE IN F: :PCPN: SNOW: WIND :SUNSHINE: SKY :PK WND
================================================================================
1 2 3 4 5 6A 6B 7 8 9 10 11 12 13 14 15 16 17 18
12Z AVG MX 2MIN
DY MAX MIN AVG DEP HDD CDD WTR SNW DPTH SPD SPD DIR MIN PSBL S-S WX SPD DR
================================================================================
1 79 51 65 1 0 0 0.00 0.0 0 3.1 10 80 M M 1 12 M M
2 83 50 67 3 0 2 0.00 0.0 0 3.5 16 90 M M 0 1 21 90
3 84 52 68 3 0 3 0.00 0.0 0 2.2 14 10 M M 1 3 22 10
4 67 58 63 -2 2 0 T 0.0 0 5.6 10 100 M M 10 1 M M
5 77 53 65 0 0 0 0.00 0.0 0 1.4 7 340 M M 6 1 M M
6 75 48 62 -4 3 0 0.00 0.0 0 2.1 8 310 M M 2 1 M M
7 70 50 60 -6 5 0 0.12 0.0 0 2.3 8 300 M M 4 1 17 290
8 70 46 58 -8 7 0 0.00 0.0 0 4.4 16 330 M M 1 1 24 310
9 73 42 58 -8 7 0 0.00 0.0 0 3.3 13 310 M M 2 18 320
10 79 45 62 -5 3 0 0.00 0.0 0 1.6 7 270 M M 1 M M
11 78 52 65 -2 0 0 T 0.0 0 2.9 9 180 M M 6 M M
12 73 57 65 -2 0 0 0.03 0.0 0 5.1 13 300 M M 9 21 300
13 72 51 62 -5 3 0 0.00 0.0 0 2.7 8 250 M M 4 M M
14 72 50 61 -7 4 0 T 0.0 0 2.1 12 240 M M 6 22 240
15 79 57 68 0 0 3 0.00 0.0 0 1.9 8 320 M M 4 16 310
16 80 55 68 0 0 3 0.00 0.0 0 5.9 18 310 M M 2 1 26 310
17 77 53 65 -3 0 0 0.00 0.0 0 4.0 14 320 M M 2 17 340
18 80 48 64 -5 1 0 0.00 0.0 0 1.4 8 140 M M 1 1 M M
19 75 59 67 -2 0 2 0.53 0.0 0 5.3 12 90 M M 7 13 M M
20 70 61 66 -3 0 1 1.48 0.0 0 11.0 18 70 M M 10 1 30 70
21 64 57 61 -8 4 0 0.13 0.0 0 8.9 16 100 M M 10 26 70
22 62 56 59 -11 6 0 0.60 0.0 0 4.5 8 70 M M 10 1 M M
23 78 60 69 -1 0 4 T 0.0 0 0.9 8 210 M M 9 1 M M
24 78 61 70 0 0 5 0.00 0.0 0 2.9 9 310 M M 8 17 300
25 84 60 72 2 0 7 0.00 0.0 0 2.2 8 240 M M 2 M M
26 82 61 72 2 0 7 0.02 0.0 0 4.4 12 230 M M 3 13 21 250
27 75 62 69 -2 0 4 T 0.0 0 4.2 9 310 M M 8 18 20 290
28 79 60 70 -1 0 5 0.00 0.0 0 3.1 9 340 M M 5 18 16 310
29 84 54 69 -2 0 4 0.00 0.0 0 1.3 10 120 M M 2 18 M M
30 85 63 74 3 0 9 0.03 0.0 0 1.9 6 100 M M 5 18 M M
================================================================================
SM 2284 1632 45 59 2.94 0.0 106.1 M 141
================================================================================
AV 76.1 54.4 3.5 FASTST M M 5 MAX(MPH)
MISC ----> # 18 310 30 70
================================================================================
NOTES:
# LAST OF SEVERAL OCCURRENCES
COLUMN 17 PEAK WIND IN M.P.H.
PRELIMINARY LOCAL CLIMATOLOGICAL DATA (WS FORM: F-6) , PAGE 2
STATION: BLACKSBURG VA
MONTH: JUNE
YEAR: 2023
LATITUDE: 37 13 N
LONGITUDE: 80 25 W
[TEMPERATURE DATA] [PRECIPITATION DATA] SYMBOLS USED IN COLUMN 16
AVERAGE MONTHLY: 65.3 TOTAL FOR MONTH: 2.94 1 = FOG OR MIST
DPTR FM NORMAL: -2.6 DPTR FM NORMAL: -1.33 2 = FOG REDUCING VISIBILITY
HIGHEST: 85 ON 30 GRTST 24HR 1.48 ON 20-20 TO 1/4 MILE OR LESS
LOWEST: 42 ON 9 3 = THUNDER
SNOW, ICE PELLETS, HAIL 4 = ICE PELLETS
TOTAL MONTH: 0.0 INCH 5 = HAIL
GRTST 24HR 0.0 6 = FREEZING RAIN OR DRIZZLE
GRTST DEPTH: 0 7 = DUSTSTORM OR SANDSTORM:
VSBY 1/2 MILE OR LESS
8 = SMOKE OR HAZE
[NO. OF DAYS WITH] [WEATHER - DAYS WITH] 9 = BLOWING SNOW
X = TORNADO
MAX 32 OR BELOW: 0 0.01 INCH OR MORE: 8
MAX 90 OR ABOVE: 0 0.10 INCH OR MORE: 5
MIN 32 OR BELOW: 0 0.50 INCH OR MORE: 3
MIN 0 OR BELOW: 0 1.00 INCH OR MORE: 1
[HDD (BASE 65) ]
TOTAL THIS MO. 45 CLEAR (SCALE 0-3) 13
DPTR FM NORMAL 11 PTCLDY (SCALE 4-7) 11
TOTAL FM JUL 1 4456 CLOUDY (SCALE 8-10) 6
DPTR FM NORMAL -838
[CDD (BASE 65) ]
TOTAL THIS MO. 59
DPTR FM NORMAL -62 [PRESSURE DATA]
TOTAL FM JAN 1 81 HIGHEST SLP M ON M
DPTR FM NORMAL -75 LOWEST SLP M ON M
[REMARKS]
#FINAL-06-23#