000
CXUS51 KRNK 010528
CF6RNK
PRELIMINARY LOCAL CLIMATOLOGICAL DATA (WS FORM: F-6)
STATION: BLACKSBURG VA
MONTH: JUNE
YEAR: 2022
LATITUDE: 37 13 N
LONGITUDE: 80 25 W
TEMPERATURE IN F: :PCPN: SNOW: WIND :SUNSHINE: SKY :PK WND
================================================================================
1 2 3 4 5 6A 6B 7 8 9 10 11 12 13 14 15 16 17 18
12Z AVG MX 2MIN
DY MAX MIN AVG DEP HDD CDD WTR SNW DPTH SPD SPD DIR MIN PSBL S-S WX SPD DR
================================================================================
1 86 59 73 9 0 8 0.00 0.0 0 1.7 8 300 M M 1 1 M M
2 83 59 71 7 0 6 T 0.0 0 2.6 13 310 M M 4 3 23 310
3 73 53 63 -2 2 0 0.00 0.0 0 3.8 13 320 M M 2 17 320
4 77 48 63 -2 2 0 0.00 0.0 0 2.8 13 70 M M 0 23 80
5 78 48 63 -2 2 0 0.00 0.0 0 3.1 12 100 M M 1 16 70
6 77 51 64 -2 1 0 0.00 0.0 0 3.7 12 170 M M 4 20 200
7 73 56 65 -1 0 0 0.02 0.0 0 2.9 12 200 M M 6 18 180
8 81 60 71 5 0 6 0.12 0.0 0 1.3 10 180 M M 6 12 21 220
9 74 52 63 -3 2 0 0.00 0.0 0 5.6 16 310 M M 3 26 300
10 72 49 61 -6 4 0 0.00 0.0 0 1.2 7 300 M M 5 M M
11 78 57 68 1 0 3 T 0.0 0 1.7 7 110 M M 8 M M
12 84 62 73 6 0 8 0.00 0.0 0 2.5 12 320 M M 4 18 320
13 87 63 75 8 0 10 0.07 0.0 0 2.6 16 310 M M 3 3 24 310
14 87 63 75 7 0 10 0.15 0.0 0 3.6 9 310 M M 3 3 16 300
15 89 68 79 11 0 14 0.00 0.0 0 2.3 9 310 M M 2 1 M M
16 91 68 80 12 0 15 0.00 0.0 0 3.9 10 310 M M 3 17 290
17 86 61 74 6 0 9 0.76 0.0 0 5.5 21 310 M M 4 13 39 300
18 74 59 67 -2 0 2 0.00 0.0 0 9.2 18 340 M M 2 28 330
19 77 45 61 -8 4 0 0.00 0.0 0 6.3 15 330 M M 0 22 350
20 73 48 61 -8 4 0 T 0.0 0 1.0 7 330 M M 6 M M
21 86 55 71 2 0 6 T 0.0 0 1.7 7 300 M M 2 M M
22 89 57 73 3 0 8 0.02 0.0 0 2.7 24 310 M M 1 3 33 310
23 86 64 75 5 0 10 0.07 0.0 0 3.4 12 330 M M 4 20 350
24 87 64 76 6 0 11 0.00 0.0 0 2.8 8 120 M M 6 1 M M
25 85 63 74 4 0 9 0.05 0.0 0 3.5 12 110 M M 3 13 17 130
26 78 63 71 1 0 6 T 0.0 0 1.7 7 240 M M 5 1 M M
27 80 56 68 -3 0 3 0.03 0.0 0 3.9 15 330 M M 5 1 18 330
28 81 50 66 -5 0 1 0.00 0.0 0 1.3 7 160 M M 1 M M
29 86 56 71 0 0 6 0.00 0.0 0 1.1 8 330 M M 4 17 320
30 88 62 75 4 0 10 0.00 0.0 0 1.8 10 150 M M 2 1 20 140
================================================================================
SM 2446 1719 21 161 1.29 0.0 91.2 M 100
================================================================================
AV 81.5 57.3 3.0 FASTST M M 3 MAX(MPH)
MISC ----> 24 310 39 300
================================================================================
NOTES:
# LAST OF SEVERAL OCCURRENCES
COLUMN 17 PEAK WIND IN M.P.H.
PRELIMINARY LOCAL CLIMATOLOGICAL DATA (WS FORM: F-6) , PAGE 2
STATION: BLACKSBURG VA
MONTH: JUNE
YEAR: 2022
LATITUDE: 37 13 N
LONGITUDE: 80 25 W
[TEMPERATURE DATA] [PRECIPITATION DATA] SYMBOLS USED IN COLUMN 16
AVERAGE MONTHLY: 69.4 TOTAL FOR MONTH: 1.29 1 = FOG OR MIST
DPTR FM NORMAL: 1.5 DPTR FM NORMAL: -2.98 2 = FOG REDUCING VISIBILITY
HIGHEST: 91 ON 16 GRTST 24HR 0.76 ON 17-17 TO 1/4 MILE OR LESS
LOWEST: 45 ON 19 3 = THUNDER
SNOW, ICE PELLETS, HAIL 4 = ICE PELLETS
TOTAL MONTH: 0.0 INCH 5 = HAIL
GRTST 24HR 0.0 6 = FREEZING RAIN OR DRIZZLE
GRTST DEPTH: 0 7 = DUSTSTORM OR SANDSTORM:
VSBY 1/2 MILE OR LESS
8 = SMOKE OR HAZE
[NO. OF DAYS WITH] [WEATHER - DAYS WITH] 9 = BLOWING SNOW
X = TORNADO
MAX 32 OR BELOW: 0 0.01 INCH OR MORE: 9
MAX 90 OR ABOVE: 1 0.10 INCH OR MORE: 3
MIN 32 OR BELOW: 0 0.50 INCH OR MORE: 1
MIN 0 OR BELOW: 0 1.00 INCH OR MORE: 0
[HDD (BASE 65) ]
TOTAL THIS MO. 21 CLEAR (SCALE 0-3) 15
DPTR FM NORMAL -13 PTCLDY (SCALE 4-7) 15
TOTAL FM JUL 1 4518 CLOUDY (SCALE 8-10) 0
DPTR FM NORMAL -776
[CDD (BASE 65) ]
TOTAL THIS MO. 161
DPTR FM NORMAL 40 [PRESSURE DATA]
TOTAL FM JAN 1 204 HIGHEST SLP M ON M
DPTR FM NORMAL 48 LOWEST SLP M ON M
[REMARKS]DUE TO EQUIPMENT FAILURE ON OCTOBER 17, 2021, ALL HEATING
DEGREE DAY INFORMATION WILL BE CALCULATED WITHOUT DATA FROM THIS
DATE.
#FINAL-06-22#