000
CXUS56 KSGX 011245
CF6RNM
PRELIMINARY LOCAL CLIMATOLOGICAL DATA (WS FORM: F-6)
STATION: RAMONA AIRPORT CA
MONTH: JUNE
YEAR: 2020
LATITUDE: 33 2 N
LONGITUDE: 116 55 W
TEMPERATURE IN F: :PCPN: SNOW: WIND :SUNSHINE: SKY :PK WND
================================================================================
1 2 3 4 5 6A 6B 7 8 9 10 11 12 13 14 15 16 17 18
12Z AVG MX 2MIN
DY MAX MIN AVG DEP HDD CDD WTR SNW DPTH SPD SPD DIR MIN PSBL S-S WX SPD DR
================================================================================
1 85 47 66 2 0 1 0.00 0.0 0 4.8 16 270 M M 0 8 21 270
2 87 54 71 7 0 6 0.00 0.0 0 3.9 13 290 M M 0 16 280
3 94 55 75 11 0 10 0.00 0.0 0 6.1 15 260 M M 0 128 19 270
4 80 52 66 1 0 1 0.00 0.0 0 6.0 14 260 M M 4 128 22 270
5 71 58 65 0 0 0 0.01 0.0 0 6.3 16 260 M M 10 1 22 280
6 68 50 59 -6 6 0 0.08 0.0 0 4.7 13 260 M M 6 1 17 270
7 75 45 60 -5 5 0 0.00 0.0 0 4.5 15 260 M M 3 1 20 270
8 88 39 64 -1 1 0 0.00 0.0 0 5.4 18 90 M M 0 1 26 90
9 94 45 70 4 0 5 0.00 0.0 0 7.6 24 80 M M 0 33 80
10 96 47 72 6 0 7 0.00 0.0 0 4.7 17 260 M M 0 8 22 270
11 92 46 69 3 0 4 0.00 0.0 0 4.7 15 290 M M 0 8 20 270
12 85 45 65 -1 0 0 0.00 0.0 0 5.4 17 270 M M 2 128 21 260
13 79 51 65 -1 0 0 0.00 0.0 0 5.6 15 270 M M 3 12 20 280
14 81 48 65 -2 0 0 0.00 0.0 0 4.6 16 240 M M 0 20 270
15 82 49 66 -1 0 1 0.00 0.0 0 4.4 15 270 M M 2 12 19 260
16 80 56 68 1 0 3 0.00 0.0 0 5.5 14 270 M M 4 1 19 320
17 77 50 64 -3 1 0 0.00 0.0 0 4.8 14 260 M M 4 18 18 270
18 76 50 63 -5 2 0 0.00 0.0 0 4.2 13 270 M M 5 1 19 260
19 78 57 68 0 0 3 0.00 0.0 0 4.4 14 290 M M 5 1 18 280
20 78 59 69 1 0 4 0.00 0.0 0 5.0 14 290 M M 7 1 18 300
21 82 55 69 1 0 4 0.00 0.0 0 5.5 14 260 M M 5 1 21 290
22 85 57 71 3 0 6 0.00 0.0 0 5.3 14 260 M M 3 12 20 300
23 88 57 73 4 0 8 0.00 0.0 0 5.3 14 270 M M 5 128 19 320
24 86 58 72 3 0 7 0.00 0.0 0 5.6 14 260 M M 5 12 19 270
25 84 57 71 2 0 6 0.00 0.0 0 4.6 14 300 M M 3 1 18 300
26 88 52 70 1 0 5 0.00 0.0 0 5.4 16 300 M M 1 12 20 290
27 86 53 70 1 0 5 0.00 0.0 0 5.8 15 270 M M 2 12 20 290
28 78 59 69 -1 0 4 0.00 0.0 0 5.3 15 270 M M 7 20 270
29 74 51 63 -7 2 0 0.04 0.0 0 5.7 13 240 M M 6 1 20 240
30 79 54 67 -3 0 2 0.00 0.0 0 4.8 15 290 M M 6 19 270
================================================================================
SM 2476 1556 17 92 0.13 0.0 155.9 M 98
================================================================================
AV 82.5 51.9 5.2 FASTST M M 3 MAX(MPH)
MISC ----> # 24 80 # 33 80
================================================================================
NOTES:
# LAST OF SEVERAL OCCURRENCES
COLUMN 17 PEAK WIND IN M.P.H.
PRELIMINARY LOCAL CLIMATOLOGICAL DATA (WS FORM: F-6) , PAGE 2
STATION: RAMONA AIRPORT CA
MONTH: JUNE
YEAR: 2020
LATITUDE: 33 2 N
LONGITUDE: 116 55 W
[TEMPERATURE DATA] [PRECIPITATION DATA] SYMBOLS USED IN COLUMN 16
AVERAGE MONTHLY: 67.2 TOTAL FOR MONTH: 0.13 1 = FOG OR MIST
DPTR FM NORMAL: 0.2 DPTR FM NORMAL: 0.01 2 = FOG REDUCING VISIBILITY
HIGHEST: 96 ON 10 GRTST 24HR 0.08 ON 6- 6 TO 1/4 MILE OR LESS
LOWEST: 39 ON 8 3 = THUNDER
SNOW, ICE PELLETS, HAIL 4 = ICE PELLETS
TOTAL MONTH: 0.0 INCH 5 = HAIL
GRTST 24HR 0.0 6 = FREEZING RAIN OR DRIZZLE
GRTST DEPTH: 0 7 = DUSTSTORM OR SANDSTORM:
VSBY 1/2 MILE OR LESS
8 = SMOKE OR HAZE
[NO. OF DAYS WITH] [WEATHER - DAYS WITH] 9 = BLOWING SNOW
X = TORNADO
MAX 32 OR BELOW: 0 0.01 INCH OR MORE: 3
MAX 90 OR ABOVE: 4 0.10 INCH OR MORE: 0
MIN 32 OR BELOW: 0 0.50 INCH OR MORE: 0
MIN 0 OR BELOW: 0 1.00 INCH OR MORE: 0
[HDD (BASE 65) ]
TOTAL THIS MO. 17 CLEAR (SCALE 0-3) 12
DPTR FM NORMAL -10 PTCLDY (SCALE 4-7) 17
TOTAL FM JUL 1 2253 CLOUDY (SCALE 8-10) 1
DPTR FM NORMAL -298
[CDD (BASE 65) ]
TOTAL THIS MO. 92
DPTR FM NORMAL 6 [PRESSURE DATA]
TOTAL FM JAN 1 150 HIGHEST SLP 30.03 ON 12
DPTR FM NORMAL 37 LOWEST SLP 29.77 ON 28
[REMARKS]
#FINAL-06-20#