000
CXUS55 KREV 010918
CF6RNO
PRELIMINARY LOCAL CLIMATOLOGICAL DATA (WS FORM: F-6)
STATION: RENO-TAHOE INTL AIRPORT NV
MONTH: NOVEMBER
YEAR: 2021
LATITUDE: 39 30 N
LONGITUDE: 119 47 W
TEMPERATURE IN F: :PCPN: SNOW: WIND :SUNSHINE: SKY :PK WND
================================================================================
1 2 3 4 5 6A 6B 7 8 9 10 11 12 13 14 15 16 17 18
12Z AVG MX 2MIN
DY MAX MIN AVG DEP HDD CDD WTR SNW DPTH SPD SPD DIR MIN PSBL S-S WX SPD DR
================================================================================
1 59 44 52 3 13 0 0.00 0.0 0 3.8 23 180 M M 8 27 180
2 66 39 53 4 12 0 0.00 0.0 0 2.3 9 360 M M 6 8 16 280
3 70 37 54 6 11 0 0.00 0.0 0 2.0 8 320 M M 1 9 230
4 70 41 56 8 9 0 T 0.0 0 11.5 33 160 M M 2 8 42 160
5 72 34 53 5 12 0 0.00 0.0 0 6.2 25 160 M M 5 31 170
6 56 45 51 4 14 0 0.03 0.0 0 6.9 26 300 M M 8 34 300
7 54 35 45 -2 20 0 0.00 0.0 0 4.9 15 40 M M 4 17 30
8 58 34 46 0 19 0 T 0.0 0 7.7 45 170 M M 7 53 160
9 61 43 52 6 13 0 0.07 0.0 0 13.6 39 170 M M 8 8 50 160
10 62 37 50 4 15 0 0.01 0.0 0 3.5 14 250 M M 5 8 20 290
11 68 37 53 8 12 0 0.00 0.0 0 2.3 8 270 M M 2 16 280
12 68 34 51 6 14 0 0.00 0.0 0 1.1 7 280 M M 2 11 280
13 67 35 51 6 14 0 0.00 0.0 0 1.1 7 260 M M 3 11 260
14 70 35 53 9 12 0 0.00 0.0 0 0.8 6 280 M M 6 8 12 270
15 71 40 56 12 9 0 0.00 0.0 0 6.3 31 170 M M 8 36 180
16 60 45 53 9 12 0 0.00 0.0 0 6.7 16 30 M M 5 20 270
17 52 33 43 0 22 0 0.00 0.0 0 6.7 17 80 M M 3 20 80
18 57 32 45 2 20 0 0.00 0.0 0 2.8 21 190 M M 8 27 190
19 65 46 56 13 9 0 0.00 0.0 0 6.5 17 350 M M 7 21 320
20 54 35 45 3 20 0 0.00 0.0 0 3.1 13 30 M M 4 14 40
21 55 27 41 -1 24 0 0.00 0.0 0 3.5 14 80 M M 1 18 60
22 57 24 41 -1 24 0 0.00 0.0 0 0.8 7 280 M M 0 13 270
23 58 29 44 3 21 0 0.00 0.0 0 7.1 23 10 M M 3 31 300
24 48 23 36 -5 29 0 0.00 0.0 0 3.8 15 90 M M 1 19 90
25 51 21 36 -4 29 0 0.00 0.0 0 0.6 6 280 M M 5 9 230
26 61 28 45 5 20 0 0.00 0.0 0 1.8 8 190 M M 6 9 320
27 61 29 45 5 20 0 0.00 0.0 0 0.9 7 270 M M 2 13 280
28 63 28 46 6 19 0 0.00 0.0 0 0.7 7 280 M M 1 12 280
29 67 29 48 9 17 0 0.00 0.0 0 1.8 8 60 M M 1 11 280
30 60 28 44 5 21 0 0.00 0.0 0 1.4 8 50 M M 3 10 50
================================================================================
SM 1841 1027 506 0 0.11 0.0 122.2 M 125
================================================================================
AV 61.4 34.2 4.1 FASTST M M 4 MAX(MPH)
MISC ----> 45 170 53 160
================================================================================
NOTES:
# LAST OF SEVERAL OCCURRENCES
COLUMN 17 PEAK WIND IN M.P.H.
PRELIMINARY LOCAL CLIMATOLOGICAL DATA (WS FORM: F-6) , PAGE 2
STATION: RENO-TAHOE INTL AIRPORT NV
MONTH: NOVEMBER
YEAR: 2021
LATITUDE: 39 30 N
LONGITUDE: 119 47 W
[TEMPERATURE DATA] [PRECIPITATION DATA] SYMBOLS USED IN COLUMN 16
AVERAGE MONTHLY: 47.8 TOTAL FOR MONTH: 0.11 1 = FOG OR MIST
DPTR FM NORMAL: 4.0 DPTR FM NORMAL: -0.51 2 = FOG REDUCING VISIBILITY
HIGHEST: 72 ON 5 GRTST 24HR 0.07 ON 8- 9 TO 1/4 MILE OR LESS
LOWEST: 21 ON 25 3 = THUNDER
SNOW, ICE PELLETS, HAIL 4 = ICE PELLETS
TOTAL MONTH: 0.0 INCH 5 = HAIL
GRTST 24HR 0.0 6 = FREEZING RAIN OR DRIZZLE
GRTST DEPTH: 0 7 = DUSTSTORM OR SANDSTORM:
VSBY 1/2 MILE OR LESS
8 = SMOKE OR HAZE
[NO. OF DAYS WITH] [WEATHER - DAYS WITH] 9 = BLOWING SNOW
X = TORNADO
MAX 32 OR BELOW: 0 0.01 INCH OR MORE: 3
MAX 90 OR ABOVE: 0 0.10 INCH OR MORE: 0
MIN 32 OR BELOW: 11 0.50 INCH OR MORE: 0
MIN 0 OR BELOW: 0 1.00 INCH OR MORE: 0
[HDD (BASE 65) ]
TOTAL THIS MO. 506 CLEAR (SCALE 0-3) 14
DPTR FM NORMAL -128 PTCLDY (SCALE 4-7) 15
TOTAL FM JUL 1 923 CLOUDY (SCALE 8-10) 1
DPTR FM NORMAL -89
[CDD (BASE 65) ]
TOTAL THIS MO. 0
DPTR FM NORMAL 0 [PRESSURE DATA]
TOTAL FM JAN 1 1366 HIGHEST SLP M ON M
DPTR FM NORMAL 327 LOWEST SLP 29.80 ON 9
[REMARKS]
THE AVERAGE TEMPERATURE FOR NOVEMBER 2021 AT THE RENO-
TAHOE INTERNATIONAL AIRPORT WAS 47.8 DEGREES WHICH IS 4.0 DEGREES
ABOVE NORMAL. THE HIGHEST TEMPERATURE FOR NOVEMBER WAS 72 DEGREES
WHICH OCCURRED ON THE 5TH. THE LOWEST TEMPERATURE FOR THE MONTH WAS
21 DEGREES WHICH OCCURRED ON THE 25TH.
FOR NOVEMBER 2021, 0.11 INCHES OF PRECIPITATION WERE RECORDED AT THE
RENO-TAHOE INTERNATIONAL AIRPORT. THIS IS 0.51 INCHES BELOW NORMAL.
NO SNOWFALL WAS RECORDED DURING THE MONTH.
THE AVERAGE WIND SPEED FOR NOVEMBER 2021 WAS 4.1 MPH. THE PEAK WIND
GUST FOR THE MONTH WAS 53 MPH FROM THE SOUTH-SOUTHEAST ON THE 8TH.
#FINAL-11-21#