000
CXUS54 KFWD 010730
CF6RPH
PRELIMINARY LOCAL CLIMATOLOGICAL DATA (WS FORM: F-6)
STATION: GRAHAM
MONTH: JUNE
YEAR: 2023
LATITUDE: 33 6 N
LONGITUDE: 98 30 W
TEMPERATURE IN F: :PCPN: SNOW: WIND :SUNSHINE: SKY :PK WND
================================================================================
1 2 3 4 5 6A 6B 7 8 9 10 11 12 13 14 15 16 17 18
12Z AVG MX 2MIN
DY MAX MIN AVG DEP HDD CDD WTR SNW DPTH SPD SPD DIR MIN PSBL S-S WX SPD DR
================================================================================
1 86 65 76 0 0 11 T M M 5.5 14 130 M M 3 21 160
2 89 63 76 0 0 11 0.07 M M 7.4 29 290 M M 3 1 40 290
3 84 62 73 -3 0 8 0.00 M M 2.9 7 300 M M 2 17 40
4 86 65 76 -1 0 11 T M M 3.7 8 60 M M 5 18 160
5 80 64 72 -5 0 7 0.32 M M 2.6 6 280 M M 4 1 29 280
6 87 61 74 -3 0 9 0.00 M M 1.2 9 140 M M 1 17 0
7 89 63 76 -1 0 11 0.08 M M 2.3 12 360 M M 2 1 M M
8 89 64 77 -1 0 12 0.00 M M 3.4 14 350 M M 4 18 40
9 94 65 80 2 0 15 0.00 M M 1.3 6 99 M M 0 8 M M
10 97 70 84 6 0 19 T M M 5.1 10 250 M M 0 8 M M
11 97 67 82 4 0 17 M M M 4.3 12 190 M M 0 18 M M
12 81 66 74 -4 0 9 T M M 7.3 14 120 M M 7 8 28 50
13 77 69 73 -6 0 8 0.00 M M 3.7 7 70 M M 9 1 M M
14 88 73 81 2 0 16 T M M 2.6 8 20 M M 5 18 M M
15 96 69 83 4 0 18 0.00 M M 6.2 15 180 M M 1 1 20 150
16 85 71 78 -1 0 13 T M M 5.9 10 80 M M 4 21 60
17 94 69 82 2 0 17 T M M 5.8 13 130 M M 3 8 21 140
18 93 72 83 3 0 18 0.00 M M 6.8 14 350 M M 1 8 18 30
19 105 69 87 7 0 22 T M M 6.0 13 120 M M 1 8 18 140
20 108 78 93 13 0 28 0.00 M M 5.4 10 60 M M 0 17 60
21 98 80 89 9 0 24 T M M 9.2 16 100 M M 2 24 100
22 94 74 84 4 0 19 T M M 7.5 13 130 M M 2 30 M
23 94 76 85 4 0 20 T M M 7.3 15 150 M M 2 8 36 170
24 106 71 89 8 0 24 0.02 M M 7.2 13 240 M M 1 21 200
25 106 81 94 13 0 29 0.00 M M 5.5 12 210 M M 2 20 200
26 106 77 92 11 0 27 0.00 M M 3.5 12 200 M M 0 17 200
27 108 75 92 11 0 27 0.00 M M 5.4 15 170 M M 0 8 22 170
28 108 81 95 13 0 30 0.00 M M 8.1 14 180 M M 0 8 21 180
29 104 79 92 10 0 27 0.00 M M 7.5 14 160 M M 0 24 160
30 98 77 88 6 0 23 T M M 7.3 13 150 M M 3 46 130
================================================================================
SM 2827 2116 0 530 0.49 M 158.0 M 67
================================================================================
AV 94.2 70.5 5.3 FASTST M M 2 MAX(MPH)
MISC ----> 29 290 46 130
================================================================================
NOTES:
# LAST OF SEVERAL OCCURRENCES
COLUMN 17 PEAK WIND IN M.P.H.
PRELIMINARY LOCAL CLIMATOLOGICAL DATA (WS FORM: F-6) , PAGE 2
STATION: GRAHAM
MONTH: JUNE
YEAR: 2023
LATITUDE: 33 6 N
LONGITUDE: 98 30 W
[TEMPERATURE DATA] [PRECIPITATION DATA] SYMBOLS USED IN COLUMN 16
AVERAGE MONTHLY: 82.4 TOTAL FOR MONTH: 0.49 1 = FOG OR MIST
DPTR FM NORMAL: 3.3 DPTR FM NORMAL: -3.59 2 = FOG REDUCING VISIBILITY
HIGHEST: 108 ON 28,27 GRTST 24HR 0.32 ON 5- 5 TO 1/4 MILE OR LESS
LOWEST: 61 ON 6 3 = THUNDER
SNOW, ICE PELLETS, HAIL 4 = ICE PELLETS
TOTAL MONTH: M 5 = HAIL
GRTST 24HR M ON M 6 = FREEZING RAIN OR DRIZZLE
GRTST DEPTH: M ON M 7 = DUSTSTORM OR SANDSTORM:
VSBY 1/2 MILE OR LESS
8 = SMOKE OR HAZE
[NO. OF DAYS WITH] [WEATHER - DAYS WITH] 9 = BLOWING SNOW
X = TORNADO
MAX 32 OR BELOW: 0 0.01 INCH OR MORE: 4
MAX 90 OR ABOVE: 18 0.10 INCH OR MORE: 1
MIN 32 OR BELOW: 0 0.50 INCH OR MORE: 0
MIN 0 OR BELOW: 0 1.00 INCH OR MORE: 0
[HDD (BASE 65) ]
TOTAL THIS MO. 0 CLEAR (SCALE 0-3) 23
DPTR FM NORMAL -1 PTCLDY (SCALE 4-7) 6
TOTAL FM JUL 1 2376 CLOUDY (SCALE 8-10) 1
DPTR FM NORMAL -534
[CDD (BASE 65) ]
TOTAL THIS MO. 530
DPTR FM NORMAL 106 [PRESSURE DATA]
TOTAL FM JAN 1 879 HIGHEST SLP M ON M
DPTR FM NORMAL 147 LOWEST SLP M ON M
[REMARKS]
#FINAL-06-23#