000
CXUS53 KGRB 011828
CF6RRL
PRELIMINARY LOCAL CLIMATOLOGICAL DATA (WS FORM: F-6)
STATION: MERRILL MUNICIPAL AI
MONTH: OCTOBER
YEAR: 2021
LATITUDE: 45 10 N
LONGITUDE: 89 42 W
TEMPERATURE IN F: :PCPN: SNOW: WIND :SUNSHINE: SKY :PK WND
================================================================================
1 2 3 4 5 6A 6B 7 8 9 10 11 12 13 14 15 16 17 18
12Z AVG MX 2MIN
DY MAX MIN AVG DEP HDD CDD WTR SNW DPTH SPD SPD DIR MIN PSBL S-S WX SPD DR
================================================================================
1 83 48 66 M 0 1 M M M 1.9 9 220 M M 2 1 17 220
2 76 55 66 M 0 1 M M M 3.3 9 250 M M 7 1 17 250
3 68 52 60 M 5 0 M M M 4.7 10 350 M M 10 12 16 10
4 67 57 62 M 3 0 M M M 4.2 8 20 M M 10 M M
5 72 47 60 M 5 0 M M M 2.2 7 190 M M 7 18 M M
6 73 43 58 M 7 0 M M M 2.4 9 150 M M 5 12 M M
7 68 45 57 M 8 0 M M M 3.3 8 90 M M 9 12 M M
8 72 56 64 M 1 0 M M M 2.0 6 200 M M 9 1 M M
9 67 56 62 M 3 0 M M M 4.1 9 130 M M 9 12 M M
10 76 61 69 M 0 4 M M M 8.0 12 190 M M 7 1 20 200
11 65 53 59 M 6 0 M M M 2.3 13 270 M M 6 18 270
12 63 53 58 M 7 0 M M M 4.6 8 350 M M 10 17 10
13 64 54 59 M 6 0 M M M 7.7 15 150 M M 10 24 160
14 62 40 51 M 14 0 M M M 8.3 16 240 M M 1 23 190
15 59 32 46 M 19 0 M M M 6.2 17 260 M M 4 1 23 270
16 57 37 47 M 18 0 M M M 8.6 17 320 M M 4 25 290
17 65 31 48 M 17 0 M M M 5.4 16 320 M M 0 22 320
18 71 27 49 M 16 0 M M M 1.8 8 240 M M 0 M M
19 71 32 52 M 13 0 M M M 2.6 14 250 M M 1 24 240
20 57 42 50 M 15 0 M M M 5.0 12 60 M M 6 M M
21 49 28 39 M 26 0 M M M 7.5 14 30 M M 5 1 21 30
22 44 26 35 M 30 0 M M M 0.8 6 40 M M 9 M M
23 49 28 39 M 26 0 M M M 1.6 7 320 M M 7 M M
24 50 22 36 M 29 0 M M M 5.5 16 80 M M 0 22 80
25 51 32 42 M 23 0 M M M 7.4 16 50 M M 1 23 60
26 52 23 38 M 27 0 M M M 3.5 8 100 M M 0 M M
27 55 26 41 M 24 0 M M M 6.3 14 140 M M 3 1 21 130
28 53 40 47 M 18 0 M M M 4.7 10 100 M M 9 1 M M
29 51 46 49 M 16 0 M M M 9.6 16 20 M M 10 24 20
30 59 32 46 M 19 0 M M M 2.6 8 30 M M 3 12 M M
31 47 31 39 M 26 0 M M M 9.2 15 360 M M 8 24 360
================================================================================
SM 1916 1255 427 6 M M 147.3 M 172
================================================================================
AV 61.8 40.5 4.8 FASTST M M 6 MAX(MPH)
MISC ----> # 17 260 25 290
================================================================================
NOTES:
# LAST OF SEVERAL OCCURRENCES
COLUMN 17 PEAK WIND IN M.P.H.
PRELIMINARY LOCAL CLIMATOLOGICAL DATA (WS FORM: F-6) , PAGE 2
STATION: MERRILL MUNICIPAL AI
MONTH: OCTOBER
YEAR: 2021
LATITUDE: 45 10 N
LONGITUDE: 89 42 W
[TEMPERATURE DATA] [PRECIPITATION DATA] SYMBOLS USED IN COLUMN 16
AVERAGE MONTHLY: 51.1 TOTAL FOR MONTH: M 1 = FOG OR MIST
DPTR FM NORMAL: 0.0 DPTR FM NORMAL: M 2 = FOG REDUCING VISIBILITY
HIGHEST: 83 ON 1 GRTST 24HR M ON M TO 1/4 MILE OR LESS
LOWEST: 22 ON 24 3 = THUNDER
SNOW, ICE PELLETS, HAIL 4 = ICE PELLETS
TOTAL MONTH: M 5 = HAIL
GRTST 24HR M ON M 6 = FREEZING RAIN OR DRIZZLE
GRTST DEPTH: M ON M 7 = DUSTSTORM OR SANDSTORM:
VSBY 1/2 MILE OR LESS
8 = SMOKE OR HAZE
[NO. OF DAYS WITH] [WEATHER - DAYS WITH] 9 = BLOWING SNOW
X = TORNADO
MAX 32 OR BELOW: 0 0.01 INCH OR MORE: 0
MAX 90 OR ABOVE: 0 0.10 INCH OR MORE: 0
MIN 32 OR BELOW: 13 0.50 INCH OR MORE: 0
MIN 0 OR BELOW: 0 1.00 INCH OR MORE: 0
[HDD (BASE 65) ]
TOTAL THIS MO. 427 CLEAR (SCALE 0-3) 9
DPTR FM NORMAL M PTCLDY (SCALE 4-7) 12
TOTAL FM JUL 1 708 CLOUDY (SCALE 8-10) 10
DPTR FM NORMAL M
[CDD (BASE 65) ]
TOTAL THIS MO. 6
DPTR FM NORMAL M [PRESSURE DATA]
TOTAL FM JAN 1 307 HIGHEST SLP M ON M
DPTR FM NORMAL 307 LOWEST SLP M ON M
[REMARKS]
#FINAL-10-21#