000
CXUS53 KARX 010900
CF6RST
PRELIMINARY LOCAL CLIMATOLOGICAL DATA (WS FORM: F-6)
STATION: ROCHESTER MN
MONTH: MARCH
YEAR: 2024
LATITUDE: 43 55 N
LONGITUDE: 92 30 W
TEMPERATURE IN F: :PCPN: SNOW: WIND :SUNSHINE: SKY :PK WND
================================================================================
1 2 3 4 5 6A 6B 7 8 9 10 11 12 13 14 15 16 17 18
12Z AVG MX 2MIN
DY MAX MIN AVG DEP HDD CDD WTR SNW DPTH SPD SPD DIR MIN PSBL S-S WX SPD DR
================================================================================
1 54 30 42 18 23 0 0.00 0.0 0 18.6 31 190 M M 0 40 190
2 64 31 48 23 17 0 0.00 0.0 0 16.1 25 160 M M 0 37 160
3 72 32 52 27 13 0 0.00 0.0 0 22.6 40 220 M M 2 55 170
4 41 27 34 8 31 0 0.01 T 0 8.2 15 350 M M 7 1 20 340
5 51 21 36 10 29 0 0.00 0.0 0 7.9 15 60 M M 0 19 70
6 54 24 39 12 26 0 0.00 0.0 0 12.5 22 130 M M 2 30 130
7 56 30 43 16 22 0 0.00 0.0 0 9.9 23 140 M M 4 29 130
8 42 24 33 5 32 0 0.00 0.0 0 14.8 22 360 M M 3 28 350
9 40 19 30 2 35 0 0.00 0.0 0 14.1 24 330 M M 1 35 330
10 50 18 34 5 31 0 0.00 0.0 0 7.3 15 170 M M 0 22 180
11 74 35 55 26 10 0 0.00 0.0 0 11.6 22 210 M M 0 30 180
12 69 44 57 27 8 0 0.00 0.0 0 12.2 25 210 M M 0 36 200
13 68 35 52 22 13 0 0.06 0.0 0 7.8 21 150 M M 2 8 31 120
14 55 41 48 17 17 0 0.02 0.0 0 12.6 20 20 M M 4 25 20
15 56 28 42 11 23 0 0.00 0.0 0 11.2 23 290 M M 1 31 280
16 49 28 39 7 26 0 0.00 0.0 0 23.1 36 320 M M 5 46 300
17 32 22 27 -5 38 0 T T 0 19.1 28 320 M M 8 36 320
18 37 20 29 -4 36 0 0.00 0.0 0 14.0 22 220 M M 5 30 220
19 56 29 43 10 22 0 0.00 0.0 0 22.8 37 300 M M 0 47 300
20 33 18 26 -8 39 0 0.00 0.0 0 12.7 26 360 M M 1 33 360
21 35 24 30 -4 35 0 0.03 0.4 0 6.3 15 170 M M 10 1 19 180
22 30 18 24 -11 41 0 0.09 2.1 2 11.4 21 340 M M 8 16 26 340
23 34 12 23 -12 42 0 0.03 0.3 1 7.3 14 140 M M 4 1 19 130
24 35 26 31 -5 34 0 0.78 5.7 2 17.9 28 130 M M 10 1 37 120
25 41 34 38 2 27 0 0.62 0.0 5 11.1 21 90 M M 10 12 27 90
26 42 21 32 -4 33 0 0.71 0.1 1 18.8 29 290 M M 10 128 38 290
27 31 18 25 -12 40 0 T T 1 16.7 28 280 M M 6 35 280
28 41 16 29 -8 36 0 0.00 0.0 0 6.3 12 310 M M 0 16 320
29 53 26 40 2 25 0 0.00 0.0 0 11.5 21 130 M M 4 28 120
30 52 35 44 6 21 0 0.00 0.0 0 11.1 21 330 M M 5 30 320
31 47 31 39 0 26 0 0.00 0.0 0 6.7 13 20 M M 8 16 30
================================================================================
SM 1494 817 851 0 2.35 8.6 404.2 M 120
================================================================================
AV 48.2 26.4 13.0 FASTST M M 4 MAX(MPH)
MISC ----> 40 220 55 170
================================================================================
NOTES:
# LAST OF SEVERAL OCCURRENCES
COLUMN 17 PEAK WIND IN M.P.H.
PRELIMINARY LOCAL CLIMATOLOGICAL DATA (WS FORM: F-6) , PAGE 2
STATION: ROCHESTER MN
MONTH: MARCH
YEAR: 2024
LATITUDE: 43 55 N
LONGITUDE: 92 30 W
[TEMPERATURE DATA] [PRECIPITATION DATA] SYMBOLS USED IN COLUMN 16
AVERAGE MONTHLY: 37.3 TOTAL FOR MONTH: 2.35 1 = FOG OR MIST
DPTR FM NORMAL: 5.6 DPTR FM NORMAL: 0.33 2 = FOG REDUCING VISIBILITY
HIGHEST: 74 ON 11 GRTST 24HR 1.25 ON 24-25 TO 1/4 MILE OR LESS
LOWEST: 12 ON 23 3 = THUNDER
SNOW, ICE PELLETS, HAIL 4 = ICE PELLETS
TOTAL MONTH: 8.6 INCHES 5 = HAIL
GRTST 24HR 5.7 ON 24-24 6 = FREEZING RAIN OR DRIZZLE
GRTST DEPTH: 5 ON 25 7 = DUSTSTORM OR SANDSTORM:
VSBY 1/2 MILE OR LESS
8 = SMOKE OR HAZE
[NO. OF DAYS WITH] [WEATHER - DAYS WITH] 9 = BLOWING SNOW
X = TORNADO
MAX 32 OR BELOW: 3 0.01 INCH OR MORE: 9
MAX 90 OR ABOVE: 0 0.10 INCH OR MORE: 3
MIN 32 OR BELOW: 25 0.50 INCH OR MORE: 3
MIN 0 OR BELOW: 0 1.00 INCH OR MORE: 0
[HDD (BASE 65) ]
TOTAL THIS MO. 851 CLEAR (SCALE 0-3) 15
DPTR FM NORMAL -183 PTCLDY (SCALE 4-7) 12
TOTAL FM JUL 1 5635 CLOUDY (SCALE 8-10) 4
DPTR FM NORMAL -1312
[CDD (BASE 65) ]
TOTAL THIS MO. 0
DPTR FM NORMAL 0 [PRESSURE DATA]
TOTAL FM JAN 1 0 HIGHEST SLP 30.42 ON 23
DPTR FM NORMAL 0 LOWEST SLP 29.20 ON 26
[REMARKS]
#FINAL-03-24#