000
CXUS53 KARX 022220
CF6RST
PRELIMINARY LOCAL CLIMATOLOGICAL DATA (WS FORM: F-6)
STATION: ROCHESTER MN
MONTH: OCTOBER
YEAR: 2021
LATITUDE: 43 55 N
LONGITUDE: 92 30 W
TEMPERATURE IN F: :PCPN: SNOW: WIND :SUNSHINE: SKY :PK WND
================================================================================
1 2 3 4 5 6A 6B 7 8 9 10 11 12 13 14 15 16 17 18
12Z AVG MX 2MIN
DY MAX MIN AVG DEP HDD CDD WTR SNW DPTH SPD SPD DIR MIN PSBL S-S WX SPD DR
================================================================================
1 83 58 71 16 0 6 0.06 0.0 0 8.5 18 200 M M 3 1 28 200
2 75 60 68 14 0 3 T 0.0 0 6.7 14 230 M M 8 12 21 240
3 68 53 61 7 4 0 0.02 0.0 0 8.9 16 350 M M 7 1 23 360
4 68 50 59 5 6 0 0.00 0.0 0 6.5 14 360 M M 6 12 18 10
5 70 48 59 6 6 0 0.00 0.0 0 5.9 12 100 M M 5 12 16 60
6 75 53 64 11 1 0 0.00 0.0 0 7.6 16 120 M M 5 20 120
7 64 58 61 9 4 0 0.35 0.0 0 5.8 12 130 M M 10 1 16 120
8 73 59 66 14 0 1 0.28 0.0 0 2.9 9 150 M M 6 1 12 140
9 79 58 69 18 0 4 T 0.0 0 11.9 22 110 M M 1 12 31 140
10 75 51 63 12 2 0 T 0.0 0 11.0 23 210 M M 0 1 35 190
11 61 48 55 5 10 0 0.00 0.0 0 5.8 12 360 M M 0 16 340
12 66 53 60 10 5 0 0.00 0.0 0 5.9 12 320 M M 9 16 320
13 62 50 56 7 9 0 0.15 0.0 0 15.3 32 130 M M 5 1 46 130
14 61 42 52 3 13 0 0.00 0.0 0 10.7 18 260 M M 1 28 250
15 58 37 48 0 17 0 T 0.0 0 8.9 20 270 M M 3 31 280
16 61 35 48 0 17 0 0.00 0.0 0 9.6 21 310 M M 0 39 330
17 68 37 53 5 12 0 0.00 0.0 0 7.3 12 250 M M 0 8 17 240
18 74 40 57 10 8 0 0.00 0.0 0 10.6 22 190 M M 0 28 190
19 74 43 59 12 6 0 0.00 0.0 0 10.8 21 190 M M 1 28 170
20 65 50 58 12 7 0 0.02 0.0 0 8.0 17 210 M M 6 13 24 190
21 51 32 42 -4 23 0 0.01 0.0 0 12.9 24 350 M M 6 1 33 330
22 49 30 40 -5 25 0 0.00 0.0 0 4.6 9 320 M M 3 14 310
23 51 28 40 -5 25 0 0.00 0.0 0 5.6 12 50 M M 0 15 50
24 46 34 40 -4 25 0 0.00 0.0 0 12.5 24 60 M M 4 32 60
25 53 34 44 0 21 0 0.00 0.0 0 10.6 22 30 M M 1 27 30
26 56 32 44 1 21 0 0.00 0.0 0 14.7 23 130 M M 1 32 130
27 53 45 49 6 16 0 0.05 0.0 0 18.5 29 130 M M 10 39 150
28 47 43 45 3 20 0 0.68 0.0 0 12.7 25 330 M M 10 1 32 320
29 53 39 46 4 19 0 0.01 0.0 0 15.1 25 360 M M 8 34 350
30 57 36 47 5 18 0 0.00 0.0 0 6.5 17 310 M M 3 24 310
31 48 31 40 -1 25 0 0.00 0.0 0 17.0 28 310 M M 3 39 330
================================================================================
SM 1944 1367 365 14 1.63 0.0 299.3 M 125
================================================================================
AV 62.7 44.1 9.7 FASTST M M 4 MAX(MPH)
MISC ----> 32 130 46 130
================================================================================
NOTES:
# LAST OF SEVERAL OCCURRENCES
COLUMN 17 PEAK WIND IN M.P.H.
PRELIMINARY LOCAL CLIMATOLOGICAL DATA (WS FORM: F-6) , PAGE 2
STATION: ROCHESTER MN
MONTH: OCTOBER
YEAR: 2021
LATITUDE: 43 55 N
LONGITUDE: 92 30 W
[TEMPERATURE DATA] [PRECIPITATION DATA] SYMBOLS USED IN COLUMN 16
AVERAGE MONTHLY: 53.4 TOTAL FOR MONTH: 1.63 1 = FOG OR MIST
DPTR FM NORMAL: 5.5 DPTR FM NORMAL: -0.80 2 = FOG REDUCING VISIBILITY
HIGHEST: 83 ON 1 GRTST 24HR 0.72 ON 27-28 TO 1/4 MILE OR LESS
LOWEST: 28 ON 23 3 = THUNDER
SNOW, ICE PELLETS, HAIL 4 = ICE PELLETS
TOTAL MONTH: 0.0 INCH 5 = HAIL
GRTST 24HR 0.0 6 = FREEZING RAIN OR DRIZZLE
GRTST DEPTH: 0 7 = DUSTSTORM OR SANDSTORM:
VSBY 1/2 MILE OR LESS
8 = SMOKE OR HAZE
[NO. OF DAYS WITH] [WEATHER - DAYS WITH] 9 = BLOWING SNOW
X = TORNADO
MAX 32 OR BELOW: 0 0.01 INCH OR MORE: 10
MAX 90 OR ABOVE: 0 0.10 INCH OR MORE: 4
MIN 32 OR BELOW: 5 0.50 INCH OR MORE: 1
MIN 0 OR BELOW: 0 1.00 INCH OR MORE: 0
[HDD (BASE 65) ]
TOTAL THIS MO. 365 CLEAR (SCALE 0-3) 14
DPTR FM NORMAL -169 PTCLDY (SCALE 4-7) 12
TOTAL FM JUL 1 459 CLOUDY (SCALE 8-10) 5
DPTR FM NORMAL -290
[CDD (BASE 65) ]
TOTAL THIS MO. 14
DPTR FM NORMAL 8 [PRESSURE DATA]
TOTAL FM JAN 1 714 HIGHEST SLP 30.30 ON 5
DPTR FM NORMAL 181 LOWEST SLP 29.52 ON 10
[REMARKS]
#FINAL-10-21#