000
CXUS53 KARX 020706
CF6RST
PRELIMINARY LOCAL CLIMATOLOGICAL DATA (WS FORM: F-6)
STATION: ROCHESTER MN
MONTH: FEBRUARY
YEAR: 2021
LATITUDE: 43 55 N
LONGITUDE: 92 30 W
TEMPERATURE IN F: :PCPN: SNOW: WIND :SUNSHINE: SKY :PK WND
================================================================================
1 2 3 4 5 6A 6B 7 8 9 10 11 12 13 14 15 16 17 18
12Z AVG MX 2MIN
DY MAX MIN AVG DEP HDD CDD WTR SNW DPTH SPD SPD DIR MIN PSBL S-S WX SPD DR
================================================================================
1 27 19 23 7 42 0 0.00 0.0 7 10.8 17 330 M M 10 1 21 350
2 22 12 17 0 48 0 T T 7 4.3 10 160 M M 7 1 13 70
3 30 12 21 4 44 0 T 0.0 5 18.1 29 160 M M 1 168 38 150
4 31 5 18 1 47 0 0.17 3.0 5 19.5 33 300 M M 9 1289 43 310
5 6 1 4 -13 61 0 0.00 0.0 8 21.9 30 280 M M 5 89 37 280
6 1 -15 -7 -25 72 0 0.00 0.0 8 16.8 25 300 M M 4 8 33 280
7 -5 -20 -12 -30 77 0 0.00 0.0 7 9.3 16 330 M M 3 20 330
8 1 -13 -6 -24 71 0 T T 7 6.5 13 320 M M 5 8 15 310
9 6 -16 -5 -23 70 0 0.00 0.0 7 9.2 15 250 M M 2 19 250
10 6 -7 0 -18 65 0 0.00 0.0 7 8.3 15 310 M M 5 17 310
11 -2 -10 -6 -25 71 0 0.04 0.4 7 9.5 14 330 M M 7 8 18 330
12 -6 -14 -10 -29 75 0 T T 7 12.6 21 340 M M 2 18 26 330
13 -3 -16 -9 -28 74 0 0.05 0.4 8 10.7 20 300 M M 7 8 24 300
14 -8 -19 -13 -33 78 0 0.00 0.0 8 10.8 17 310 M M 0 21 320
15 -3 -23 -13 -33 78 0 0.00 0.0 8 8.6 17 10 M M 0 24 350
16 9 -19 -5 -25 70 0 0.00 0.0 8 4.8 12 350 M M 1 13 340
17 8 -12 -2 -23 67 0 0.01 0.2 7 6.8 13 210 M M 8 8 15 150
18 13 2 8 -13 57 0 0.01 0.1 7 5.8 9 240 M M 9 18 11 250
19 14 -4 5 -17 60 0 T T 7 6.9 12 260 M M 5 18 13 260
20 20 -9 6 -16 59 0 0.00 0.0 7 10.4 17 150 M M 1 18 23 170
21 25 18 22 0 43 0 0.37 4.6 7 9.7 16 150 M M 8 128 21 160
22 39 22 31 8 34 0 T 0.0 11 15.9 22 280 M M 7 12 32 280
23 38 27 33 10 32 0 0.00 0.0 9 11.9 21 280 M M 5 28 290
24 36 21 29 6 36 0 T T 7 14.5 25 330 M M 3 16 36 350
25 30 16 23 -1 42 0 0.00 0.0 7 10.4 15 190 M M 3 12 21 240
26 35 21 28 4 37 0 0.00 0.0 7 17.7 28 180 M M 2 12 36 180
27 41 20 31 6 34 0 0.00 0.0 6 7.8 14 120 M M 2 1 17 200
28 37 17 27 2 38 0 T T 5 17.1 32 320 M M 7 12 42 320
================================================================================
SM 448 16 1582 0 0.65 8.7 316.6 M 128
================================================================================
AV 16.0 0.6 11.3 FASTST M M 5 MAX(MPH)
MISC ----> 33 300 43 310
================================================================================
NOTES:
# LAST OF SEVERAL OCCURRENCES
COLUMN 17 PEAK WIND IN M.P.H.
PRELIMINARY LOCAL CLIMATOLOGICAL DATA (WS FORM: F-6) , PAGE 2
STATION: ROCHESTER MN
MONTH: FEBRUARY
YEAR: 2021
LATITUDE: 43 55 N
LONGITUDE: 92 30 W
[TEMPERATURE DATA] [PRECIPITATION DATA] SYMBOLS USED IN COLUMN 16
AVERAGE MONTHLY: 8.3 TOTAL FOR MONTH: 0.65 1 = FOG OR MIST
DPTR FM NORMAL: -12.0 DPTR FM NORMAL: -0.18 2 = FOG REDUCING VISIBILITY
HIGHEST: 41 ON 27 GRTST 24HR 0.37 ON 21-21 TO 1/4 MILE OR LESS
LOWEST: -23 ON 15 3 = THUNDER
SNOW, ICE PELLETS, HAIL 4 = ICE PELLETS
TOTAL MONTH: 8.7 INCHES 5 = HAIL
GRTST 24HR 4.6 ON 21-21 6 = FREEZING RAIN OR DRIZZLE
GRTST DEPTH: 11 ON 22 7 = DUSTSTORM OR SANDSTORM:
VSBY 1/2 MILE OR LESS
8 = SMOKE OR HAZE
[NO. OF DAYS WITH] [WEATHER - DAYS WITH] 9 = BLOWING SNOW
X = TORNADO
MAX 32 OR BELOW: 22 0.01 INCH OR MORE: 6
MAX 90 OR ABOVE: 0 0.10 INCH OR MORE: 2
MIN 32 OR BELOW: 28 0.50 INCH OR MORE: 0
MIN 0 OR BELOW: 14 1.00 INCH OR MORE: 0
[HDD (BASE 65) ]
TOTAL THIS MO. 1582 CLEAR (SCALE 0-3) 11
DPTR FM NORMAL 329 PTCLDY (SCALE 4-7) 14
TOTAL FM JUL 1 5918 CLOUDY (SCALE 8-10) 3
DPTR FM NORMAL 58
[CDD (BASE 65) ]
TOTAL THIS MO. 0
DPTR FM NORMAL 0 [PRESSURE DATA]
TOTAL FM JAN 1 0 HIGHEST SLP 30.75 ON 14
DPTR FM NORMAL 0 LOWEST SLP 29.52 ON 4
[REMARKS]
#FINAL-02-21#