000
CXUS53 KARX 010930
CF6RST
PRELIMINARY LOCAL CLIMATOLOGICAL DATA (WS FORM: F-6)
STATION: ROCHESTER MN
MONTH: APRIL
YEAR: 2020
LATITUDE: 43 55 N
LONGITUDE: 92 30 W
TEMPERATURE IN F: :PCPN: SNOW: WIND :SUNSHINE: SKY :PK WND
================================================================================
1 2 3 4 5 6A 6B 7 8 9 10 11 12 13 14 15 16 17 18
12Z AVG MX 2MIN
DY MAX MIN AVG DEP HDD CDD WTR SNW DPTH SPD SPD DIR MIN PSBL S-S WX SPD DR
================================================================================
1 51 30 41 1 24 0 0.00 0.0 0 13.2 23 140 M M 4 30 150
2 64 41 53 13 12 0 0.01 0.0 0 17.6 26 150 M M 5 34 140
3 50 25 38 -3 27 0 0.25 0.3 0 16.1 23 310 M M 9 126 32 320
4 43 20 32 -9 33 0 0.00 0.0 T 8.0 20 340 M M 4 25 330
5 57 26 42 0 23 0 0.00 0.0 0 8.2 16 160 M M 0 22 160
6 52 39 46 4 19 0 0.00 0.0 0 12.2 18 150 M M 8 18 24 140
7 69 47 58 15 7 0 0.15 0.0 0 8.1 17 180 M M 7 1238 22 190
8 55 35 45 2 20 0 0.03 0.0 0 14.2 31 300 M M 3 40 290
9 37 29 33 -11 32 0 0.03 0.3 0 19.2 39 320 M M 3 12 49 330
10 47 27 37 -7 28 0 0.00 0.0 0 10.8 22 300 M M 2 27 290
11 59 31 45 0 20 0 0.00 0.0 0 7.0 15 140 M M 3 8 20 150
12 48 26 37 -8 28 0 0.79 7.5 0 21.1 31 330 M M 10 1268 42 330
13 30 18 24 -22 41 0 T 0.2 8 18.8 26 330 M M 2 18 36 340
14 26 14 20 -26 45 0 T 0.2 5 12.3 24 260 M M 4 18 29 260
15 30 8 19 -28 46 0 0.00 0.0 5 10.5 20 320 M M 3 27 310
16 36 16 26 -21 39 0 0.00 0.0 4 9.5 14 210 M M 0 17 240
17 44 28 36 -12 29 0 0.00 0.0 1 9.9 21 280 M M 3 30 260
18 64 30 47 -1 18 0 0.00 0.0 0 17.3 31 230 M M 2 40 220
19 51 31 41 -7 24 0 0.00 0.0 0 10.5 21 340 M M 1 30 340
20 62 29 46 -3 19 0 0.03 0.0 0 18.6 44 290 M M 3 56 290
21 49 28 39 -10 26 0 0.00 0.0 0 11.5 23 310 M M 3 31 310
22 76 37 57 7 8 0 T 0.0 0 12.1 22 50 M M 2 29 140
23 60 38 49 -1 16 0 T 0.0 0 9.8 16 70 M M 6 1 22 50
24 63 41 52 2 13 0 0.08 0.0 0 8.8 15 20 M M 1 18 22 50
25 68 39 54 3 11 0 T 0.0 0 4.5 16 60 M M 4 20 60
26 70 37 54 3 11 0 T 0.0 0 8.8 26 220 M M 3 34 190
27 74 48 61 9 4 0 0.10 0.0 0 10.4 24 230 M M 3 3 30 250
28 62 45 54 2 11 0 0.31 0.0 0 14.9 30 340 M M 8 13 39 330
29 58 42 50 -2 15 0 0.04 0.0 0 20.2 32 350 M M 7 1 44 360
30 66 39 53 0 12 0 0.00 0.0 0 8.6 17 340 M M 0 24 360
================================================================================
SM 1621 944 661 0 1.82 8.5 372.7 M 113
================================================================================
AV 54.0 31.5 12.4 FASTST M M 4 MAX(MPH)
MISC ----> # 44 290 # 56 290
================================================================================
NOTES:
# LAST OF SEVERAL OCCURRENCES
COLUMN 17 PEAK WIND IN M.P.H.
PRELIMINARY LOCAL CLIMATOLOGICAL DATA (WS FORM: F-6) , PAGE 2
STATION: ROCHESTER MN
MONTH: APRIL
YEAR: 2020
LATITUDE: 43 55 N
LONGITUDE: 92 30 W
[TEMPERATURE DATA] [PRECIPITATION DATA] SYMBOLS USED IN COLUMN 16
AVERAGE MONTHLY: 42.8 TOTAL FOR MONTH: 1.82 1 = FOG OR MIST
DPTR FM NORMAL: -4.0 DPTR FM NORMAL: -1.42 2 = FOG REDUCING VISIBILITY
HIGHEST: 76 ON 22 GRTST 24HR 0.79 ON 12-12 TO 1/4 MILE OR LESS
LOWEST: 8 ON 15 3 = THUNDER
SNOW, ICE PELLETS, HAIL 4 = ICE PELLETS
TOTAL MONTH: 8.5 INCHES 5 = HAIL
GRTST 24HR 7.5 ON 12-12 6 = FREEZING RAIN OR DRIZZLE
GRTST DEPTH: 8 ON 13 7 = DUSTSTORM OR SANDSTORM:
VSBY 1/2 MILE OR LESS
8 = SMOKE OR HAZE
[NO. OF DAYS WITH] [WEATHER - DAYS WITH] 9 = BLOWING SNOW
X = TORNADO
MAX 32 OR BELOW: 3 0.01 INCH OR MORE: 11
MAX 90 OR ABOVE: 0 0.10 INCH OR MORE: 5
MIN 32 OR BELOW: 17 0.50 INCH OR MORE: 1
MIN 0 OR BELOW: 0 1.00 INCH OR MORE: 0
[HDD (BASE 65) ]
TOTAL THIS MO. 661 CLEAR (SCALE 0-3) 18
DPTR FM NORMAL 108 PTCLDY (SCALE 4-7) 10
TOTAL FM JUL 1 7569 CLOUDY (SCALE 8-10) 2
DPTR FM NORMAL 144
[CDD (BASE 65) ]
TOTAL THIS MO. 0
DPTR FM NORMAL -4 [PRESSURE DATA]
TOTAL FM JAN 1 0 HIGHEST SLP 30.36 ON 16
DPTR FM NORMAL -4 LOWEST SLP 29.53 ON 20
[REMARKS]
#FINAL-04-20#