000
CXUS51 KBTV 010700
CF6RUT
PRELIMINARY LOCAL CLIMATOLOGICAL DATA (WS FORM: F-6)
STATION: RUTLAND VT
MONTH: APRIL
YEAR: 2022
LATITUDE: 43 31 N
LONGITUDE: 72 57 W
TEMPERATURE IN F: :PCPN: SNOW: WIND :SUNSHINE: SKY :PK WND
================================================================================
1 2 3 4 5 6A 6B 7 8 9 10 11 12 13 14 15 16 17 18
12Z AVG MX 2MIN
DY MAX MIN AVG DEP HDD CDD WTR SNW DPTH SPD SPD DIR MIN PSBL S-S WX SPD DR
================================================================================
1 54 34 44 M 21 0 0.02 M M 8.4 17 280 M M 10 1 32 250
2 46 30 38 M 27 0 T M M 9.9 16 300 M M 3 25 300
3 44 27 36 M 29 0 0.02 M M 5.5 13 100 M M 6 M M
4 50 32 41 M 24 0 T M M 8.6 17 330 M M 5 30 340
5 56 30 43 M 22 0 0.00 M M 6.5 13 130 M M 4 M M
6 58 36 47 M 18 0 0.00 M M 9.9 18 130 M M 5 28 150
7 49 40 45 M 20 0 0.34 M M 15.1 30 120 M M 10 1 49 120
8 51 37 44 M 21 0 0.30 M M 8.2 23 140 M M 7 1 41 110
9 43 33 38 M 27 0 0.13 M M 4.1 12 120 M M 9 1 M M
10 43 32 38 M 27 0 T M M 5.4 13 310 M M 10 12 20 310
11 58 27 43 M 22 0 0.00 M M 4.4 10 110 M M 2 M M
12 65 41 53 M 12 0 0.12 M M 5.2 14 300 M M 6 25 320
13 64 38 51 M 14 0 T M M 8.4 17 120 M M 6 17 140
14 63 45 54 M 11 0 0.16 M M 15.5 27 130 M M 7 1 37 130
15 61 32 47 M 18 0 0.00 M M 8.4 21 260 M M 3 29 240
16 57 35 46 M 19 0 0.35 M M 4.0 16 350 M M 8 1 22 220
17 43 32 38 M 27 0 T M M 5.8 17 290 M M 10 1 25 290
18 58 26 42 M 23 0 0.11 M M 8.8 18 150 M M 2 32 140
19 41 32 37 M 28 0 0.62 M M 10.4 20 150 M M 10 1 35 230
20 49 33 41 M 24 0 T M M 10.7 17 280 M M 6 30 280
21 60 30 45 M 20 0 T M M 11.9 21 160 M M 4 31 130
22 56 35 46 M 19 0 T M M 8.8 14 350 M M 6 22 260
23 51 28 40 M 25 0 0.00 M M 5.5 9 10 M M 3 M M
24 60 39 50 M 15 0 T M M 7.7 14 110 M M 6 22 110
25 68 48 58 M 7 0 0.00 M M 14.5 21 130 M M 1 32 130
26 56 47 52 M 13 0 0.16 M M 5.1 15 110 M M 10 1 M M
27 47 35 41 M 24 0 0.05 M M 9.3 16 290 M M 10 24 330
28 46 32 39 M 26 0 T M M 13.9 22 350 M M 5 37 350
29 51 31 41 M 24 0 0.00 M M 11.4 20 340 M M 0 38 360
30 56 28 42 M 23 0 0.00 M M 8.2 16 350 M M 1 25 330
================================================================================
SM 1604 1025 630 0 2.38 M 259.4 M 175
================================================================================
AV 53.5 34.2 8.6 FASTST M M 6 MAX(MPH)
MISC ----> 30 120 49 120
================================================================================
NOTES:
# LAST OF SEVERAL OCCURRENCES
COLUMN 17 PEAK WIND IN M.P.H.
PRELIMINARY LOCAL CLIMATOLOGICAL DATA (WS FORM: F-6) , PAGE 2
STATION: RUTLAND VT
MONTH: APRIL
YEAR: 2022
LATITUDE: 43 31 N
LONGITUDE: 72 57 W
[TEMPERATURE DATA] [PRECIPITATION DATA] SYMBOLS USED IN COLUMN 16
AVERAGE MONTHLY: 43.8 TOTAL FOR MONTH: 2.38 1 = FOG OR MIST
DPTR FM NORMAL: 0.0 DPTR FM NORMAL: M 2 = FOG REDUCING VISIBILITY
HIGHEST: 68 ON 25 GRTST 24HR 0.62 ON 19-19 TO 1/4 MILE OR LESS
LOWEST: 26 ON 18 3 = THUNDER
SNOW, ICE PELLETS, HAIL 4 = ICE PELLETS
TOTAL MONTH: M 5 = HAIL
GRTST 24HR M ON M 6 = FREEZING RAIN OR DRIZZLE
GRTST DEPTH: M ON M 7 = DUSTSTORM OR SANDSTORM:
VSBY 1/2 MILE OR LESS
8 = SMOKE OR HAZE
[NO. OF DAYS WITH] [WEATHER - DAYS WITH] 9 = BLOWING SNOW
X = TORNADO
MAX 32 OR BELOW: 0 0.01 INCH OR MORE: 12
MAX 90 OR ABOVE: 0 0.10 INCH OR MORE: 9
MIN 32 OR BELOW: 15 0.50 INCH OR MORE: 1
MIN 0 OR BELOW: 0 1.00 INCH OR MORE: 0
[HDD (BASE 65) ]
TOTAL THIS MO. 630 CLEAR (SCALE 0-3) 8
DPTR FM NORMAL M PTCLDY (SCALE 4-7) 14
TOTAL FM JUL 1 6454 CLOUDY (SCALE 8-10) 8
DPTR FM NORMAL M
[CDD (BASE 65) ]
TOTAL THIS MO. 0
DPTR FM NORMAL M [PRESSURE DATA]
TOTAL FM JAN 1 0 HIGHEST SLP M ON M
DPTR FM NORMAL M LOWEST SLP M ON M
[REMARKS]
#FINAL-04-22#