000
CXUS54 KTSA 010850
CF6RVS
PRELIMINARY LOCAL CLIMATOLOGICAL DATA (WS FORM: F-6)
STATION: TULSA-RIVERSIDE OKLAHOMA
MONTH: AUGUST
YEAR: 2022
LATITUDE: 36 2 N
LONGITUDE: 95 59 W
TEMPERATURE IN F: :PCPN: SNOW: WIND :SUNSHINE: SKY :PK WND
================================================================================
1 2 3 4 5 6A 6B 7 8 9 10 11 12 13 14 15 16 17 18
12Z AVG MX 2MIN
DY MAX MIN AVG DEP HDD CDD WTR SNW DPTH SPD SPD DIR MIN PSBL S-S WX SPD DR
================================================================================
1 96 76 86 2 0 21 0.00 0.0 M 7.4 22 200 M M 1 34 190
2 102 73 88 4 0 23 0.00 0.0 M 7.7 16 190 M M 0 23 190
3 104 79 92 8 0 27 0.00 0.0 M 7.4 17 200 M M 0 25 200
4 91 76 84 0 0 19 0.04 0.0 M 7.6 16 170 M M 2 3 24 40
5 101 77 89 5 0 24 0.00 0.0 M 7.4 14 120 M M 1 21 150
6 99 78 89 5 0 24 0.00 0.0 M 7.7 17 190 M M 1 24 190
7 98 75 87 4 0 22 0.00 0.0 M 6.7 15 180 M M 1 22 170
8 99 74 87 4 0 22 0.00 0.0 M 4.9 15 210 M M 1 3 22 220
9 93 74 84 1 0 19 0.15 0.0 M 8.0 17 170 M M 4 13 26 180
10 96 73 85 2 0 20 0.00 0.0 M 2.9 10 110 M M 4 16 120
11 95 71 83 0 0 18 0.00 0.0 M 4.9 13 60 M M 1 19 60
12 94 68 81 -2 0 16 0.00 0.0 M 4.0 14 100 M M 0 19 110
13 97 71 84 1 0 19 0.00 0.0 M 5.1 14 100 M M 0 19 130
14 100 70 85 2 0 20 0.00 0.0 M 4.3 14 110 M M 0 18 180
15 103 71 87 4 0 22 0.00 0.0 M 4.3 14 210 M M 0 20 210
16 106 72 89 7 0 24 T 0.0 M 5.9 20 30 M M 2 3 39 10
17 76 71 74 -8 0 9 0.04 0.0 M 6.3 15 20 M M 9 13 20 30
18 87 67 77 -5 0 12 T 0.0 M 5.5 13 120 M M 5 19 110
19 93 63 78 -4 0 13 0.00 0.0 M 5.3 13 120 M M 1 1 19 110
20 97 68 83 1 0 18 0.00 0.0 M 3.4 12 220 M M 0 17 220
21 84 73 79 -3 0 14 0.00 0.0 M 3.7 15 10 M M 3 23 250
22 92 70 81 0 0 16 0.00 0.0 M 6.7 17 120 M M 4 24 120
23 94 72 83 2 0 18 0.00 0.0 M 6.1 15 50 M M 6 21 80
24 96 70 83 2 0 18 0.00 0.0 M 4.0 14 80 M M 3 19 80
25 95 65 80 -1 0 15 0.00 0.0 M 3.2 15 80 M M 0 20 70
26 97 66 82 2 0 17 0.00 0.0 M 3.5 14 90 M M 0 20 80
27 98 71 85 5 0 20 0.00 0.0 M 7.0 17 110 M M 1 24 110
28 97 78 88 8 0 23 0.03 0.0 M 9.3 17 180 M M 3 28 160
29 93 71 82 2 0 17 0.52 0.0 M 4.6 31 220 M M 1 13 47 210
30 95 71 83 3 0 18 0.00 0.0 M 5.7 16 30 M M 0 22 40
31 96 70 83 4 0 18 0.00 0.0 M 4.2 13 30 M M 0 17 30
================================================================================
SM 2964 2224 0 586 0.78 0.0 174.7 M 54
================================================================================
AV 95.6 71.7 5.6 FASTST M M 2 MAX(MPH)
MISC ----> 31 220 47 210
================================================================================
NOTES:
# LAST OF SEVERAL OCCURRENCES
COLUMN 17 PEAK WIND IN M.P.H.
PRELIMINARY LOCAL CLIMATOLOGICAL DATA (WS FORM: F-6) , PAGE 2
STATION: TULSA-RIVERSIDE OKLAHOMA
MONTH: AUGUST
YEAR: 2022
LATITUDE: 36 2 N
LONGITUDE: 95 59 W
[TEMPERATURE DATA] [PRECIPITATION DATA] SYMBOLS USED IN COLUMN 16
AVERAGE MONTHLY: 83.7 TOTAL FOR MONTH: 0.78 1 = FOG OR MIST
DPTR FM NORMAL: 1.6 DPTR FM NORMAL: -2.86 2 = FOG REDUCING VISIBILITY
HIGHEST: 106 ON 16 GRTST 24HR 0.54 ON 28-29 TO 1/4 MILE OR LESS
LOWEST: 63 ON 19 3 = THUNDER
SNOW, ICE PELLETS, HAIL 4 = ICE PELLETS
TOTAL MONTH: 0.0 INCH 5 = HAIL
GRTST 24HR 0.0 6 = FREEZING RAIN OR DRIZZLE
GRTST DEPTH: M ON M 7 = DUSTSTORM OR SANDSTORM:
VSBY 1/2 MILE OR LESS
8 = SMOKE OR HAZE
[NO. OF DAYS WITH] [WEATHER - DAYS WITH] 9 = BLOWING SNOW
X = TORNADO
MAX 32 OR BELOW: 0 0.01 INCH OR MORE: 5
MAX 90 OR ABOVE: 28 0.10 INCH OR MORE: 2
MIN 32 OR BELOW: 0 0.50 INCH OR MORE: 1
MIN 0 OR BELOW: 0 1.00 INCH OR MORE: 0
[HDD (BASE 65) ]
TOTAL THIS MO. 0 CLEAR (SCALE 0-3) 25
DPTR FM NORMAL 0 PTCLDY (SCALE 4-7) 5
TOTAL FM JUL 1 0 CLOUDY (SCALE 8-10) 1
DPTR FM NORMAL 0
[CDD (BASE 65) ]
TOTAL THIS MO. 586
DPTR FM NORMAL 56 [PRESSURE DATA]
TOTAL FM JAN 1 2046 HIGHEST SLP 30.14 ON 12
DPTR FM NORMAL 270 LOWEST SLP 29.71 ON 28
[REMARKS]
#FINAL-08-22#