000
CXUS53 KMPX 050015
CF6RWF
PRELIMINARY LOCAL CLIMATOLOGICAL DATA (WS FORM: F-6)
STATION: REDWOOD FALLS MN
MONTH: DECEMBER
YEAR: 2020
LATITUDE: 44 32 N
LONGITUDE: 95 5 W
TEMPERATURE IN F: :PCPN: SNOW: WIND :SUNSHINE: SKY :PK WND
================================================================================
1 2 3 4 5 6A 6B 7 8 9 10 11 12 13 14 15 16 17 18
12Z AVG MX 2MIN
DY MAX MIN AVG DEP HDD CDD WTR SNW DPTH SPD SPD DIR MIN PSBL S-S WX SPD DR
================================================================================
1 43 13 28 5 37 0 0.00 M M 9.2 16 140 M M 0 21 150
2 37 18 28 5 37 0 0.00 M M 8.1 15 330 M M 2 24 350
3 46 25 36 14 29 0 0.00 M M 10.7 16 280 M M 0 21 260
4 46 25 36 14 29 0 0.00 M M 5.2 13 290 M M 0 17 320
5 46 20 33 12 32 0 0.00 M M 6.6 15 300 M M 2 1 19 270
6 38 23 31 10 34 0 0.00 M M 4.0 10 310 M M 6 1 15 70
7 31 20 26 6 39 0 0.00 M M 4.3 12 170 M M 9 12 14 190
8 50 22 36 16 29 0 0.00 M M 7.4 15 290 M M 2 12 19 270
9 51 33 42 22 23 0 0.00 M M 7.1 15 320 M M 0 21 320
10 45 30 38 19 27 0 0.00 M M 11.4 22 350 M M 0 33 350
11 37 26 32 13 33 0 0.00 M M 7.4 13 30 M M 1 20 40
12 30 24 27 8 38 0 0.00 M M 7.6 14 10 M M 8 22 10
13 29 14 22 4 43 0 0.00 M M 11.8 23 320 M M 10 8 37 310
14 16 7 12 -6 53 0 T M M 6.7 16 330 M M 2 23 330
15 28 10 19 1 46 0 0.00 M M 10.2 17 180 M M 6 8 21 180
16 32 11 22 5 43 0 0.00 M M 8.8 14 200 M M 4 18 190
17 31 20 26 9 39 0 0.00 M M 10.7 22 150 M M 9 18 27 160
18 41 20 31 14 34 0 0.00 M M 14.9 24 160 M M 9 18 34 340
19 30 6 18 1 47 0 0.00 M M 8.4 20 310 M M 3 25 320
20 41 16 29 13 36 0 0.00 M M 10.1 17 270 M M 3 24 280
21 41 17 29 13 36 0 T M M 16.1 33 320 M M 3 51 330
22 56 14 35 19 30 0 0.00 M M 17.5 32 180 M M 3 41 190
23 43 2 23 7 42 0 0.00 M M 21.8 40 320 M M 6 128 68 330
24 6 -6 0 -16 65 0 0.10 M M 13.7 30 310 M M 0 46 300
25 31 -4 14 -2 51 0 0.00 M M 8.5 16 290 M M 0 21 230
26 30 15 23 8 42 0 0.00 M M 6.2 13 150 M M 3 12 15 150
27 26 9 18 3 47 0 0.00 M M 7.2 15 350 M M 8 18 24 340
28 26 0 13 -2 52 0 0.09 M M 8.1 18 290 M M 5 24 290
29 24 -2 11 -4 54 0 0.00 M M 10.3 20 150 M M 6 18 24 150
30 25 16 21 6 44 0 0.16 M M 15.0 25 290 M M 10 36 310
31 24 13 19 4 46 0 0.00 M M 12.2 21 160 M M 3 26 160
================================================================================
SM 1080 457 1237 0 0.35 M 307.2 M 123
================================================================================
AV 34.8 14.7 9.9 FASTST M M 4 MAX(MPH)
MISC ----> 40 320 68 330
================================================================================
NOTES:
# LAST OF SEVERAL OCCURRENCES
COLUMN 17 PEAK WIND IN M.P.H.
PRELIMINARY LOCAL CLIMATOLOGICAL DATA (WS FORM: F-6) , PAGE 2
STATION: REDWOOD FALLS MN
MONTH: DECEMBER
YEAR: 2020
LATITUDE: 44 32 N
LONGITUDE: 95 5 W
[TEMPERATURE DATA] [PRECIPITATION DATA] SYMBOLS USED IN COLUMN 16
AVERAGE MONTHLY: 24.8 TOTAL FOR MONTH: 0.35 1 = FOG OR MIST
DPTR FM NORMAL: 6.9 DPTR FM NORMAL: -0.26 2 = FOG REDUCING VISIBILITY
HIGHEST: 56 ON 22 GRTST 24HR 0.16 ON 30-30 TO 1/4 MILE OR LESS
LOWEST: -6 ON 24 3 = THUNDER
SNOW, ICE PELLETS, HAIL 4 = ICE PELLETS
TOTAL MONTH: M 5 = HAIL
GRTST 24HR M ON M 6 = FREEZING RAIN OR DRIZZLE
GRTST DEPTH: M ON M 7 = DUSTSTORM OR SANDSTORM:
VSBY 1/2 MILE OR LESS
8 = SMOKE OR HAZE
[NO. OF DAYS WITH] [WEATHER - DAYS WITH] 9 = BLOWING SNOW
X = TORNADO
MAX 32 OR BELOW: 16 0.01 INCH OR MORE: 3
MAX 90 OR ABOVE: 0 0.10 INCH OR MORE: 2
MIN 32 OR BELOW: 30 0.50 INCH OR MORE: 0
MIN 0 OR BELOW: 4 1.00 INCH OR MORE: 0
[HDD (BASE 65) ]
TOTAL THIS MO. 1237 CLEAR (SCALE 0-3) 16
DPTR FM NORMAL -221 PTCLDY (SCALE 4-7) 10
TOTAL FM JUL 1 2896 CLOUDY (SCALE 8-10) 5
DPTR FM NORMAL -280
[CDD (BASE 65) ]
TOTAL THIS MO. 0
DPTR FM NORMAL 0 [PRESSURE DATA]
TOTAL FM JAN 1 805 HIGHEST SLP 30.51 ON 28
DPTR FM NORMAL 136 LOWEST SLP 29.28 ON 23
[REMARKS]
#FINAL-12-20#
THE PRECIPITATION DATA IS FROM THE 8 INCH GAUGE AT REDWOOD
FALLS COOP SITE WITH AN OBSERVATION TIME OF 7 AM.