000
CXUS54 KEWX 011010
CF6RYW
PRELIMINARY LOCAL CLIMATOLOGICAL DATA (WS FORM: F-6)
STATION: LAGO VISTA
MONTH: JULY
YEAR: 2021
LATITUDE: 30 30 N
LONGITUDE: 97 58 W
TEMPERATURE IN F: :PCPN: SNOW: WIND :SUNSHINE: SKY :PK WND
================================================================================
1 2 3 4 5 6A 6B 7 8 9 10 11 12 13 14 15 16 17 18
12Z AVG MX 2MIN
DY MAX MIN AVG DEP HDD CDD WTR SNW DPTH SPD SPD DIR MIN PSBL S-S WX SPD DR
================================================================================
1 98 73 86 M 0 21 0.00 M M 2.7 5 150 M M 2 M M
2 98 73 86 M 0 21 1.70 M M 4.5 17 280 M M 2 3 20 280
3 89 72 81 M 0 16 0.00 M M 4.3 9 270 M M 3 1 17 280
4 89 72 81 M 0 16 0.63 M M 1.6 6 80 M M 8 13 M M
5 88 72 80 M 0 15 0.15 M M 2.8 8 70 M M 8 12 M M
6 89 71 80 M 0 15 0.81 M M 5.2 10 80 M M 8 1 21 0
7 92 69 81 M 0 16 0.08 M M 2.8 7 120 M M 5 12 M M
8 89 69 79 M 0 14 0.59 M M 6.5 12 80 M M 7 22 80
9 81 72 77 M 0 12 0.02 M M 6.9 12 100 M M 10 1 21 100
10 94 73 84 M 0 19 0.02 M M 5.9 12 140 M M 6 1 23 180
11 94 74 84 M 0 19 0.00 M M 5.2 12 200 M M 5 20 190
12 87 71 79 M 0 14 0.01 M M 4.9 10 60 M M 4 3 20 60
13 93 69 81 M 0 16 0.00 M M 5.4 13 190 M M 5 36 150
14 95 69 82 M 0 17 0.00 M M 4.5 12 140 M M 5 26 140
15 94 72 83 M 0 18 0.00 M M 6.8 12 170 M M 6 20 190
16 94 73 84 M 0 19 0.00 M M 8.7 13 190 M M 5 20 200
17 96 73 85 M 0 20 0.00 M M 7.4 12 190 M M 5 18 190
18 97 73 85 M 0 20 0.00 M M 5.5 9 210 M M 3 M M
19 99 72 86 M 0 21 0.88 M M 4.5 7 50 M M 4 13 17 10
20 91 71 81 M 0 16 0.01 M M 5.9 9 50 M M 6 12 M M
21 93 71 82 M 0 17 0.00 M M 5.3 9 50 M M 5 38 M M
22 95 69 82 M 0 17 0.00 M M 4.1 12 180 M M 2 18 25 180
23 94 72 83 M 0 18 0.00 M M 7.6 16 190 M M 5 1 23 200
24 98 74 86 M 0 21 0.00 M M 8.4 14 180 M M 4 20 190
25 100 73 87 M 0 22 0.00 M M 6.8 10 170 M M 1 16 190
26 101 73 87 M 0 22 0.00 M M 5.0 8 240 M M 1 17 240
27 100 75 88 M 0 23 0.00 M M 4.2 10 260 M M 0 M M
28 98 76 87 M 0 22 0.00 M M 3.5 8 140 M M 1 M M
29 96 76 86 M 0 21 0.16 M M 2.8 7 70 M M 2 22 20
30 98 74 86 M 0 21 0.00 M M 3.9 7 150 M M 2 M M
31 98 74 86 M 0 21 0.00 M M 5.1 12 150 M M 1 16 180
================================================================================
SM 2918 2240 0 570 5.06 M 158.9 M 131
================================================================================
AV 94.1 72.3 5.1 FASTST M M 4 MAX(MPH)
MISC ----> 17 280 36 150
================================================================================
NOTES:
# LAST OF SEVERAL OCCURRENCES
COLUMN 17 PEAK WIND IN M.P.H.
PRELIMINARY LOCAL CLIMATOLOGICAL DATA (WS FORM: F-6) , PAGE 2
STATION: LAGO VISTA
MONTH: JULY
YEAR: 2021
LATITUDE: 30 30 N
LONGITUDE: 97 58 W
[TEMPERATURE DATA] [PRECIPITATION DATA] SYMBOLS USED IN COLUMN 16
AVERAGE MONTHLY: 83.2 TOTAL FOR MONTH: 5.06 1 = FOG OR MIST
DPTR FM NORMAL: 0.0 DPTR FM NORMAL: M 2 = FOG REDUCING VISIBILITY
HIGHEST: 101 ON 26 GRTST 24HR 1.70 ON 2- 2 TO 1/4 MILE OR LESS
LOWEST: 69 ON 22,14 3 = THUNDER
SNOW, ICE PELLETS, HAIL 4 = ICE PELLETS
TOTAL MONTH: 0.0 INCH 5 = HAIL
GRTST 24HR M ON M 6 = FREEZING RAIN OR DRIZZLE
GRTST DEPTH: 0 7 = DUSTSTORM OR SANDSTORM:
VSBY 1/2 MILE OR LESS
8 = SMOKE OR HAZE
[NO. OF DAYS WITH] [WEATHER - DAYS WITH] 9 = BLOWING SNOW
X = TORNADO
MAX 32 OR BELOW: 0 0.01 INCH OR MORE: 12
MAX 90 OR ABOVE: 24 0.10 INCH OR MORE: 7
MIN 32 OR BELOW: 0 0.50 INCH OR MORE: 5
MIN 0 OR BELOW: 0 1.00 INCH OR MORE: 1
[HDD (BASE 65) ]
TOTAL THIS MO. 0 CLEAR (SCALE 0-3) 11
DPTR FM NORMAL M PTCLDY (SCALE 4-7) 19
TOTAL FM JUL 1 0 CLOUDY (SCALE 8-10) 1
DPTR FM NORMAL M
[CDD (BASE 65) ]
TOTAL THIS MO. 570
DPTR FM NORMAL M [PRESSURE DATA]
TOTAL FM JAN 1 1538 HIGHEST SLP M ON M
DPTR FM NORMAL M LOWEST SLP M ON M
[REMARKS]
#FINAL-07-21#