000
CXUS56 KLOX 011255
CF6SBA
PRELIMINARY LOCAL CLIMATOLOGICAL DATA (WS FORM: F-6)
STATION: SANTA BARBARA AIRPORT CA
MONTH: NOVEMBER
YEAR: 2023
LATITUDE: 34 25 N
LONGITUDE: 119 50 W
TEMPERATURE IN F: :PCPN: SNOW: WIND :SUNSHINE: SKY :PK WND
================================================================================
1 2 3 4 5 6A 6B 7 8 9 10 11 12 13 14 15 16 17 18
12Z AVG MX 2MIN
DY MAX MIN AVG DEP HDD CDD WTR SNW DPTH SPD SPD DIR MIN PSBL S-S WX SPD DR
================================================================================
1 85 43 64 4 1 0 0.00 M M 2.4 12 240 M M 0 12 250
2 80 45 63 3 2 0 0.00 M M 2.8 10 250 M M 0 12 270
3 76 43 60 0 5 0 0.00 M M 2.9 9 240 M M 0 10 240
4 72 46 59 0 6 0 0.00 M M 3.2 14 260 M M 2 18 17 260
5 73 49 61 2 4 0 0.00 M M 2.7 8 240 M M 0 18 11 250
6 74 48 61 2 4 0 0.00 M M 3.7 14 240 M M 0 17 250
7 79 55 67 8 0 2 0.00 M M 7.5 21 350 M M 0 28 300
8 74 46 60 2 5 0 0.00 M M 5.6 18 20 M M 0 26 10
9 76 39 58 0 7 0 0.00 M M 2.8 13 240 M M 0 15 240
10 72 40 56 -2 9 0 0.00 M M 1.9 8 240 M M 0 10 240
11 79 40 60 2 5 0 0.00 M M 2.3 10 250 M M 0 13 250
12 83 40 62 4 3 0 0.00 M M 2.5 12 240 M M 0 14 250
13 71 44 58 1 7 0 0.00 M M 3.6 14 130 M M 0 18 120
14 73 43 58 1 7 0 0.00 M M 2.1 8 180 M M 0 10 230
15 69 45 57 0 8 0 0.06 M M 10.4 24 140 M M 7 1 32 140
16 71 56 64 7 1 0 0.02 M M 6.2 15 130 M M 6 1 20 130
17 70 52 61 5 4 0 0.01 M M 6.5 15 110 M M 8 1 19 120
18 68 55 62 6 3 0 0.16 M M 7.4 15 110 M M 9 18 19 90
19 79 51 65 9 0 0 0.00 M M 8.3 22 350 M M 0 26 340
20 71 42 57 1 8 0 0.00 M M 3.3 10 150 M M 0 13 140
21 77 39 58 2 7 0 0.00 M M 3.5 13 260 M M 0 8 16 260
22 77 44 61 6 4 0 0.00 M M 2.9 14 270 M M 0 8 17 270
23 72 48 60 5 5 0 0.00 M M 4.6 15 30 M M 0 19 30
24 69 47 58 3 7 0 0.00 M M 3.7 10 240 M M 1 13 240
25 69 44 57 2 8 0 0.00 M M 2.1 9 160 M M 0 12 130
26 70 42 56 2 9 0 0.00 M M 1.7 12 130 M M 0 17 140
27 72 40 56 2 9 0 0.00 M M 2.3 17 130 M M 0 22 130
28 70 41 56 2 9 0 0.00 M M 2.9 12 250 M M 0 13 270
29 67 44 56 2 9 0 0.00 M M 4.4 13 260 M M 4 16 260
30 72 45 59 5 6 0 T M M 4.6 22 260 M M 1 1 30 260
================================================================================
SM 2210 1356 162 2 0.25 M 120.8 M 38
================================================================================
AV 73.7 45.2 4.0 FASTST M M 1 MAX(MPH)
MISC ----> 24 140 32 140
================================================================================
NOTES:
# LAST OF SEVERAL OCCURRENCES
COLUMN 17 PEAK WIND IN M.P.H.
PRELIMINARY LOCAL CLIMATOLOGICAL DATA (WS FORM: F-6) , PAGE 2
STATION: SANTA BARBARA AIRPORT CA
MONTH: NOVEMBER
YEAR: 2023
LATITUDE: 34 25 N
LONGITUDE: 119 50 W
[TEMPERATURE DATA] [PRECIPITATION DATA] SYMBOLS USED IN COLUMN 16
AVERAGE MONTHLY: 59.4 TOTAL FOR MONTH: 0.25 1 = FOG OR MIST
DPTR FM NORMAL: 2.7 DPTR FM NORMAL: -1.02 2 = FOG REDUCING VISIBILITY
HIGHEST: 85 ON 1 GRTST 24HR 0.16 ON 18-18 TO 1/4 MILE OR LESS
LOWEST: 39 ON 21, 9 3 = THUNDER
SNOW, ICE PELLETS, HAIL 4 = ICE PELLETS
TOTAL MONTH: M 5 = HAIL
GRTST 24HR M ON M 6 = FREEZING RAIN OR DRIZZLE
GRTST DEPTH: M ON M 7 = DUSTSTORM OR SANDSTORM:
VSBY 1/2 MILE OR LESS
8 = SMOKE OR HAZE
[NO. OF DAYS WITH] [WEATHER - DAYS WITH] 9 = BLOWING SNOW
X = TORNADO
MAX 32 OR BELOW: 0 0.01 INCH OR MORE: 4
MAX 90 OR ABOVE: 0 0.10 INCH OR MORE: 1
MIN 32 OR BELOW: 0 0.50 INCH OR MORE: 0
MIN 0 OR BELOW: 0 1.00 INCH OR MORE: 0
[HDD (BASE 65) ]
TOTAL THIS MO. 162 CLEAR (SCALE 0-3) 25
DPTR FM NORMAL -89 PTCLDY (SCALE 4-7) 4
TOTAL FM JUL 1 236 CLOUDY (SCALE 8-10) 1
DPTR FM NORMAL -223
[CDD (BASE 65) ]
TOTAL THIS MO. 2
DPTR FM NORMAL -1 [PRESSURE DATA]
TOTAL FM JAN 1 344 HIGHEST SLP 30.30 ON 21
DPTR FM NORMAL 129 LOWEST SLP 29.74 ON 23
[REMARKS]
#FINAL-11-23#