000
CXUS53 KMKX 010910
CF6SBM
PRELIMINARY LOCAL CLIMATOLOGICAL DATA (WS FORM: F-6)
STATION: SHEBOYGAN WI
MONTH: FEBRUARY
YEAR: 2024
LATITUDE: 43 46 N
LONGITUDE: 87 51 W
TEMPERATURE IN F: :PCPN: SNOW: WIND :SUNSHINE: SKY :PK WND
================================================================================
1 2 3 4 5 6A 6B 7 8 9 10 11 12 13 14 15 16 17 18
12Z AVG MX 2MIN
DY MAX MIN AVG DEP HDD CDD WTR SNW DPTH SPD SPD DIR MIN PSBL S-S WX SPD DR
================================================================================
1 42 29 36 17 29 0 T M M 9.7 20 40 M M 2 1 25 50
2 33 27 30 11 35 0 T M M 6.6 13 50 M M 10 1 16 20
3 35 26 31 12 34 0 T M M 3.1 9 160 M M 10 1 12 170
4 42 26 34 14 31 0 0.00 M M 3.9 10 40 M M 8 12 13 50
5 32 27 30 10 35 0 0.00 M M 5.3 13 40 M M 10 12 16 30
6 39 26 33 13 32 0 0.00 M M 8.0 14 180 M M 9 12 18 170
7 39 28 34 14 31 0 0.00 M M 7.5 16 170 M M 2 128 23 170
8 50 36 43 23 22 0 0.16 M M 11.4 29 250 M M 3 1 36 250
9 49 35 42 22 23 0 0.00 M M 16.9 29 250 M M 9 40 230
10 36 25 31 10 34 0 0.00 M M 12.2 22 260 M M 6 28 290
11 34 24 29 8 36 0 0.00 M M 6.4 13 280 M M 7 19 300
12 44 23 34 13 31 0 0.00 M M 8.0 20 260 M M 3 27 250
13 32 20 26 5 39 0 0.00 M M 5.3 13 350 M M 9 8 18 330
14 41 20 31 9 34 0 0.00 M M 6.8 16 210 M M 8 20 210
15 36 20 28 6 37 0 0.41 M M 11.8 25 330 M M 6 1 38 290
16 24 9 17 -5 48 0 0.00 M M 9.7 17 320 M M 1 28 310
17 26 4 15 -7 50 0 0.00 M M 15.5 29 240 M M 0 40 220
18 33 10 22 -1 43 0 0.00 M M 8.9 21 260 M M 1 31 300
19 36 8 22 -1 43 0 0.00 M M 2.8 10 180 M M 0 12 13 170
20 42 22 32 9 33 0 0.00 M M 6.0 15 170 M M 4 128 21 160
21 53 31 42 18 23 0 T M M 2.8 10 300 M M 2 8 15 290
22 56 27 42 18 23 0 0.00 M M 4.9 13 300 M M 0 1 20 310
23 41 15 28 4 37 0 T M M 13.5 25 40 M M 6 33 30
24 31 15 23 -2 42 0 0.00 M M 9.7 20 200 M M 4 24 180
25 53 25 39 14 26 0 0.00 M M 9.5 18 280 M M 1 26 280
26 45 23 34 8 31 0 0.00 M M 8.1 20 140 M M 0 1 28 160
27 70 34 52 26 13 0 0.00 M M 9.2 23 300 M M 0 12 35 320
28 42 14 28 2 37 0 0.05 M M 18.0 29 310 M M 5 1 44 320
29 33 9 21 -5 44 0 0.00 M M 7.2 18 160 M M 0 26 180
================================================================================
SM 1169 638 976 0 0.62 M 248.7 M 126
================================================================================
AV 40.3 22.0 8.6 FASTST M M 4 MAX(MPH)
MISC ----> # 29 250 44 320
================================================================================
NOTES:
# LAST OF SEVERAL OCCURRENCES
COLUMN 17 PEAK WIND IN M.P.H.
PRELIMINARY LOCAL CLIMATOLOGICAL DATA (WS FORM: F-6) , PAGE 2
STATION: SHEBOYGAN WI
MONTH: FEBRUARY
YEAR: 2024
LATITUDE: 43 46 N
LONGITUDE: 87 51 W
[TEMPERATURE DATA] [PRECIPITATION DATA] SYMBOLS USED IN COLUMN 16
AVERAGE MONTHLY: 31.2 TOTAL FOR MONTH: 0.62 1 = FOG OR MIST
DPTR FM NORMAL: 9.1 DPTR FM NORMAL: -0.34 2 = FOG REDUCING VISIBILITY
HIGHEST: 70 ON 27 GRTST 24HR 0.41 ON 15-15 TO 1/4 MILE OR LESS
LOWEST: 4 ON 17 3 = THUNDER
SNOW, ICE PELLETS, HAIL 4 = ICE PELLETS
TOTAL MONTH: M 5 = HAIL
GRTST 24HR M ON M 6 = FREEZING RAIN OR DRIZZLE
GRTST DEPTH: M ON M 7 = DUSTSTORM OR SANDSTORM:
VSBY 1/2 MILE OR LESS
8 = SMOKE OR HAZE
[NO. OF DAYS WITH] [WEATHER - DAYS WITH] 9 = BLOWING SNOW
X = TORNADO
MAX 32 OR BELOW: 5 0.01 INCH OR MORE: 3
MAX 90 OR ABOVE: 0 0.10 INCH OR MORE: 2
MIN 32 OR BELOW: 26 0.50 INCH OR MORE: 0
MIN 0 OR BELOW: 0 1.00 INCH OR MORE: 0
[HDD (BASE 65) ]
TOTAL THIS MO. 976 CLEAR (SCALE 0-3) 13
DPTR FM NORMAL -225 PTCLDY (SCALE 4-7) 10
TOTAL FM JUL 1 4441 CLOUDY (SCALE 8-10) 6
DPTR FM NORMAL -1091
[CDD (BASE 65) ]
TOTAL THIS MO. 0
DPTR FM NORMAL 0 [PRESSURE DATA]
TOTAL FM JAN 1 0 HIGHEST SLP 30.48 ON 29
DPTR FM NORMAL 0 LOWEST SLP 29.20 ON 27
[REMARKS]
#FINAL-02-24#