000
CXUS56 KLOX 011155
CF6SBP
PRELIMINARY LOCAL CLIMATOLOGICAL DATA (WS FORM: F-6)
STATION: SAN LUIS OBISPO AIRPORT CA
MONTH: APRIL
YEAR: 2021
LATITUDE: 35 13 N
LONGITUDE: 120 38 W
TEMPERATURE IN F: :PCPN: SNOW: WIND :SUNSHINE: SKY :PK WND
================================================================================
1 2 3 4 5 6A 6B 7 8 9 10 11 12 13 14 15 16 17 18
12Z AVG MX 2MIN
DY MAX MIN AVG DEP HDD CDD WTR SNW DPTH SPD SPD DIR MIN PSBL S-S WX SPD DR
================================================================================
1 86 43 65 9 0 0 0.00 M M 4.8 20 310 M M 0 23 300
2 68 48 58 2 7 0 0.00 M M 5.2 14 320 M M 5 12 17 320
3 61 47 54 -2 11 0 0.00 M M 8.2 17 310 M M 4 M M
4 67 41 54 -2 11 0 0.00 M M 10.8 24 310 M M 0 28 310
5 63 45 54 -2 11 0 0.00 M M 11.8 22 310 M M 5 30 310
6 68 45 57 1 8 0 0.00 M M 11.6 28 310 M M 3 33 300
7 68 46 57 1 8 0 0.00 M M 7.8 21 310 M M 4 1 M M
8 65 43 54 -2 11 0 0.00 M M 11.3 25 310 M M 1 1 30 310
9 69 43 56 0 9 0 0.00 M M 15.7 28 310 M M 0 36 320
10 69 46 58 2 7 0 0.00 M M 14.2 23 320 M M 0 1 32 310
11 70 47 59 3 6 0 0.00 M M 15.1 25 310 M M 2 18 33 310
12 64 48 56 0 9 0 0.00 M M 8.7 21 300 M M 7 18 25 300
13 60 49 55 -1 10 0 0.00 M M 5.7 17 320 M M 10 25 340
14 62 44 53 -4 12 0 0.00 M M 5.5 17 310 M M 7 22 320
15 65 40 53 -4 12 0 0.00 M M 8.2 24 320 M M 3 1 27 310
16 65 45 55 -2 10 0 0.00 M M 11.3 24 310 M M 5 1 29 300
17 65 47 56 -1 9 0 0.00 M M 9.6 25 320 M M 5 1 28 310
18 80 45 63 6 2 0 0.00 M M 6.9 22 320 M M 5 12 26 310
19 64 45 55 -2 10 0 0.00 M M 8.1 23 300 M M 4 27 310
20 65 44 55 -2 10 0 0.00 M M 8.9 23 310 M M 6 26 330
21 57 50 54 -3 11 0 T M M 4.5 15 300 M M 10 1 18 310
22 59 49 54 -3 11 0 0.00 M M 6.9 14 300 M M 9 1 M M
23 59 49 54 -4 11 0 T M M 4.8 16 330 M M 10 1 20 330
24 62 49 56 -2 9 0 0.00 M M 6.8 20 310 M M 7 23 310
25 59 47 53 -5 12 0 0.01 M M 4.5 15 310 M M 9 18 300
26 63 46 55 -3 10 0 0.00 M M 8.9 23 320 M M 4 35 300
27 67 41 54 -4 11 0 0.00 M M 9.8 29 320 M M 1 35 310
28 80 43 62 4 3 0 0.00 M M 8.3 23 310 M M 0 26 310
29 87 46 67 9 0 2 0.00 M M 7.8 25 310 M M 0 31 310
30 76 44 60 2 5 0 0.00 M M 8.3 22 310 M M 2 1 25 310
================================================================================
SM 2013 1365 256 2 0.01 M 259.9 M 128
================================================================================
AV 67.1 45.5 8.7 FASTST M M 4 MAX(MPH)
MISC ----> 29 320 36 320
================================================================================
NOTES:
# LAST OF SEVERAL OCCURRENCES
COLUMN 17 PEAK WIND IN M.P.H.
PRELIMINARY LOCAL CLIMATOLOGICAL DATA (WS FORM: F-6) , PAGE 2
STATION: SAN LUIS OBISPO AIRPORT CA
MONTH: APRIL
YEAR: 2021
LATITUDE: 35 13 N
LONGITUDE: 120 38 W
[TEMPERATURE DATA] [PRECIPITATION DATA] SYMBOLS USED IN COLUMN 16
AVERAGE MONTHLY: 56.3 TOTAL FOR MONTH: 0.01 1 = FOG OR MIST
DPTR FM NORMAL: -0.6 DPTR FM NORMAL: -1.10 2 = FOG REDUCING VISIBILITY
HIGHEST: 87 ON 29 GRTST 24HR 0.01 ON 25-25 TO 1/4 MILE OR LESS
LOWEST: 40 ON 15 3 = THUNDER
SNOW, ICE PELLETS, HAIL 4 = ICE PELLETS
TOTAL MONTH: M 5 = HAIL
GRTST 24HR M ON M 6 = FREEZING RAIN OR DRIZZLE
GRTST DEPTH: M ON M 7 = DUSTSTORM OR SANDSTORM:
VSBY 1/2 MILE OR LESS
8 = SMOKE OR HAZE
[NO. OF DAYS WITH] [WEATHER - DAYS WITH] 9 = BLOWING SNOW
X = TORNADO
MAX 32 OR BELOW: 0 0.01 INCH OR MORE: 1
MAX 90 OR ABOVE: 0 0.10 INCH OR MORE: 0
MIN 32 OR BELOW: 0 0.50 INCH OR MORE: 0
MIN 0 OR BELOW: 0 1.00 INCH OR MORE: 0
[HDD (BASE 65) ]
TOTAL THIS MO. 256 CLEAR (SCALE 0-3) 12
DPTR FM NORMAL 4 PTCLDY (SCALE 4-7) 13
TOTAL FM JUL 1 1746 CLOUDY (SCALE 8-10) 5
DPTR FM NORMAL -393
[CDD (BASE 65) ]
TOTAL THIS MO. 2
DPTR FM NORMAL -5 [PRESSURE DATA]
TOTAL FM JAN 1 16 HIGHEST SLP 30.20 ON 4
DPTR FM NORMAL 6 LOWEST SLP 29.78 ON 11
[REMARKS]
#FINAL-04-21#