000
CXUS56 KLOX 020108
CF6SBP
PRELIMINARY LOCAL CLIMATOLOGICAL DATA (WS FORM: F-6)
STATION: SAN LUIS OBISPO AIRPORT CA
MONTH: FEBRUARY
YEAR: 2021
LATITUDE: 35 13 N
LONGITUDE: 120 38 W
TEMPERATURE IN F: :PCPN: SNOW: WIND :SUNSHINE: SKY :PK WND
================================================================================
1 2 3 4 5 6A 6B 7 8 9 10 11 12 13 14 15 16 17 18
12Z AVG MX 2MIN
DY MAX MIN AVG DEP HDD CDD WTR SNW DPTH SPD SPD DIR MIN PSBL S-S WX SPD DR
================================================================================
1 64 44 54 1 11 0 0.00 M M 3.1 13 250 M M 1 15 320
2 65 40 53 0 12 0 0.00 M M 6.5 17 310 M M 2 1 20 330
3 67 50 59 6 6 0 0.00 M M 9.7 18 330 M M 1 1 24 350
4 68 46 57 4 8 0 0.00 M M 7.1 22 310 M M 0 28 300
5 73 41 57 4 8 0 0.00 M M 5.4 22 300 M M 0 27 310
6 76 46 61 8 4 0 0.00 M M 7.9 21 300 M M 0 24 300
7 77 38 58 5 7 0 0.00 M M 6.6 23 320 M M 1 12 25 310
8 58 43 51 -2 14 0 0.00 M M 4.5 12 230 M M 9 12 15 220
9 57 49 53 0 12 0 0.00 M M 4.6 14 300 M M 9 16 300
10 67 45 56 3 9 0 0.00 M M 9.3 22 320 M M 2 26 320
11 68 45 57 4 8 0 T M M 8.3 24 320 M M 2 1 30 340
12 65 49 57 4 8 0 0.14 M M 10.2 24 310 M M 4 1 28 310
13 60 46 53 0 12 0 0.00 M M 11.5 22 310 M M 2 28 310
14 64 45 55 2 10 0 0.00 M M 10.3 26 310 M M 1 30 310
15 65 47 56 3 9 0 0.00 M M 8.8 18 310 M M 4 1 23 320
16 64 47 56 3 9 0 0.00 M M 12.9 22 310 M M 0 26 300
17 67 47 57 4 8 0 0.00 M M 10.0 20 350 M M 0 26 330
18 69 37 53 0 12 0 0.00 M M 5.2 20 320 M M 0 23 330
19 69 36 53 0 12 0 0.00 M M 10.0 25 310 M M 3 1 29 310
20 63 46 55 2 10 0 0.00 M M 11.6 26 340 M M 2 1 35 320
21 71 46 59 6 6 0 0.00 M M 7.0 22 310 M M 0 27 320
22 79 41 60 6 5 0 0.00 M M 5.4 21 320 M M 0 25 320
23 81 43 62 8 3 0 0.00 M M 4.0 17 350 M M 0 M M
24 75 45 60 6 5 0 0.00 M M 7.2 21 310 M M 0 24 300
25 74 47 61 7 4 0 0.00 M M 6.0 22 300 M M 0 27 300
26 73 42 58 4 7 0 0.00 M M 11.8 24 310 M M 0 29 310
27 68 47 58 4 7 0 0.00 M M 12.9 25 330 M M 0 32 330
28 68 40 54 0 11 0 0.00 M M 4.4 15 210 M M 0 19 150
================================================================================
SM 1915 1238 237 0 0.14 M 222.2 M 43
================================================================================
AV 68.4 44.2 7.9 FASTST M M 2 MAX(MPH)
MISC ----> # 26 310 35 320
================================================================================
NOTES:
# LAST OF SEVERAL OCCURRENCES
COLUMN 17 PEAK WIND IN M.P.H.
PRELIMINARY LOCAL CLIMATOLOGICAL DATA (WS FORM: F-6) , PAGE 2
STATION: SAN LUIS OBISPO AIRPORT CA
MONTH: FEBRUARY
YEAR: 2021
LATITUDE: 35 13 N
LONGITUDE: 120 38 W
[TEMPERATURE DATA] [PRECIPITATION DATA] SYMBOLS USED IN COLUMN 16
AVERAGE MONTHLY: 56.3 TOTAL FOR MONTH: 0.14 1 = FOG OR MIST
DPTR FM NORMAL: 3.1 DPTR FM NORMAL: -3.51 2 = FOG REDUCING VISIBILITY
HIGHEST: 81 ON 23 GRTST 24HR 0.14 ON 11-12 TO 1/4 MILE OR LESS
LOWEST: 36 ON 19 3 = THUNDER
SNOW, ICE PELLETS, HAIL 4 = ICE PELLETS
TOTAL MONTH: M 5 = HAIL
GRTST 24HR M ON M 6 = FREEZING RAIN OR DRIZZLE
GRTST DEPTH: M ON M 7 = DUSTSTORM OR SANDSTORM:
VSBY 1/2 MILE OR LESS
8 = SMOKE OR HAZE
[NO. OF DAYS WITH] [WEATHER - DAYS WITH] 9 = BLOWING SNOW
X = TORNADO
MAX 32 OR BELOW: 0 0.01 INCH OR MORE: 1
MAX 90 OR ABOVE: 0 0.10 INCH OR MORE: 1
MIN 32 OR BELOW: 0 0.50 INCH OR MORE: 0
MIN 0 OR BELOW: 0 1.00 INCH OR MORE: 0
[HDD (BASE 65) ]
TOTAL THIS MO. 237 CLEAR (SCALE 0-3) 24
DPTR FM NORMAL -95 PTCLDY (SCALE 4-7) 2
TOTAL FM JUL 1 1125 CLOUDY (SCALE 8-10) 2
DPTR FM NORMAL -444
[CDD (BASE 65) ]
TOTAL THIS MO. 0
DPTR FM NORMAL -1 [PRESSURE DATA]
TOTAL FM JAN 1 14 HIGHEST SLP 30.41 ON 21
DPTR FM NORMAL 14 LOWEST SLP 29.87 ON 7
[REMARKS]
#FINAL-02-21#