000
CXUS56 KLOX 011155
CF6SDB
PRELIMINARY LOCAL CLIMATOLOGICAL DATA (WS FORM: F-6)
STATION: SANDBERG CA
MONTH: OCTOBER
YEAR: 2022
LATITUDE: 34 45 N
LONGITUDE: 118 44 W
TEMPERATURE IN F: :PCPN: SNOW: WIND :SUNSHINE: SKY :PK WND
================================================================================
1 2 3 4 5 6A 6B 7 8 9 10 11 12 13 14 15 16 17 18
12Z AVG MX 2MIN
DY MAX MIN AVG DEP HDD CDD WTR SNW DPTH SPD SPD DIR MIN PSBL S-S WX SPD DR
================================================================================
1 77 61 69 2 0 4 0.00 M M 11.3 18 160 M M 0 29 170
2 79 58 69 3 0 4 0.00 M M 10.8 23 170 M M 0 34 190
3 84 63 74 8 0 9 0.00 M M 9.7 24 320 M M 0 29 320
4 86 65 76 10 0 11 0.00 M M 10.2 20 320 M M 0 30 330
5 87 68 78 13 0 13 0.00 M M 10.6 23 320 M M 0 33 320
6 85 68 77 12 0 12 0.00 M M 13.7 24 320 M M 0 33 320
7 84 66 75 10 0 10 0.00 M M 14.4 18 330 M M 0 32 350
8 84 65 75 11 0 10 0.00 M M 10.6 18 100 M M 0 26 80
9 84 64 74 10 0 9 0.00 M M 7.5 12 140 M M 0 17 10
10 82 62 72 8 0 7 T M M 9.0 17 330 M M 2 25 330
11 80 57 69 6 0 4 0.00 M M 8.2 23 170 M M 1 38 180
12 80 60 70 7 0 5 T M M 9.4 16 140 M M 2 30 170
13 80 62 71 8 0 6 T M M 9.5 14 100 M M 1 28 100
14 80 62 71 9 0 6 0.00 M M 9.5 15 110 M M 0 32 40
15 69 51 60 -2 5 0 0.00 M M 11.8 15 330 M M 1 12 M M
16 75 53 64 2 1 0 0.00 M M 8.0 14 330 M M 0 18 180
17 78 57 68 6 0 3 0.00 M M 11.3 20 310 M M 0 33 20
18 78 62 70 9 0 5 0.00 M M 12.3 20 80 M M 0 32 100
19 78 63 71 10 0 6 0.00 M M M 17 60 M M 0 27 60
20 78 63 71 10 0 6 0.00 M M 8.1 14 100 M M 0 31 110
21 77 56 67 7 0 2 0.00 M M 7.1 16 160 M M 0 23 160
22 57 47 52 -8 13 0 0.00 M M 11.5 26 310 M M 6 128 39 290
23 53 39 46 -14 19 0 0.00 M M 16.3 40 340 M M 1 55 340
24 59 38 49 -10 16 0 0.00 M M 12.9 20 60 M M 0 35 60
25 66 49 58 -1 7 0 0.00 M M 15.5 23 330 M M 0 33 340
26 63 43 53 -6 12 0 0.00 M M 14.4 30 320 M M 0 52 320
27 61 44 53 -6 12 0 0.00 M M 15.0 26 60 M M 0 41 340
28 63 49 56 -2 9 0 0.00 M M 8.1 20 70 M M 0 28 70
29 67 47 57 -1 8 0 0.00 M M 10.7 22 330 M M 0 35 340
30 69 51 60 2 5 0 0.00 M M 10.8 24 60 M M 0 38 70
31 71 54 63 6 2 0 0.00 M M 8.4 14 190 M M 0 21 150
================================================================================
SM 2314 1747 109 132 T M 326.6 M 14
================================================================================
AV 74.6 56.4 10.9 FASTST M M 0 MAX(MPH)
MISC ----> 40 340 55 340
================================================================================
NOTES:
# LAST OF SEVERAL OCCURRENCES
COLUMN 17 PEAK WIND IN M.P.H.
PRELIMINARY LOCAL CLIMATOLOGICAL DATA (WS FORM: F-6) , PAGE 2
STATION: SANDBERG CA
MONTH: OCTOBER
YEAR: 2022
LATITUDE: 34 45 N
LONGITUDE: 118 44 W
[TEMPERATURE DATA] [PRECIPITATION DATA] SYMBOLS USED IN COLUMN 16
AVERAGE MONTHLY: 65.5 TOTAL FOR MONTH: T 1 = FOG OR MIST
DPTR FM NORMAL: 3.6 DPTR FM NORMAL: -0.60 2 = FOG REDUCING VISIBILITY
HIGHEST: 87 ON 5 GRTST 24HR T ON 10-10 TO 1/4 MILE OR LESS
LOWEST: 38 ON 24 3 = THUNDER
SNOW, ICE PELLETS, HAIL 4 = ICE PELLETS
TOTAL MONTH: M 5 = HAIL
GRTST 24HR M ON M 6 = FREEZING RAIN OR DRIZZLE
GRTST DEPTH: M ON M 7 = DUSTSTORM OR SANDSTORM:
VSBY 1/2 MILE OR LESS
8 = SMOKE OR HAZE
[NO. OF DAYS WITH] [WEATHER - DAYS WITH] 9 = BLOWING SNOW
X = TORNADO
MAX 32 OR BELOW: 0 0.01 INCH OR MORE: 0
MAX 90 OR ABOVE: 0 0.10 INCH OR MORE: 0
MIN 32 OR BELOW: 0 0.50 INCH OR MORE: 0
MIN 0 OR BELOW: 0 1.00 INCH OR MORE: 0
[HDD (BASE 65) ]
TOTAL THIS MO. 109 CLEAR (SCALE 0-3) 30
DPTR FM NORMAL -64 PTCLDY (SCALE 4-7) 1
TOTAL FM JUL 1 147 CLOUDY (SCALE 8-10) 0
DPTR FM NORMAL -69
[CDD (BASE 65) ]
TOTAL THIS MO. 132
DPTR FM NORMAL 56 [PRESSURE DATA]
TOTAL FM JAN 1 1568 HIGHEST SLP M ON M
DPTR FM NORMAL 282 LOWEST SLP M ON M
[REMARKS]
#FINAL-10-22#