000
CXUS56 KLOX 011655
CF6SDB
PRELIMINARY LOCAL CLIMATOLOGICAL DATA (WS FORM: F-6)
STATION: SANDBERG CA
MONTH: MARCH
YEAR: 2020
LATITUDE: 34 45 N
LONGITUDE: 118 44 W
TEMPERATURE IN F: :PCPN: SNOW: WIND :SUNSHINE: SKY :PK WND
================================================================================
1 2 3 4 5 6A 6B 7 8 9 10 11 12 13 14 15 16 17 18
12Z AVG MX 2MIN
DY MAX MIN AVG DEP HDD CDD WTR SNW DPTH SPD SPD DIR MIN PSBL S-S WX SPD DR
================================================================================
1 46 33 40 -5 25 0 0.05 M 0 12.7 25 160 M M 10 128 34 140
2 50 31 41 -4 24 0 0.00 0.0 0 13.0 26 310 M M 2 12 34 310
3 66 41 54 9 11 0 0.00 0.0 0 10.4 22 50 M M 0 32 60
4 69 52 61 15 4 0 0.00 0.0 0 7.5 15 160 M M 0 21 170
5 70 52 61 15 4 0 0.00 0.0 0 6.2 14 150 M M 0 20 130
6 67 45 56 10 9 0 0.00 0.0 0 10.5 23 200 M M 0 30 190
7 50 36 43 -3 22 0 0.00 0.0 0 15.7 30 150 M M 8 128 40 160
8 51 35 43 -3 22 0 0.00 0.0 M 14.0 26 160 M M 2 12 33 170
9 57 37 47 1 18 0 0.00 0.0 0 10.6 23 170 M M 3 27 170
10 50 42 46 0 19 0 0.64 M 0 19.2 32 90 M M 10 12 40 90
11 55 44 50 4 15 0 0.30 M M 7.5 20 12 M M M 128 25 15
12 51 41 46 0 19 0 0.65 M M 13.0 M M M M M 12 M M
13 45 40 43 -3 22 0 0.23 M M 19.4 32 190 M M M 12 40 190
14 46 39 43 -4 22 0 0.06 M M 25.9 33 190 M M M 42 190
15 44 37 41 -6 24 0 0.03 M M 17.7 31 190 M M M 12 40 190
16 40 32 36 -11 29 0 1.42 M M M M M M M M 52 160
17 43 30 37 -10 28 0 0.02 M M M 26 M M M M M 200
18 46 32 39 -8 26 0 0.00 0.0 M 15.7 30 320 M M 1 2 33 320
19 46 33 40 -7 25 0 T M 0 14.3 25 180 M M 7 128 32 150
20 48 37 43 -4 22 0 T M 0 6.8 16 200 M M 10 12 21 190
21 54 41 48 1 17 0 0.01 M 0 11.5 18 80 M M 9 24 90
22 54 40 47 0 18 0 0.67 M 0 12.0 29 150 M M 8 128 37 150
23 50 39 45 -2 20 0 0.03 M 0 7.8 20 180 M M 7 128 27 200
24 48 40 44 -3 21 0 0.00 0.0 0 7.9 20 160 M M 10 12 27 140
25 46 33 40 -7 25 0 0.21 M 0 7.9 23 320 M M 9 12 31 320
26 44 31 38 -10 27 0 T M 0 15.8 28 330 M M 6 18 40 330
27 47 32 40 -8 25 0 0.00 0.0 0 17.5 37 320 M M 4 44 330
28 53 36 45 -3 20 0 0.00 0.0 0 13.2 29 330 M M 4 34 330
29 49 38 44 -4 21 0 0.00 0.0 0 14.1 28 330 M M 7 12 33 310
30 58 40 49 1 16 0 0.00 0.0 0 15.6 33 320 M M 1 38 320
31 61 43 52 4 13 0 0.00 0.0 0 18.5 38 320 M M 0 1 45 310
================================================================================
SM 1604 1182 613 0 4.32 0.0 381.9 M 118
================================================================================
AV 51.7 38.1 13.2 FASTST M M 5 MAX(MPH)
MISC ----> # 38 320 # 52 160
================================================================================
NOTES:
# LAST OF SEVERAL OCCURRENCES
COLUMN 17 PEAK WIND IN M.P.H.
PRELIMINARY LOCAL CLIMATOLOGICAL DATA (WS FORM: F-6) , PAGE 2
STATION: SANDBERG CA
MONTH: MARCH
YEAR: 2020
LATITUDE: 34 45 N
LONGITUDE: 118 44 W
[TEMPERATURE DATA] [PRECIPITATION DATA] SYMBOLS USED IN COLUMN 16
AVERAGE MONTHLY: 44.9 TOTAL FOR MONTH: 4.32 1 = FOG OR MIST
DPTR FM NORMAL: -1.8 DPTR FM NORMAL: 2.59 2 = FOG REDUCING VISIBILITY
HIGHEST: 70 ON 5 GRTST 24HR 1.42 ON 16-16 TO 1/4 MILE OR LESS
LOWEST: 30 ON 17 3 = THUNDER
SNOW, ICE PELLETS, HAIL 4 = ICE PELLETS
TOTAL MONTH: 0.0 INCH 5 = HAIL
GRTST 24HR 0.0 6 = FREEZING RAIN OR DRIZZLE
GRTST DEPTH: 0 7 = DUSTSTORM OR SANDSTORM:
VSBY 1/2 MILE OR LESS
8 = SMOKE OR HAZE
[NO. OF DAYS WITH] [WEATHER - DAYS WITH] 9 = BLOWING SNOW
X = TORNADO
MAX 32 OR BELOW: 0 0.01 INCH OR MORE: 13
MAX 90 OR ABOVE: 0 0.10 INCH OR MORE: 7
MIN 32 OR BELOW: 6 0.50 INCH OR MORE: 4
MIN 0 OR BELOW: 0 1.00 INCH OR MORE: 1
[HDD (BASE 65) ]
TOTAL THIS MO. 613 CLEAR (SCALE 0-3) 10
DPTR FM NORMAL 43 PTCLDY (SCALE 4-7) 8
TOTAL FM JUL 1 2920 CLOUDY (SCALE 8-10) 6
DPTR FM NORMAL -409
[CDD (BASE 65) ]
TOTAL THIS MO. 0
DPTR FM NORMAL -1 [PRESSURE DATA]
TOTAL FM JAN 1 0 HIGHEST SLP 30.22 ON 30
DPTR FM NORMAL -1 LOWEST SLP 29.71 ON 12
[REMARKS]
#FINAL-03-20#