000
CXUS54 KLZK 011410
CF6SGT
PRELIMINARY LOCAL CLIMATOLOGICAL DATA (WS FORM: F-6)
STATION: STUTTGART AIRPORT
MONTH: JULY
YEAR: 2022
LATITUDE: 34 35 N
LONGITUDE: 91 34 W
TEMPERATURE IN F: :PCPN: SNOW: WIND :SUNSHINE: SKY :PK WND
================================================================================
1 2 3 4 5 6A 6B 7 8 9 10 11 12 13 14 15 16 17 18
12Z AVG MX 2MIN
DY MAX MIN AVG DEP HDD CDD WTR SNW DPTH SPD SPD DIR MIN PSBL S-S WX SPD DR
================================================================================
1 94 73 84 3 0 19 0.00 M M 7.4 10 160 M M 2 M M
2 90 74 82 1 0 17 T M M 8.8 20 200 M M 4 M M
3 89 75 82 1 0 17 T M M 6.3 10 170 M M 7 M M
4 96 75 86 4 0 21 0.00 M M 6.5 10 180 M M 3 1 M M
5 97 79 88 6 0 23 0.00 M M 8.2 13 220 M M 0 16 220
6 98 77 88 6 0 23 0.00 M M 7.3 13 180 M M 0 M M
7 98 77 88 6 0 23 0.00 M M 8.0 13 180 M M 0 M M
8 99 79 89 7 0 24 0.00 M M 8.5 12 210 M M 0 M M
9 97 78 88 6 0 23 0.00 M M 7.7 18 30 M M 2 M M
10 90 74 82 0 0 17 0.00 M M 7.9 14 30 M M 5 M M
11 95 70 83 1 0 18 0.00 M M 4.3 7 160 M M 0 M M
12 97 72 85 3 0 20 T M M 5.2 9 300 M M 0 3 M M
13 94 74 84 2 0 19 0.00 M M 6.0 12 70 M M 2 M M
14 95 73 84 2 0 19 0.00 M M 5.5 10 70 M M 0 M M
15 96 72 84 2 0 19 0.00 M M 4.7 7 90 M M 0 M M
16 98 76 87 5 0 22 0.00 M M 6.6 9 170 M M 0 M M
17 97 78 88 6 0 23 0.00 M M 9.5 14 210 M M 0 30 30
18 95 71 83 1 0 18 1.06 M M 9.9 24 20 M M 5 13 31 20
19 98 77 88 6 0 23 0.00 M M 10.6 18 190 M M 1 M M
20 94 79 87 5 0 22 0.00 M M 10.6 17 250 M M 0 21 230
21 95 77 86 4 0 21 T M M 6.8 22 260 M M 0 36 240
22 97 74 86 4 0 21 0.00 M M 6.2 9 140 M M 0 M M
23 96 77 87 5 0 22 0.00 M M 7.0 10 150 M M 1 M M
24 98 76 87 5 0 22 0.00 M M 9.9 16 170 M M 0 M M
25 99 77 88 6 0 23 0.00 M M 9.1 16 190 M M 0 M M
26 99 77 88 6 0 23 0.00 M M 12.9 20 170 M M 0 25 170
27 97 78 88 6 0 23 0.00 M M 9.1 15 180 M M 1 3 22 180
28 95 77 86 4 0 21 0.02 M M 7.9 15 250 M M 1 3 22 250
29 87 75 81 -1 0 16 0.11 M M 5.7 10 330 M M 3 M M
30 88 74 81 -1 0 16 T M M 5.8 17 20 M M 4 12 M M
31 77 73 75 -7 0 10 0.81 M M 6.4 17 220 M M 5 13 M M
================================================================================
SM 2935 2338 0 628 2.00 M 236.1 M 46
================================================================================
AV 94.7 75.4 7.6 FASTST M M 1 MAX(MPH)
MISC ----> 24 20 36 240
================================================================================
NOTES:
# LAST OF SEVERAL OCCURRENCES
COLUMN 17 PEAK WIND IN M.P.H.
PRELIMINARY LOCAL CLIMATOLOGICAL DATA (WS FORM: F-6) , PAGE 2
STATION: STUTTGART AIRPORT
MONTH: JULY
YEAR: 2022
LATITUDE: 34 35 N
LONGITUDE: 91 34 W
[TEMPERATURE DATA] [PRECIPITATION DATA] SYMBOLS USED IN COLUMN 16
AVERAGE MONTHLY: 85.0 TOTAL FOR MONTH: 2.00 1 = FOG OR MIST
DPTR FM NORMAL: 3.1 DPTR FM NORMAL: -1.64 2 = FOG REDUCING VISIBILITY
HIGHEST: 99 ON 8,25 GRTST 24HR 1.06 ON 18-18 TO 1/4 MILE OR LESS
LOWEST: 70 ON 11 3 = THUNDER
SNOW, ICE PELLETS, HAIL 4 = ICE PELLETS
TOTAL MONTH: M 5 = HAIL
GRTST 24HR M ON M 6 = FREEZING RAIN OR DRIZZLE
GRTST DEPTH: M ON M 7 = DUSTSTORM OR SANDSTORM:
VSBY 1/2 MILE OR LESS
8 = SMOKE OR HAZE
[NO. OF DAYS WITH] [WEATHER - DAYS WITH] 9 = BLOWING SNOW
X = TORNADO
MAX 32 OR BELOW: 0 0.01 INCH OR MORE: 4
MAX 90 OR ABOVE: 27 0.10 INCH OR MORE: 3
MIN 32 OR BELOW: 0 0.50 INCH OR MORE: 2
MIN 0 OR BELOW: 0 1.00 INCH OR MORE: 1
[HDD (BASE 65) ]
TOTAL THIS MO. 0 CLEAR (SCALE 0-3) 24
DPTR FM NORMAL 0 PTCLDY (SCALE 4-7) 7
TOTAL FM JUL 1 0 CLOUDY (SCALE 8-10) 0
DPTR FM NORMAL 0
[CDD (BASE 65) ]
TOTAL THIS MO. 628
DPTR FM NORMAL 107 [PRESSURE DATA]
TOTAL FM JAN 1 1461 HIGHEST SLP 30.14 ON 30
DPTR FM NORMAL 263 LOWEST SLP 29.79 ON 20
[REMARKS]
#FINAL-07-22#