000
CXUS54 KSHV 291300
CF6SHV
PRELIMINARY LOCAL CLIMATOLOGICAL DATA (WS FORM: F-6)
STATION: SHREVEPORT
MONTH: MARCH
YEAR: 2024
LATITUDE: 32 28 N
LONGITUDE: 93 49 W
TEMPERATURE IN F: :PCPN: SNOW: WIND :SUNSHINE: SKY :PK WND
================================================================================
1 2 3 4 5 6A 6B 7 8 9 10 11 12 13 14 15 16 17 18
12Z AVG MX 2MIN
DY MAX MIN AVG DEP HDD CDD WTR SNW DPTH SPD SPD DIR MIN PSBL S-S WX SPD DR
================================================================================
1 63 43 53 -2 12 0 0.02 0.0 0 2.7 9 100 M M 6 12 100
2 79 44 62 6 3 0 0.00 0.0 0 6.0 16 170 M M 3 12 21 180
3 79 57 68 12 0 3 0.00 0.0 0 8.2 17 170 M M 8 12 27 200
4 83 66 75 19 0 10 T 0.0 0 8.6 17 140 M M 9 1 24 150
5 83 59 71 15 0 6 0.14 0.0 0 5.8 18 110 M M 6 3 23 110
6 84 53 69 12 0 4 0.00 0.0 0 4.7 13 100 M M 4 1 17 120
7 78 62 70 13 0 5 0.04 0.0 0 6.2 16 170 M M 10 3 23 150
8 72 59 66 9 0 1 1.52 0.0 0 6.6 22 310 M M 9 13 29 340
9 62 48 55 -2 10 0 T 0.0 0 11.9 23 310 M M 7 29 330
10 68 43 56 -2 9 0 0.00 0.0 0 4.0 10 290 M M 7 15 350
11 71 46 59 1 6 0 0.00 0.0 0 2.7 13 160 M M 7 16 150
12 79 45 62 4 3 0 0.00 0.0 0 6.6 18 180 M M 6 27 170
13 84 64 74 16 0 9 0.00 0.0 0 10.0 21 170 M M 7 28 170
14 89 73 81 22 0 16 0.01 0.0 0 10.4 21 200 M M 8 29 200
15 76 66 71 12 0 6 1.31 0.0 0 9.0 21 320 M M 9 13 27 330
16 70 63 67 8 0 2 0.37 0.0 0 6.1 13 340 M M 10 13 18 340
17 71 61 66 7 0 1 0.71 0.0 0 6.1 16 90 M M 10 13 20 90
18 65 45 55 -5 10 0 0.00 0.0 0 10.9 22 330 M M 6 30 340
19 69 37 53 -7 12 0 0.00 0.0 0 2.6 12 180 M M 2 8 16 170
20 72 45 59 -1 6 0 0.00 0.0 0 5.5 13 260 M M 9 18 230
21 68 57 63 3 2 0 0.05 0.0 0 6.2 18 140 M M 10 24 140
22 63 57 60 -1 5 0 0.17 0.0 0 7.5 16 360 M M 10 1 23 10
23 73 54 64 3 1 0 0.00 0.0 0 7.2 16 40 M M 3 1 22 70
24 71 52 62 1 3 0 0.00 0.0 0 10.9 21 160 M M 9 29 170
25 75 53 64 3 1 0 0.50 0.0 0 9.6 26 310 M M 8 13 36 160
26 67 44 56 -6 9 0 0.00 0.0 0 7.5 17 300 M M 2 22 310
27 67 45 56 -6 9 0 0.00 0.0 0 5.0 17 60 M M 6 21 50
28 75 43 59 -3 6 0 0.00 0.0 0 2.3 10 170 M M 1 13 180
================================================================================
SM 2056 1484 107 63 4.84 0.0 190.8 M 192
================================================================================
AV 73.4 53.0 6.8 FASTST M M 7 MAX(MPH)
MISC ----> 26 310 36 160
================================================================================
NOTES:
# LAST OF SEVERAL OCCURRENCES
COLUMN 17 PEAK WIND IN M.P.H.
PRELIMINARY LOCAL CLIMATOLOGICAL DATA (WS FORM: F-6) , PAGE 2
STATION: SHREVEPORT
MONTH: MARCH
YEAR: 2024
LATITUDE: 32 28 N
LONGITUDE: 93 49 W
[TEMPERATURE DATA] [PRECIPITATION DATA] SYMBOLS USED IN COLUMN 16
AVERAGE MONTHLY: 63.2 TOTAL FOR MONTH: 4.84 1 = FOG OR MIST
DPTR FM NORMAL: 4.5 DPTR FM NORMAL: 0.44 2 = FOG REDUCING VISIBILITY
HIGHEST: 89 ON 14 GRTST 24HR 1.52 ON 8- 8 TO 1/4 MILE OR LESS
LOWEST: 37 ON 19 3 = THUNDER
SNOW, ICE PELLETS, HAIL 4 = ICE PELLETS
TOTAL MONTH: 0.0 INCH 5 = HAIL
GRTST 24HR 0.0 6 = FREEZING RAIN OR DRIZZLE
GRTST DEPTH: 0 7 = DUSTSTORM OR SANDSTORM:
VSBY 1/2 MILE OR LESS
8 = SMOKE OR HAZE
[NO. OF DAYS WITH] [WEATHER - DAYS WITH] 9 = BLOWING SNOW
X = TORNADO
MAX 32 OR BELOW: 0 0.01 INCH OR MORE: 11
MAX 90 OR ABOVE: 0 0.10 INCH OR MORE: 7
MIN 32 OR BELOW: 0 0.50 INCH OR MORE: 4
MIN 0 OR BELOW: 0 1.00 INCH OR MORE: 2
[HDD (BASE 65) ]
TOTAL THIS MO. 107 CLEAR (SCALE 0-3) 4
DPTR FM NORMAL -103 PTCLDY (SCALE 4-7) 13
TOTAL FM JUL 1 1533 CLOUDY (SCALE 8-10) 11
DPTR FM NORMAL -434
[CDD (BASE 65) ]
TOTAL THIS MO. 63
DPTR FM NORMAL 28 [PRESSURE DATA]
TOTAL FM JAN 1 103 HIGHEST SLP M ON M
DPTR FM NORMAL 52 LOWEST SLP 29.47 ON 25
[REMARKS]