000
CXUS54 KSHV 011500
CF6SHV
PRELIMINARY LOCAL CLIMATOLOGICAL DATA (WS FORM: F-6)
STATION: SHREVEPORT
MONTH: JULY
YEAR: 2020
LATITUDE: 32 28 N
LONGITUDE: 93 49 W
TEMPERATURE IN F: :PCPN: SNOW: WIND :SUNSHINE: SKY :PK WND
================================================================================
1 2 3 4 5 6A 6B 7 8 9 10 11 12 13 14 15 16 17 18
12Z AVG MX 2MIN
DY MAX MIN AVG DEP HDD CDD WTR SNW DPTH SPD SPD DIR MIN PSBL S-S WX SPD DR
================================================================================
1 94 79 87 5 0 22 0.00 0.0 0 8.3 17 220 M M 5 18 23 140
2 94 77 86 4 0 21 0.00 0.0 0 5.0 13 250 M M 5 18 17 180
3 92 71 82 0 0 17 0.64 0.0 0 5.7 35 50 M M 7 138 44 40
4 93 70 82 0 0 17 0.00 0.0 0 3.8 10 300 M M 4 18 16 280
5 87 73 80 -2 0 15 2.63 0.0 0 5.8 28 360 M M 8 13 33 360
6 88 73 81 -2 0 16 0.21 0.0 0 6.0 23 240 M M 8 13 32 260
7 84 73 79 -4 0 14 1.00 0.0 0 5.1 20 180 M M 9 138 27 170
8 93 76 85 2 0 20 0.00 0.0 0 6.7 15 260 M M 6 1 18 250
9 94 78 86 3 0 21 0.00 0.0 0 7.0 16 240 M M 4 24 220
10 95 78 87 4 0 22 0.00 0.0 0 5.5 14 250 M M 4 16 250
11 96 76 86 3 0 21 0.00 0.0 0 4.6 13 240 M M 3 18 15 250
12 95 77 86 3 0 21 0.00 0.0 0 4.9 17 310 M M 8 1 22 220
13 96 75 86 3 0 21 0.00 0.0 0 3.9 10 140 M M 4 13 120
14 95 78 87 4 0 22 0.00 0.0 0 7.3 15 170 M M 2 19 170
15 93 79 86 3 0 21 0.00 0.0 0 7.5 15 180 M M 6 19 220
16 96 79 88 5 0 23 0.00 0.0 0 6.4 13 270 M M 4 17 250
17 93 76 85 2 0 20 0.00 0.0 0 7.5 15 150 M M 3 19 150
18 94 74 84 1 0 19 0.00 0.0 0 5.4 12 160 M M 3 15 140
19 95 75 85 2 0 20 0.00 0.0 0 4.7 14 160 M M 3 17 160
20 93 75 84 1 0 19 0.00 0.0 0 5.0 14 150 M M 6 19 160
21 88 76 82 -1 0 17 0.01 0.0 0 4.9 16 120 M M 7 3 24 130
22 91 76 84 1 0 19 0.22 0.0 0 4.0 20 180 M M 8 13 24 180
23 94 74 84 1 0 19 0.00 0.0 0 6.0 14 70 M M 3 19 60
24 93 76 85 2 0 20 0.05 0.0 0 7.3 22 130 M M 4 13 29 140
25 93 75 84 0 0 19 0.52 0.0 0 6.2 18 130 M M 7 138 26 130
26 89 74 82 -2 0 17 0.00 0.0 0 5.1 20 130 M M 5 1 26 120
27 90 72 81 -3 0 16 0.00 0.0 0 3.6 10 130 M M 5 1 15 150
28 93 73 83 -1 0 18 0.00 0.0 0 3.4 20 170 M M 6 23 170
29 92 76 84 0 0 19 0.00 0.0 0 8.1 17 200 M M 5 23 210
30 94 77 86 2 0 21 T 0.0 0 9.7 24 320 M M 6 32 320
31 84 70 77 -7 0 12 0.89 0.0 0 7.4 25 340 M M 7 13 29 340
================================================================================
SM 2861 2331 0 589 6.17 0.0 181.8 M 165
================================================================================
AV 92.3 75.2 5.9 FASTST M M 5 MAX(MPH)
MISC ----> # 35 50 # 44 40
================================================================================
NOTES:
# LAST OF SEVERAL OCCURRENCES
COLUMN 17 PEAK WIND IN M.P.H.
PRELIMINARY LOCAL CLIMATOLOGICAL DATA (WS FORM: F-6) , PAGE 2
STATION: SHREVEPORT
MONTH: JULY
YEAR: 2020
LATITUDE: 32 28 N
LONGITUDE: 93 49 W
[TEMPERATURE DATA] [PRECIPITATION DATA] SYMBOLS USED IN COLUMN 16
AVERAGE MONTHLY: 83.7 TOTAL FOR MONTH: 6.17 1 = FOG OR MIST
DPTR FM NORMAL: 0.7 DPTR FM NORMAL: 2.52 2 = FOG REDUCING VISIBILITY
HIGHEST: 96 ON 16,13 GRTST 24HR 2.63 ON 5- 5 TO 1/4 MILE OR LESS
LOWEST: 70 ON 31, 4 3 = THUNDER
SNOW, ICE PELLETS, HAIL 4 = ICE PELLETS
TOTAL MONTH: 0.0 INCH 5 = HAIL
GRTST 24HR 0.0 6 = FREEZING RAIN OR DRIZZLE
GRTST DEPTH: 0 7 = DUSTSTORM OR SANDSTORM:
VSBY 1/2 MILE OR LESS
8 = SMOKE OR HAZE
[NO. OF DAYS WITH] [WEATHER - DAYS WITH] 9 = BLOWING SNOW
X = TORNADO
MAX 32 OR BELOW: 0 0.01 INCH OR MORE: 9
MAX 90 OR ABOVE: 25 0.10 INCH OR MORE: 7
MIN 32 OR BELOW: 0 0.50 INCH OR MORE: 5
MIN 0 OR BELOW: 0 1.00 INCH OR MORE: 2
[HDD (BASE 65) ]
TOTAL THIS MO. 0 CLEAR (SCALE 0-3) 5
DPTR FM NORMAL 0 PTCLDY (SCALE 4-7) 24
TOTAL FM JUL 1 0 CLOUDY (SCALE 8-10) 2
DPTR FM NORMAL 0
[CDD (BASE 65) ]
TOTAL THIS MO. 589
DPTR FM NORMAL 30 [PRESSURE DATA]
TOTAL FM JAN 1 1522 HIGHEST SLP 30.09 ON 26
DPTR FM NORMAL 121 LOWEST SLP 29.80 ON 5
[REMARKS]
#FINAL-07-20#