000
CXUS56 KMFR 011000
CF6SIY
PRELIMINARY LOCAL CLIMATOLOGICAL DATA (WS FORM: F-6)
STATION: MONTAGUE CA
MONTH: OCTOBER
YEAR: 2020
LATITUDE: 41 46 N
LONGITUDE: 122 28 W
TEMPERATURE IN F: :PCPN: SNOW: WIND :SUNSHINE: SKY :PK WND
================================================================================
1 2 3 4 5 6A 6B 7 8 9 10 11 12 13 14 15 16 17 18
12Z AVG MX 2MIN
DY MAX MIN AVG DEP HDD CDD WTR SNW DPTH SPD SPD DIR MIN PSBL S-S WX SPD DR
================================================================================
1 92 46 69 12 0 4 0.00 M M 4.1 14 10 M M 0 8 16 350
2 92 45 69 12 0 4 0.00 M M 3.9 16 10 M M 0 19 10
3 89 44 67 10 0 2 0.00 M M 2.9 14 360 M M 0 16 360
4 84 44 64 8 1 0 0.00 M M 3.4 12 340 M M 0 14 180
5 84 38 61 5 4 0 0.00 M M 1.8 7 30 M M 0 8 11 360
6 87 38 63 7 2 0 0.00 M M 1.3 7 360 M M 0 8 9 20
7 84 38 61 6 4 0 0.00 M M 2.6 12 30 M M 0 8 13 10
8 79 37 58 3 7 0 0.00 M M 2.2 9 160 M M 0 8 11 160
9 80 35 58 3 7 0 0.00 M M 4.5 16 180 M M 0 8 19 180
10 67 41 54 0 11 0 T M M 8.7 22 290 M M 7 26 290
11 70 32 51 -3 14 0 0.00 M M 2.3 16 20 M M 0 22 10
12 77 43 60 6 5 0 0.00 M M 5.8 15 330 M M 1 19 290
13 79 44 62 9 3 0 0.00 M M 7.5 22 290 M M 2 27 280
14 75 50 63 10 2 0 0.00 M M 11.0 22 350 M M 0 25 350
15 80 35 58 6 7 0 0.00 M M 6.8 20 10 M M 0 28 20
16 83 38 61 9 4 0 0.00 M M 4.0 20 350 M M 0 8 22 350
17 81 40 61 9 4 0 0.00 M M 4.3 18 20 M M 0 21 10
18 80 38 59 8 6 0 0.00 M M 3.4 21 20 M M 0 23 20
19 81 37 59 8 6 0 0.00 M M 4.2 17 10 M M 0 19 10
20 78 38 58 8 7 0 0.00 M M 6.4 20 20 M M 0 23 10
21 68 38 53 3 12 0 0.00 M M 11.5 24 10 M M 0 28 360
22 61 32 47 -3 18 0 0.00 M M 8.8 21 360 M M 0 25 360
23 65 27 46 -3 19 0 0.00 M M 2.2 9 200 M M 1 11 200
24 71 34 53 4 12 0 0.00 M M 9.0 22 10 M M 0 26 10
25 55 33 44 -4 21 0 0.00 M M 13.4 25 350 M M 0 30 360
26 58 23 41 -7 24 0 0.00 M M 2.6 20 360 M M 0 23 360
27 70 24 47 0 18 0 0.00 M M 1.8 8 170 M M 0 12 150
28 72 25 49 2 16 0 0.00 M M 1.5 7 190 M M 0 8 8 230
29 72 26 49 2 16 0 0.00 M M 1.3 7 110 M M 0 8 10 190
30 77 27 52 6 13 0 0.00 M M 5.1 18 350 M M 0 23 360
31 70 32 51 5 14 0 0.00 M M 1.7 8 30 M M 0 9 270
================================================================================
SM 2361 1122 277 10 T M 150.0 M 11
================================================================================
AV 76.2 36.2 4.8 FASTST M M 0 MAX(MPH)
MISC ----> # 25 350 # 30 360
================================================================================
NOTES:
# LAST OF SEVERAL OCCURRENCES
COLUMN 17 PEAK WIND IN M.P.H.
PRELIMINARY LOCAL CLIMATOLOGICAL DATA (WS FORM: F-6) , PAGE 2
STATION: MONTAGUE CA
MONTH: OCTOBER
YEAR: 2020
LATITUDE: 41 46 N
LONGITUDE: 122 28 W
[TEMPERATURE DATA] [PRECIPITATION DATA] SYMBOLS USED IN COLUMN 16
AVERAGE MONTHLY: 56.2 TOTAL FOR MONTH: T 1 = FOG OR MIST
DPTR FM NORMAL: 4.4 DPTR FM NORMAL: -1.20 2 = FOG REDUCING VISIBILITY
HIGHEST: 92 ON 2, 1 GRTST 24HR T ON 10-10 TO 1/4 MILE OR LESS
LOWEST: 23 ON 26 3 = THUNDER
SNOW, ICE PELLETS, HAIL 4 = ICE PELLETS
TOTAL MONTH: M 5 = HAIL
GRTST 24HR M ON M 6 = FREEZING RAIN OR DRIZZLE
GRTST DEPTH: M ON M 7 = DUSTSTORM OR SANDSTORM:
VSBY 1/2 MILE OR LESS
8 = SMOKE OR HAZE
[NO. OF DAYS WITH] [WEATHER - DAYS WITH] 9 = BLOWING SNOW
X = TORNADO
MAX 32 OR BELOW: 0 0.01 INCH OR MORE: 0
MAX 90 OR ABOVE: 2 0.10 INCH OR MORE: 0
MIN 32 OR BELOW: 9 0.50 INCH OR MORE: 0
MIN 0 OR BELOW: 0 1.00 INCH OR MORE: 0
[HDD (BASE 65) ]
TOTAL THIS MO. 277 CLEAR (SCALE 0-3) 30
DPTR FM NORMAL -134 PTCLDY (SCALE 4-7) 1
TOTAL FM JUL 1 291 CLOUDY (SCALE 8-10) 0
DPTR FM NORMAL -262
[CDD (BASE 65) ]
TOTAL THIS MO. 10
DPTR FM NORMAL 8 [PRESSURE DATA]
TOTAL FM JAN 1 980 HIGHEST SLP M ON M
DPTR FM NORMAL 436 LOWEST SLP 29.82 ON 10
[REMARKS]
#FINAL-10-20#