682
CXUS56 KMFR 011000
CF6SIY
PRELIMINARY LOCAL CLIMATOLOGICAL DATA (WS FORM: F-6)
STATION: MONTAGUE CA
MONTH: MAY
YEAR: 2020
LATITUDE: 41 46 N
LONGITUDE: 122 28 W
TEMPERATURE IN F: :PCPN: SNOW: WIND :SUNSHINE: SKY :PK WND
================================================================================
1 2 3 4 5 6A 6B 7 8 9 10 11 12 13 14 15 16 17 18
12Z AVG MX 2MIN
DY MAX MIN AVG DEP HDD CDD WTR SNW DPTH SPD SPD DIR MIN PSBL S-S WX SPD DR
================================================================================
1 74 32 53 1 12 0 0.00 M M 5.1 14 320 M M 2 17 310
2 69 34 52 0 13 0 0.22 M M 10.4 29 170 M M 4 35 210
3 65 28 47 -6 18 0 0.00 M M 6.0 18 330 M M 0 22 320
4 76 30 53 0 12 0 0.00 M M 5.0 20 260 M M 1 24 250
5 80 39 60 7 5 0 0.00 M M 8.1 18 290 M M 3 27 210
6 70 43 57 3 8 0 0.00 M M 10.6 22 290 M M 2 25 290
7 83 31 57 3 8 0 0.00 M M 3.6 10 60 M M 0 13 320
8 90 40 65 11 0 0 0.00 M M 4.5 13 50 M M 0 14 30
9 92 50 71 17 0 6 0.00 M M 5.4 20 170 M M 0 25 150
10 86 50 68 13 0 3 T M M 9.8 28 170 M M 0 34 170
11 66 48 57 2 8 0 0.00 M M 20.2 38 160 M M 3 47 170
12 65 48 57 2 8 0 0.06 M M 11.6 32 260 M M 5 38 260
13 59 43 51 -5 14 0 0.04 M M 6.1 21 180 M M 10 25 180
14 64 44 54 -2 11 0 0.01 M M 7.6 21 300 M M 7 27 210
15 73 33 53 -3 12 0 0.00 M M 3.7 12 10 M M 1 1 15 10
16 72 50 61 5 4 0 0.30 M M 8.7 25 170 M M 5 1 45 130
17 66 44 55 -1 10 0 0.62 M M 7.1 32 170 M M 8 1 38 170
18 60 42 51 -6 14 0 0.06 M M 4.7 23 240 M M 7 31 230
19 64 45 55 -2 10 0 T M M 6.8 23 10 M M 8 28 10
20 70 45 58 1 7 0 0.00 M M 8.5 22 360 M M 6 27 30
21 70 41 56 -1 9 0 0.00 M M 8.7 22 350 M M 4 18 27 360
22 63 37 50 -8 15 0 0.00 M M 11.6 20 340 M M 2 27 340
23 75 33 54 -4 11 0 0.00 M M 5.8 20 360 M M 0 23 360
24 84 38 61 3 4 0 0.00 M M 5.3 20 30 M M 1 24 20
25 89 47 68 10 0 3 0.00 M M 6.2 22 10 M M 0 27 10
26 90 55 73 15 0 8 0.00 M M 7.8 18 30 M M 1 22 20
27 95 55 75 16 0 10 0.00 M M 6.3 18 350 M M 0 24 350
28 98 58 78 19 0 13 T M M 4.9 23 260 M M 1 3 28 250
29 95 58 77 18 0 12 0.00 M M 3.1 12 360 M M 0 14 360
30 75 53 64 5 1 0 0.72 M M 6.7 25 200 M M 7 13 30 210
31 74 51 63 4 2 0 0.00 M M 5.5 17 330 M M 6 21 330
================================================================================
SM 2352 1345 216 55 2.03 M 225.4 M 94
================================================================================
AV 75.9 43.4 7.3 FASTST M M 3 MAX(MPH)
MISC ----> # 38 160 # 47 170
================================================================================
NOTES:
# LAST OF SEVERAL OCCURRENCES
COLUMN 17 PEAK WIND IN M.P.H.
PRELIMINARY LOCAL CLIMATOLOGICAL DATA (WS FORM: F-6) , PAGE 2
STATION: MONTAGUE CA
MONTH: MAY
YEAR: 2020
LATITUDE: 41 46 N
LONGITUDE: 122 28 W
[TEMPERATURE DATA] [PRECIPITATION DATA] SYMBOLS USED IN COLUMN 16
AVERAGE MONTHLY: 59.6 TOTAL FOR MONTH: 2.03 1 = FOG OR MIST
DPTR FM NORMAL: 3.5 DPTR FM NORMAL: 0.61 2 = FOG REDUCING VISIBILITY
HIGHEST: 98 ON 28 GRTST 24HR 0.72 ON 30-30 TO 1/4 MILE OR LESS
LOWEST: 28 ON 3 3 = THUNDER
SNOW, ICE PELLETS, HAIL 4 = ICE PELLETS
TOTAL MONTH: M 5 = HAIL
GRTST 24HR M ON M 6 = FREEZING RAIN OR DRIZZLE
GRTST DEPTH: M ON M 7 = DUSTSTORM OR SANDSTORM:
VSBY 1/2 MILE OR LESS
8 = SMOKE OR HAZE
[NO. OF DAYS WITH] [WEATHER - DAYS WITH] 9 = BLOWING SNOW
X = TORNADO
MAX 32 OR BELOW: 0 0.01 INCH OR MORE: 8
MAX 90 OR ABOVE: 6 0.10 INCH OR MORE: 4
MIN 32 OR BELOW: 4 0.50 INCH OR MORE: 2
MIN 0 OR BELOW: 0 1.00 INCH OR MORE: 0
[HDD (BASE 65) ]
TOTAL THIS MO. 216 CLEAR (SCALE 0-3) 19
DPTR FM NORMAL -75 PTCLDY (SCALE 4-7) 9
TOTAL FM JUL 1 4952 CLOUDY (SCALE 8-10) 3
DPTR FM NORMAL -437
[CDD (BASE 65) ]
TOTAL THIS MO. 55
DPTR FM NORMAL 42 [PRESSURE DATA]
TOTAL FM JAN 1 57 HIGHEST SLP M ON M
DPTR FM NORMAL 44 LOWEST SLP 29.65 ON 17
[REMARKS]
#FINAL-05-20#