000
CXUS56 KMTR 011000
CF6SJC
PRELIMINARY LOCAL CLIMATOLOGICAL DATA (WS FORM: F-6)
STATION: SAN JOSE AIRPORT
MONTH: JANUARY
YEAR: 2024
LATITUDE: 37 21 N
LONGITUDE: 121 55 W
TEMPERATURE IN F: :PCPN: SNOW: WIND :SUNSHINE: SKY :PK WND
================================================================================
1 2 3 4 5 6A 6B 7 8 9 10 11 12 13 14 15 16 17 18
12Z AVG MX 2MIN
DY MAX MIN AVG DEP HDD CDD WTR SNW DPTH SPD SPD DIR MIN PSBL S-S WX SPD DR
================================================================================
1 65 45 55 5 10 0 0.00 M M 2.6 7 330 M M 3 128 10 360
2 65 44 55 5 10 0 0.43 M M 7.7 21 290 M M 6 18 27 220
3 60 47 54 4 11 0 0.03 M M 8.1 23 320 M M 6 27 340
4 62 44 53 3 12 0 0.00 M M 4.3 13 330 M M 3 17 10
5 64 43 54 4 11 0 0.00 M M 6.1 23 320 M M 5 23 320
6 58 39 49 -1 16 0 0.12 M M 8.0 18 150 M M 5 1 25 140
7 56 36 46 -4 19 0 0.00 M M 4.6 15 330 M M 1 20 310
8 60 35 48 -2 17 0 0.00 M M 2.9 10 340 M M 2 14 340
9 58 44 51 1 14 0 0.02 M M 5.6 16 310 M M 8 18 21 310
10 54 38 46 -4 19 0 0.32 M M 6.9 24 300 M M 7 18 33 310
11 57 38 48 -2 17 0 0.00 M M 5.6 17 300 M M 1 24 320
12 58 36 47 -4 18 0 0.00 M M 4.8 12 330 M M 6 16 330
13 59 45 52 1 13 0 0.15 M M 8.6 17 140 M M 8 1 23 150
14 62 48 55 4 10 0 0.05 M M 6.1 13 130 M M 7 1 17 140
15 61 47 54 3 11 0 0.00 M M 1.2 6 160 M M 7 18 11 220
16 61 45 53 2 12 0 0.19 M M 3.7 13 130 M M 9 1 16 140
17 62 48 55 4 10 0 0.00 M M 4.3 10 150 M M 6 1 13 150
18 64 44 54 3 11 0 0.00 M M 2.5 8 230 M M 6 13 230
19 64 49 57 6 8 0 0.04 M M 6.6 16 140 M M 6 23 140
20 63 54 59 8 6 0 0.33 M M 9.1 23 140 M M 9 1 25 140
21 64 54 59 8 6 0 0.41 M M 13.8 26 130 M M 8 1 32 130
22 63 56 60 9 5 0 1.06 M M 7.2 21 140 M M 10 18 28 140
23 64 53 59 8 6 0 0.01 M M 5.1 18 320 M M 8 1 22 330
24 63 54 59 8 6 0 0.48 M M 8.7 22 150 M M 9 18 26 140
25 64 47 56 5 9 0 0.00 M M 4.4 15 320 M M 4 22 330
26 64 49 57 6 8 0 0.00 M M 1.4 7 360 M M 7 12 230
27 68 49 59 8 6 0 0.00 M M 2.4 7 280 M M 5 10 250
28 72 50 61 10 4 0 0.00 M M 2.3 8 320 M M 4 12 20
29 74 50 62 11 3 0 0.00 M M 2.7 14 330 M M 1 17 330
30 73 52 63 11 2 0 0.00 M M 6.1 15 160 M M 5 20 150
31 64 54 59 7 6 0 0.84 M M 14.8 28 150 M M 7 1 35 170
================================================================================
SM 1946 1437 316 0 4.48 M 178.2 M 179
================================================================================
AV 62.8 46.4 5.7 FASTST M M 6 MAX(MPH)
MISC ----> 28 150 35 170
================================================================================
NOTES:
# LAST OF SEVERAL OCCURRENCES
COLUMN 17 PEAK WIND IN M.P.H.
PRELIMINARY LOCAL CLIMATOLOGICAL DATA (WS FORM: F-6) , PAGE 2
STATION: SAN JOSE AIRPORT
MONTH: JANUARY
YEAR: 2024
LATITUDE: 37 21 N
LONGITUDE: 121 55 W
[TEMPERATURE DATA] [PRECIPITATION DATA] SYMBOLS USED IN COLUMN 16
AVERAGE MONTHLY: 54.6 TOTAL FOR MONTH: 4.48 1 = FOG OR MIST
DPTR FM NORMAL: 3.8 DPTR FM NORMAL: 1.68 2 = FOG REDUCING VISIBILITY
HIGHEST: 74 ON 29 GRTST 24HR 1.09 ON 31-31 TO 1/4 MILE OR LESS
LOWEST: 35 ON 8 3 = THUNDER
SNOW, ICE PELLETS, HAIL 4 = ICE PELLETS
TOTAL MONTH: M 5 = HAIL
GRTST 24HR M ON M 6 = FREEZING RAIN OR DRIZZLE
GRTST DEPTH: M ON M 7 = DUSTSTORM OR SANDSTORM:
VSBY 1/2 MILE OR LESS
8 = SMOKE OR HAZE
[NO. OF DAYS WITH] [WEATHER - DAYS WITH] 9 = BLOWING SNOW
X = TORNADO
MAX 32 OR BELOW: 0 0.01 INCH OR MORE: 15
MAX 90 OR ABOVE: 0 0.10 INCH OR MORE: 10
MIN 32 OR BELOW: 0 0.50 INCH OR MORE: 2
MIN 0 OR BELOW: 0 1.00 INCH OR MORE: 1
[HDD (BASE 65) ]
TOTAL THIS MO. 316 CLEAR (SCALE 0-3) 6
DPTR FM NORMAL -124 PTCLDY (SCALE 4-7) 20
TOTAL FM JUL 1 793 CLOUDY (SCALE 8-10) 5
DPTR FM NORMAL -458
[CDD (BASE 65) ]
TOTAL THIS MO. 0
DPTR FM NORMAL 0 [PRESSURE DATA]
TOTAL FM JAN 1 0 HIGHEST SLP M ON M
DPTR FM NORMAL 0 LOWEST SLP 29.64 ON 22
[REMARKS]
#FINAL-01-24#