000
CXUS54 KSJT 011526
CF6SJT
PRELIMINARY LOCAL CLIMATOLOGICAL DATA (WS FORM: F-6)
STATION: SAN ANGELO
MONTH: FEBRUARY
YEAR: 2021
LATITUDE: 31 21 N
LONGITUDE: 100 30 W
TEMPERATURE IN F: :PCPN: SNOW: WIND :SUNSHINE: SKY :PK WND
================================================================================
1 2 3 4 5 6A 6B 7 8 9 10 11 12 13 14 15 16 17 18
12Z AVG MX 2MIN
DY MAX MIN AVG DEP HDD CDD WTR SNW DPTH SPD SPD DIR MIN PSBL S-S WX SPD DR
================================================================================
1 64 28 46 -2 19 0 0.00 0.0 0 4.9 12 100 M M 0 18 100
2 73 40 57 9 8 0 0.00 0.0 0 10.2 22 210 M M 0 33 200
3 82 40 61 13 4 0 0.00 0.0 0 11.2 22 200 M M 0 34 190
4 74 46 60 12 5 0 0.00 0.0 0 14.5 25 30 M M 0 37 200
5 69 35 52 4 13 0 0.00 0.0 0 5.3 12 140 M M 1 20 140
6 69 35 52 4 13 0 0.00 0.0 0 10.3 28 330 M M 0 34 340
7 73 35 54 5 11 0 0.00 0.0 0 11.7 28 210 M M 0 41 190
8 82 42 62 13 3 0 0.00 0.0 0 9.9 23 220 M M 0 31 220
9 44 32 38 -11 27 0 0.00 0.0 0 9.6 15 70 M M 6 128 20 40
10 35 27 31 -18 34 0 T 0.0 0 11.5 17 40 M M 10 126 23 40
11 29 25 27 -22 38 0 0.10 T 0 9.9 17 10 M M 10 13468 22 30
12 28 23 26 -24 39 0 T 0.0 0 12.2 17 20 M M 10 1 22 30
13 24 20 22 -28 43 0 T 0.0 0 12.1 18 70 M M 10 168 25 70
14 22 8 15 -35 50 0 0.28 10.1 0 16.7 24 10 M M 10 1268 31 20
15 18 -1 9 -41 56 0 T 0.0 10 8.6 20 340 M M 4 24 330
16 32 -1 16 -34 49 0 T T 4 7.2 17 160 M M 8 23 160
17 33 21 27 -24 38 0 T 0.0 0 8.7 17 40 M M 10 128 22 40
18 26 16 21 -30 44 0 T 0.0 0 10.7 21 20 M M 8 1 27 20
19 46 7 27 -24 38 0 T 0.0 0 6.2 15 200 M M 0 1 21 200
20 64 25 45 -6 20 0 0.00 0.0 0 11.1 22 190 M M 0 32 180
21 74 41 58 6 7 0 0.00 0.0 0 13.6 24 200 M M 1 34 190
22 73 29 51 -1 14 0 0.00 0.0 0 8.5 23 220 M M 0 31 200
23 80 37 59 7 6 0 0.00 0.0 0 13.5 26 200 M M 0 37 210
24 72 45 59 7 6 0 0.00 0.0 0 10.4 20 330 M M 0 27 210
25 53 42 48 -5 17 0 0.01 0.0 0 8.9 20 50 M M 9 8 23 50
26 75 42 59 6 6 0 0.00 0.0 0 4.8 9 130 M M 3 15 240
27 74 46 60 7 5 0 0.00 0.0 0 5.6 18 180 M M 5 12 25 170
28 68 47 58 5 7 0 0.00 0.0 0 10.0 21 30 M M 4 128 26 20
================================================================================
SM 1556 832 620 0 0.39 10.1 277.8 M 109
================================================================================
AV 55.6 29.7 9.9 FASTST M M 4 MAX(MPH)
MISC ----> # 28 330 41 190
================================================================================
NOTES:
# LAST OF SEVERAL OCCURRENCES
COLUMN 17 PEAK WIND IN M.P.H.
PRELIMINARY LOCAL CLIMATOLOGICAL DATA (WS FORM: F-6) , PAGE 2
STATION: SAN ANGELO
MONTH: FEBRUARY
YEAR: 2021
LATITUDE: 31 21 N
LONGITUDE: 100 30 W
[TEMPERATURE DATA] [PRECIPITATION DATA] SYMBOLS USED IN COLUMN 16
AVERAGE MONTHLY: 42.6 TOTAL FOR MONTH: 0.39 1 = FOG OR MIST
DPTR FM NORMAL: -7.7 DPTR FM NORMAL: -0.96 2 = FOG REDUCING VISIBILITY
HIGHEST: 82 ON 8, 3 GRTST 24HR 0.28 ON 13-14 TO 1/4 MILE OR LESS
LOWEST: -1 ON 16,15 3 = THUNDER
SNOW, ICE PELLETS, HAIL 4 = ICE PELLETS
TOTAL MONTH: 10.1 INCHES 5 = HAIL
GRTST 24HR 10.1 ON 14-14 6 = FREEZING RAIN OR DRIZZLE
GRTST DEPTH: 10 ON 15 7 = DUSTSTORM OR SANDSTORM:
VSBY 1/2 MILE OR LESS
8 = SMOKE OR HAZE
[NO. OF DAYS WITH] [WEATHER - DAYS WITH] 9 = BLOWING SNOW
X = TORNADO
MAX 32 OR BELOW: 7 0.01 INCH OR MORE: 3
MAX 90 OR ABOVE: 0 0.10 INCH OR MORE: 2
MIN 32 OR BELOW: 14 0.50 INCH OR MORE: 0
MIN 0 OR BELOW: 2 1.00 INCH OR MORE: 0
[HDD (BASE 65) ]
TOTAL THIS MO. 620 CLEAR (SCALE 0-3) 14
DPTR FM NORMAL 203 PTCLDY (SCALE 4-7) 7
TOTAL FM JUL 1 2039 CLOUDY (SCALE 8-10) 7
DPTR FM NORMAL 79
[CDD (BASE 65) ]
TOTAL THIS MO. 0
DPTR FM NORMAL -4 [PRESSURE DATA]
TOTAL FM JAN 1 1 HIGHEST SLP 30.60 ON 19
DPTR FM NORMAL 0 LOWEST SLP 29.66 ON 4
[REMARKS]
#FINAL-02-21#