000
CXUS51 KBTV 010800
CF6SLK
PRELIMINARY LOCAL CLIMATOLOGICAL DATA (WS FORM: F-6)
STATION: SARANAC LAKE NY
MONTH: FEBRUARY
YEAR: 2023
LATITUDE: 44 23 N
LONGITUDE: 74 12 W
TEMPERATURE IN F: :PCPN: SNOW: WIND :SUNSHINE: SKY :PK WND
================================================================================
1 2 3 4 5 6A 6B 7 8 9 10 11 12 13 14 15 16 17 18
12Z AVG MX 2MIN
DY MAX MIN AVG DEP HDD CDD WTR SNW DPTH SPD SPD DIR MIN PSBL S-S WX SPD DR
================================================================================
1 16 -20 -2 -15 67 0 T M M 4.6 14 240 M M 7 18 24 240
2 26 10 18 5 47 0 0.02 M M 13.0 24 220 M M 10 128 33 220
3 10 -24 -7 -20 72 0 T M M 8.3 17 290 M M 8 18 27 290
4 10 -33 -11 -24 76 0 0.00 M M 7.1 16 220 M M 5 8 21 210
5 37 10 24 11 41 0 T M M 10.1 20 230 M M 7 18 28 230
6 34 -3 16 2 49 0 T M M 4.2 12 40 M M 7 1 17 310
7 42 -10 16 2 49 0 0.09 M M 6.3 23 220 M M 3 1 31 210
8 37 26 32 18 33 0 T M M 8.2 17 260 M M 7 1 28 260
9 43 14 29 15 36 0 0.80 M M 2.7 13 230 M M 6 12 17 240
10 43 28 36 22 29 0 0.16 M M 13.7 26 230 M M 10 1 40 220
11 29 20 25 11 40 0 0.01 M M 9.4 22 220 M M 5 18 29 220
12 40 10 25 11 40 0 0.00 M M 4.9 13 210 M M 0 1 17 210
13 44 7 26 11 39 0 0.01 M M 3.5 15 240 M M 3 1 22 240
14 40 17 29 14 36 0 0.01 M M 4.8 14 220 M M 4 1 21 250
15 52 18 35 20 30 0 T M M 9.7 25 200 M M 6 34 220
16 45 31 38 23 27 0 T M M 8.6 18 230 M M 10 28 220
17 32 12 22 6 43 0 0.15 M M 6.4 14 50 M M 10 168 25 350
18 27 2 15 -1 50 0 T M M 8.1 22 220 M M 8 18 27 210
19 44 25 35 19 30 0 0.00 M M 8.8 25 210 M M 6 34 210
20 39 21 30 14 35 0 0.03 M M 6.2 14 300 M M 9 22 240
21 37 13 25 9 40 0 0.04 M M 8.3 24 200 M M 5 128 29 210
22 28 10 19 2 46 0 0.04 M M 5.6 18 60 M M 8 18 26 50
23 20 10 15 -2 50 0 0.14 M M 9.5 21 50 M M 10 18 27 50
24 20 -9 6 -11 59 0 T M M 6.0 15 270 M M 8 18 20 310
25 13 -24 -5 -23 70 0 T M M 1.1 10 210 M M 5 18 13 210
26 28 -13 8 -10 57 0 0.12 M M 4.2 13 220 M M 8 18 18 300
27 25 3 14 -4 51 0 0.01 M M 4.9 12 60 M M 7 18 18 320
28 30 19 25 7 40 0 0.04 M M 10.1 25 200 M M 10 168 34 220
================================================================================
SM 891 170 1282 0 1.67 M 198.3 M 192
================================================================================
AV 31.8 6.1 7.1 FASTST M M 7 MAX(MPH)
MISC ----> 26 230 40 220
================================================================================
NOTES:
# LAST OF SEVERAL OCCURRENCES
COLUMN 17 PEAK WIND IN M.P.H.
PRELIMINARY LOCAL CLIMATOLOGICAL DATA (WS FORM: F-6) , PAGE 2
STATION: SARANAC LAKE NY
MONTH: FEBRUARY
YEAR: 2023
LATITUDE: 44 23 N
LONGITUDE: 74 12 W
[TEMPERATURE DATA] [PRECIPITATION DATA] SYMBOLS USED IN COLUMN 16
AVERAGE MONTHLY: 18.9 TOTAL FOR MONTH: 1.67 1 = FOG OR MIST
DPTR FM NORMAL: 3.6 DPTR FM NORMAL: 0.17 2 = FOG REDUCING VISIBILITY
HIGHEST: 52 ON 15 GRTST 24HR 0.92 ON 9-10 TO 1/4 MILE OR LESS
LOWEST: -33 ON 4 3 = THUNDER
SNOW, ICE PELLETS, HAIL 4 = ICE PELLETS
TOTAL MONTH: M 5 = HAIL
GRTST 24HR M ON M 6 = FREEZING RAIN OR DRIZZLE
GRTST DEPTH: M ON M 7 = DUSTSTORM OR SANDSTORM:
VSBY 1/2 MILE OR LESS
8 = SMOKE OR HAZE
[NO. OF DAYS WITH] [WEATHER - DAYS WITH] 9 = BLOWING SNOW
X = TORNADO
MAX 32 OR BELOW: 14 0.01 INCH OR MORE: 15
MAX 90 OR ABOVE: 0 0.10 INCH OR MORE: 5
MIN 32 OR BELOW: 28 0.50 INCH OR MORE: 1
MIN 0 OR BELOW: 8 1.00 INCH OR MORE: 0
[HDD (BASE 65) ]
TOTAL THIS MO. 1282 CLEAR (SCALE 0-3) 2
DPTR FM NORMAL -111 PTCLDY (SCALE 4-7) 18
TOTAL FM JUL 1 5783 CLOUDY (SCALE 8-10) 8
DPTR FM NORMAL -795
[CDD (BASE 65) ]
TOTAL THIS MO. 0
DPTR FM NORMAL 0 [PRESSURE DATA]
TOTAL FM JAN 1 0 HIGHEST SLP 30.59 ON 25
DPTR FM NORMAL 0 LOWEST SLP 29.42 ON 21
[REMARKS]
#FINAL-02-23#