000
CXUS51 KBTV 010700
CF6SLK
PRELIMINARY LOCAL CLIMATOLOGICAL DATA (WS FORM: F-6)
STATION: SARANAC LAKE NY
MONTH: SEPTEMBER
YEAR: 2021
LATITUDE: 44 23 N
LONGITUDE: 74 12 W
TEMPERATURE IN F: :PCPN: SNOW: WIND :SUNSHINE: SKY :PK WND
================================================================================
1 2 3 4 5 6A 6B 7 8 9 10 11 12 13 14 15 16 17 18
12Z AVG MX 2MIN
DY MAX MIN AVG DEP HDD CDD WTR SNW DPTH SPD SPD DIR MIN PSBL S-S WX SPD DR
================================================================================
1 67 43 55 -4 10 0 0.00 M M 0.9 7 350 M M 2 12 10 340
2 58 36 47 -12 18 0 0.01 M M 3.6 10 360 M M 6 1 16 300
3 63 52 58 0 7 0 0.06 M M 4.0 9 280 M M 9 1 15 290
4 70 46 58 0 7 0 0.00 M M 1.9 10 200 M M 4 1 14 280
5 70 48 59 1 6 0 0.03 M M 6.4 25 210 M M 7 12 32 210
6 65 49 57 -1 8 0 0.42 M M 6.7 17 240 M M 7 123 25 220
7 70 46 58 1 7 0 0.00 M M 5.4 14 220 M M 5 1 20 230
8 72 47 60 3 5 0 0.87 M M 5.0 22 210 M M 7 12 27 200
9 67 45 56 -1 9 0 T M M 3.4 10 210 M M 7 12 13 220
10 62 41 52 -4 13 0 0.03 M M 3.9 13 310 M M 7 1 22 270
11 70 42 56 0 9 0 0.00 M M 8.3 17 220 M M 5 1 25 210
12 70 51 61 5 4 0 T M M 8.7 20 220 M M 7 28 230
13 68 47 58 2 7 0 0.00 M M 2.8 10 310 M M 6 12 18 320
14 73 39 56 1 9 0 T M M 4.3 14 220 M M 4 12 25 210
15 71 50 61 6 4 0 0.39 M M 5.5 20 210 M M 6 13 25 230
16 72 42 57 3 8 0 0.00 M M 1.9 12 70 M M 3 12 15 90
17 74 42 58 4 7 0 0.00 M M 4.6 18 190 M M 5 1 23 210
18 70 38 54 0 11 0 0.02 M M 2.1 12 20 M M 7 12 18 30
19 68 33 51 -2 14 0 0.00 M M 2.2 13 50 M M 3 12 16 20
20 75 32 54 1 11 0 0.00 M M 2.7 12 190 M M 3 12 17 210
21 74 40 57 4 8 0 0.00 M M 7.5 20 200 M M 0 1 28 220
22 76 49 63 11 2 0 0.01 M M 9.4 23 190 M M 4 32 190
23 74 61 68 16 0 3 0.92 M M 11.0 23 150 M M 7 1 34 190
24 64 46 55 3 10 0 0.54 M M 8.0 18 240 M M 7 1 25 250
25 69 38 54 3 11 0 0.00 M M 2.1 13 200 M M 2 12 17 210
26 62 41 52 1 13 0 0.07 M M 5.9 17 240 M M 7 12 25 230
27 59 39 49 -1 16 0 0.24 M M 5.9 14 230 M M 9 12 20 220
28 55 33 44 -6 21 0 0.00 M M 2.3 10 350 M M 8 1 15 330
29 54 33 44 -6 21 0 0.00 M M 1.9 9 330 M M 9 18 15 300
30 56 36 46 -3 19 0 0.01 M M 2.5 9 360 M M 8 1 16 260
================================================================================
SM 2018 1285 295 3 3.62 M 140.8 M 171
================================================================================
AV 67.3 42.8 4.7 FASTST M M 6 MAX(MPH)
MISC ----> 25 210 34 190
================================================================================
NOTES:
# LAST OF SEVERAL OCCURRENCES
COLUMN 17 PEAK WIND IN M.P.H.
PRELIMINARY LOCAL CLIMATOLOGICAL DATA (WS FORM: F-6) , PAGE 2
STATION: SARANAC LAKE NY
MONTH: SEPTEMBER
YEAR: 2021
LATITUDE: 44 23 N
LONGITUDE: 74 12 W
[TEMPERATURE DATA] [PRECIPITATION DATA] SYMBOLS USED IN COLUMN 16
AVERAGE MONTHLY: 55.1 TOTAL FOR MONTH: 3.62 1 = FOG OR MIST
DPTR FM NORMAL: 0.7 DPTR FM NORMAL: 0.15 2 = FOG REDUCING VISIBILITY
HIGHEST: 76 ON 22 GRTST 24HR 1.44 ON 23-24 TO 1/4 MILE OR LESS
LOWEST: 32 ON 20 3 = THUNDER
SNOW, ICE PELLETS, HAIL 4 = ICE PELLETS
TOTAL MONTH: M 5 = HAIL
GRTST 24HR M ON M 6 = FREEZING RAIN OR DRIZZLE
GRTST DEPTH: M ON M 7 = DUSTSTORM OR SANDSTORM:
VSBY 1/2 MILE OR LESS
8 = SMOKE OR HAZE
[NO. OF DAYS WITH] [WEATHER - DAYS WITH] 9 = BLOWING SNOW
X = TORNADO
MAX 32 OR BELOW: 0 0.01 INCH OR MORE: 14
MAX 90 OR ABOVE: 0 0.10 INCH OR MORE: 6
MIN 32 OR BELOW: 1 0.50 INCH OR MORE: 3
MIN 0 OR BELOW: 0 1.00 INCH OR MORE: 0
[HDD (BASE 65) ]
TOTAL THIS MO. 295 CLEAR (SCALE 0-3) 5
DPTR FM NORMAL -31 PTCLDY (SCALE 4-7) 20
TOTAL FM JUL 1 473 CLOUDY (SCALE 8-10) 5
DPTR FM NORMAL -79
[CDD (BASE 65) ]
TOTAL THIS MO. 3
DPTR FM NORMAL -6 [PRESSURE DATA]
TOTAL FM JAN 1 222 HIGHEST SLP M ON M
DPTR FM NORMAL 102 LOWEST SLP 29.70 ON 5
[REMARKS]
#FINAL-09-21#