000
CXUS53 KICT 040645
CF6SLN
PRELIMINARY LOCAL CLIMATOLOGICAL DATA (WS FORM: F-6)
STATION: SALINA KS
MONTH: OCTOBER
YEAR: 2022
LATITUDE: 38 47 N
LONGITUDE: 97 39 W
TEMPERATURE IN F: :PCPN: SNOW: WIND :SUNSHINE: SKY :PK WND
================================================================================
1 2 3 4 5 6A 6B 7 8 9 10 11 12 13 14 15 16 17 18
12Z AVG MX 2MIN
DY MAX MIN AVG DEP HDD CDD WTR SNW DPTH SPD SPD DIR MIN PSBL S-S WX SPD DR
================================================================================
1 83 53 68 4 0 3 0.00 M M 8.3 16 120 M M 0 23 130
2 82 50 66 3 0 1 0.00 M M 6.9 14 120 M M 0 23 110
3 84 49 67 4 0 2 0.00 M M 8.1 17 150 M M 0 24 140
4 84 50 67 5 0 2 0.00 M M 7.7 18 200 M M 2 8 27 150
5 79 53 66 4 0 1 T M M 6.9 17 310 M M 2 8 23 310
6 82 47 65 4 0 0 T M M 8.3 23 10 M M 0 18 27 360
7 56 43 50 -11 15 0 0.11 M M 9.9 22 360 M M 6 27 350
8 66 46 56 -4 9 0 0.00 M M 5.1 13 250 M M 7 19 250
9 77 44 61 1 4 0 0.00 M M 2.1 9 200 M M 1 8 13 280
10 81 43 62 2 3 0 0.00 M M 6.6 22 180 M M 1 33 170
11 85 61 73 14 0 8 0.00 M M 18.6 29 200 M M 1 40 190
12 76 46 61 2 4 0 T M M 12.0 30 330 M M 3 3 40 320
13 70 38 54 -4 11 0 0.00 M M 12.8 32 290 M M 0 47 330
14 85 33 59 1 6 0 0.00 M M 11.2 32 290 M M 0 44 290
15 77 40 59 2 6 0 0.00 M M 2.7 10 350 M M 0 8 16 340
16 69 41 55 -2 10 0 0.00 M M 10.0 24 330 M M 2 38 330
17 55 30 43 -13 22 0 0.00 M M 9.5 21 340 M M 0 30 350
18 49 26 38 -18 27 0 0.00 M M 6.9 17 340 M M 0 23 320
19 69 23 46 -10 19 0 0.00 M M 5.4 14 190 M M 0 20 170
20 79 32 56 1 9 0 0.00 M M 5.8 14 280 M M 0 8 19 330
21 89 42 66 11 0 1 0.00 M M 9.5 21 200 M M 0 28 190
22 85 53 69 15 0 4 0.00 M M 12.1 23 170 M M 0 31 170
23 87 68 78 24 0 13 0.00 M M 24.0 39 170 M M 1 78 57 170
24 76 42 59 5 6 0 0.26 M M 11.1 32 190 M M 5 1 44 190
25 64 35 50 -3 15 0 0.00 M M 8.7 21 330 M M 0 8 32 330
26 67 35 51 -2 14 0 T M M 6.2 17 140 M M 0 23 130
27 67 48 58 6 7 0 0.10 M M 12.9 28 150 M M 6 36 150
28 66 44 55 3 10 0 0.00 M M 3.9 13 30 M M 2 17 30
29 68 38 53 2 12 0 0.00 M M 2.9 9 50 M M 0 13 70
30 64 47 56 5 9 0 0.00 M M 4.9 10 320 M M 3 8 14 320
31 72 32 52 2 13 0 0.00 M M 3.7 10 170 M M 0 12 190
================================================================================
SM 2293 1332 231 35 0.47 M 264.7 M 42
================================================================================
AV 74.0 43.0 8.5 FASTST M M 1 MAX(MPH)
MISC ----> 39 170 57 170
================================================================================
NOTES:
# LAST OF SEVERAL OCCURRENCES
COLUMN 17 PEAK WIND IN M.P.H.
PRELIMINARY LOCAL CLIMATOLOGICAL DATA (WS FORM: F-6) , PAGE 2
STATION: SALINA KS
MONTH: OCTOBER
YEAR: 2022
LATITUDE: 38 47 N
LONGITUDE: 97 39 W
[TEMPERATURE DATA] [PRECIPITATION DATA] SYMBOLS USED IN COLUMN 16
AVERAGE MONTHLY: 58.5 TOTAL FOR MONTH: 0.47 1 = FOG OR MIST
DPTR FM NORMAL: 1.5 DPTR FM NORMAL: -1.69 2 = FOG REDUCING VISIBILITY
HIGHEST: 89 ON 21 GRTST 24HR 0.26 ON 24-24 TO 1/4 MILE OR LESS
LOWEST: 23 ON 19 3 = THUNDER
SNOW, ICE PELLETS, HAIL 4 = ICE PELLETS
TOTAL MONTH: M 5 = HAIL
GRTST 24HR M ON M 6 = FREEZING RAIN OR DRIZZLE
GRTST DEPTH: M ON M 7 = DUSTSTORM OR SANDSTORM:
VSBY 1/2 MILE OR LESS
8 = SMOKE OR HAZE
[NO. OF DAYS WITH] [WEATHER - DAYS WITH] 9 = BLOWING SNOW
X = TORNADO
MAX 32 OR BELOW: 0 0.01 INCH OR MORE: 3
MAX 90 OR ABOVE: 0 0.10 INCH OR MORE: 3
MIN 32 OR BELOW: 5 0.50 INCH OR MORE: 0
MIN 0 OR BELOW: 0 1.00 INCH OR MORE: 0
[HDD (BASE 65) ]
TOTAL THIS MO. 231 CLEAR (SCALE 0-3) 27
DPTR FM NORMAL -51 PTCLDY (SCALE 4-7) 4
TOTAL FM JUL 1 247 CLOUDY (SCALE 8-10) 0
DPTR FM NORMAL -85
[CDD (BASE 65) ]
TOTAL THIS MO. 35
DPTR FM NORMAL 1 [PRESSURE DATA]
TOTAL FM JAN 1 1961 HIGHEST SLP 30.55 ON 7
DPTR FM NORMAL 339 LOWEST SLP 29.33 ON 23
[REMARKS]
#FINAL-10-22#