000
CXUS56 KLOX 011155
CF6SMX
PRELIMINARY LOCAL CLIMATOLOGICAL DATA (WS FORM: F-6)
STATION: SANTA MARIA AIRPORT CA
MONTH: APRIL
YEAR: 2021
LATITUDE: 34 54 N
LONGITUDE: 120 27 W
TEMPERATURE IN F: :PCPN: SNOW: WIND :SUNSHINE: SKY :PK WND
================================================================================
1 2 3 4 5 6A 6B 7 8 9 10 11 12 13 14 15 16 17 18
12Z AVG MX 2MIN
DY MAX MIN AVG DEP HDD CDD WTR SNW DPTH SPD SPD DIR MIN PSBL S-S WX SPD DR
================================================================================
1 86 47 67 12 0 2 0.00 M M 4.9 20 310 M M 1 8 25 310
2 64 46 55 0 10 0 0.00 M M 5.1 13 310 M M 5 12 M M
3 61 45 53 -2 12 0 0.00 M M 6.3 15 310 M M 5 M M
4 65 39 52 -3 13 0 0.00 M M 7.7 23 290 M M 0 28 290
5 62 44 53 -2 12 0 0.00 M M 10.6 23 290 M M 6 32 220
6 64 48 56 1 9 0 0.00 M M 10.2 23 280 M M 7 18 28 310
7 64 46 55 0 10 0 0.00 M M 6.6 18 300 M M 6 18 32 90
8 63 43 53 -2 12 0 0.00 M M 10.9 28 310 M M 3 18 32 300
9 66 43 55 0 10 0 0.00 M M 12.4 25 300 M M 3 178 36 310
10 63 42 53 -2 12 0 0.00 M M 12.5 24 310 M M 2 18 33 310
11 66 44 55 0 10 0 0.00 M M 11.8 23 290 M M 5 18 31 310
12 60 44 52 -3 13 0 0.00 M M 7.9 17 300 M M 9 18 22 300
13 59 48 54 -1 11 0 0.00 M M 6.9 17 290 M M 10 18 22 290
14 62 43 53 -2 12 0 0.00 M M 5.6 18 310 M M 8 8 22 310
15 63 42 53 -3 12 0 0.00 M M 5.7 20 310 M M 4 128 23 310
16 62 44 53 -3 12 0 0.00 M M 9.3 23 290 M M 6 128 M M
17 63 46 55 -1 10 0 0.00 M M 8.6 23 300 M M 6 18 29 290
18 73 44 59 3 6 0 0.00 M M 4.3 16 320 M M 5 128 19 320
19 62 46 54 -2 11 0 0.00 M M 7.8 22 300 M M 5 128 24 300
20 61 47 54 -2 11 0 0.00 M M 12.2 25 290 M M 8 18 28 300
21 57 49 53 -3 12 0 T M M 8.1 15 290 M M 10 18 18 290
22 57 49 53 -3 12 0 0.00 M M 7.3 13 300 M M 10 1 M M
23 62 49 56 0 9 0 0.00 M M 7.5 16 310 M M 9 8 24 280
24 62 45 54 -2 11 0 0.00 M M 7.3 18 310 M M 6 178 22 320
25 60 45 53 -3 12 0 T M M 6.0 15 300 M M 8 12 17 300
26 62 47 55 -1 10 0 0.00 M M 10.5 25 300 M M 6 8 36 300
27 64 42 53 -4 12 0 0.00 M M 9.1 28 300 M M 2 18 33 300
28 75 42 59 2 6 0 0.00 M M 7.5 24 320 M M 0 30 330
29 82 44 63 6 2 0 0.00 M M 5.7 17 320 M M 0 18 21 330
30 71 45 58 1 7 0 0.00 M M 6.2 16 320 M M 3 12 21 320
================================================================================
SM 1941 1348 301 2 T M 242.5 M 158
================================================================================
AV 64.7 44.9 8.1 FASTST M M 5 MAX(MPH)
MISC ----> # 28 310 # 36 310
================================================================================
NOTES:
# LAST OF SEVERAL OCCURRENCES
COLUMN 17 PEAK WIND IN M.P.H.
PRELIMINARY LOCAL CLIMATOLOGICAL DATA (WS FORM: F-6) , PAGE 2
STATION: SANTA MARIA AIRPORT CA
MONTH: APRIL
YEAR: 2021
LATITUDE: 34 54 N
LONGITUDE: 120 27 W
[TEMPERATURE DATA] [PRECIPITATION DATA] SYMBOLS USED IN COLUMN 16
AVERAGE MONTHLY: 54.8 TOTAL FOR MONTH: T 1 = FOG OR MIST
DPTR FM NORMAL: -0.8 DPTR FM NORMAL: -0.98 2 = FOG REDUCING VISIBILITY
HIGHEST: 86 ON 1 GRTST 24HR T ON 21-21 TO 1/4 MILE OR LESS
LOWEST: 39 ON 4 3 = THUNDER
SNOW, ICE PELLETS, HAIL 4 = ICE PELLETS
TOTAL MONTH: M 5 = HAIL
GRTST 24HR M ON M 6 = FREEZING RAIN OR DRIZZLE
GRTST DEPTH: M ON M 7 = DUSTSTORM OR SANDSTORM:
VSBY 1/2 MILE OR LESS
8 = SMOKE OR HAZE
[NO. OF DAYS WITH] [WEATHER - DAYS WITH] 9 = BLOWING SNOW
X = TORNADO
MAX 32 OR BELOW: 0 0.01 INCH OR MORE: 0
MAX 90 OR ABOVE: 0 0.10 INCH OR MORE: 0
MIN 32 OR BELOW: 0 0.50 INCH OR MORE: 0
MIN 0 OR BELOW: 0 1.00 INCH OR MORE: 0
[HDD (BASE 65) ]
TOTAL THIS MO. 301 CLEAR (SCALE 0-3) 9
DPTR FM NORMAL 15 PTCLDY (SCALE 4-7) 14
TOTAL FM JUL 1 2144 CLOUDY (SCALE 8-10) 7
DPTR FM NORMAL -313
[CDD (BASE 65) ]
TOTAL THIS MO. 2
DPTR FM NORMAL -2 [PRESSURE DATA]
TOTAL FM JAN 1 8 HIGHEST SLP 30.22 ON 4
DPTR FM NORMAL 2 LOWEST SLP 29.79 ON 11
[REMARKS]
#FINAL-04-21#