000
CXAK56 PAFC 011258
CF6SNP
PRELIMINARY LOCAL CLIMATOLOGICAL DATA (WS FORM: F-6)
STATION: SAINT PAUL ISLAND
MONTH: OCTOBER
YEAR: 2021
LATITUDE: 57 9 N
LONGITUDE: 170 13 W
TEMPERATURE IN F: :PCPN: SNOW: WIND :SUNSHINE: SKY :PK WND
================================================================================
1 2 3 4 5 6A 6B 7 8 9 10 11 12 13 14 15 16 17 18
12Z AVG MX 2MIN
DY MAX MIN AVG DEP HDD CDD WTR SNW DPTH SPD SPD DIR MIN PSBL S-S WX SPD DR
================================================================================
1 45 35 40 -2 25 0 0.03 M M 18.9 36 350 M M 6 1 44 340
2 47 36 42 0 23 0 0.05 M M 14.1 26 260 M M 9 18 33 260
3 49 43 46 4 19 0 0.02 M M 16.1 33 190 M M 10 18 42 190
4 49 45 47 5 18 0 0.16 M M 22.6 32 200 M M 10 1 41 210
5 47 46 47 5 18 0 0.43 M M 21.7 35 230 M M 10 1 46 230
6 49 43 46 5 19 0 0.03 M M 25.0 39 210 M M 8 18 53 210
7 46 41 44 3 21 0 0.73 M M 24.7 45 280 M M 9 1 55 270
8 45 39 42 1 23 0 0.15 M M 31.1 40 280 M M 6 18 52 280
9 47 39 43 2 22 0 0.07 M M 21.9 37 280 M M 5 1 45 280
10 46 40 43 2 22 0 0.10 M M 25.1 40 290 M M 10 1 52 290
11 45 36 41 1 24 0 0.31 M M 20.9 35 310 M M 7 1 47 300
12 45 36 41 1 24 0 0.17 M M 19.6 29 310 M M 8 1 36 320
13 42 33 38 -2 27 0 0.17 M M 14.5 36 270 M M 6 1 44 260
14 42 33 38 -2 27 0 0.32 M M 18.0 33 330 M M 8 1 42 340
15 43 30 37 -3 28 0 0.04 M M 14.5 33 160 M M 6 1 41 150
16 45 40 43 4 22 0 0.82 M M 26.2 47 160 M M 9 1 62 160
17 44 37 41 2 24 0 T M M 26.8 48 10 M M 10 1 60 20
18 44 32 38 -1 27 0 0.08 M M 18.1 31 200 M M 9 18 40 200
19 42 35 39 0 26 0 T M M 29.1 40 280 M M 7 18 53 280
20 41 32 37 -2 28 0 T M M 20.0 41 290 M M 5 50 290
21 43 37 40 2 25 0 0.88 M M 31.8 56 110 M M 10 1 72 110
22 39 34 37 -1 28 0 0.48 M M 26.8 45 320 M M 9 1 59 320
23 40 27 34 -4 31 0 0.07 M M 19.1 33 320 M M 7 18 43 310
24 36 26 31 -7 34 0 T M M 13.1 26 10 M M 9 18 33 10
25 36 30 33 -5 32 0 0.05 M M 17.7 30 330 M M 9 1 36 340
26 41 33 37 -1 28 0 0.02 M M 21.0 33 270 M M 7 18 42 270
27 36 29 33 -4 32 0 0.09 M M 16.7 32 280 M M 6 18 42 280
28 35 32 34 -3 31 0 T M M 12.5 20 10 M M 10 24 10
29 36 27 32 -5 33 0 0.03 M M 12.7 22 350 M M 7 1 26 350
30 38 31 35 -2 30 0 0.03 M M 13.6 25 240 M M 9 1 33 240
31 39 31 35 -2 30 0 0.07 M M 14.7 30 180 M M 6 18 37 180
================================================================================
SM 1322 1088 801 0 5.40 M 628.6 M 247
================================================================================
AV 42.6 35.1 20.3 FASTST M M 8 MAX(MPH)
MISC ----> 56 110 72 110
================================================================================
NOTES:
# LAST OF SEVERAL OCCURRENCES
COLUMN 17 PEAK WIND IN M.P.H.
PRELIMINARY LOCAL CLIMATOLOGICAL DATA (WS FORM: F-6) , PAGE 2
STATION: SAINT PAUL ISLAND
MONTH: OCTOBER
YEAR: 2021
LATITUDE: 57 9 N
LONGITUDE: 170 13 W
[TEMPERATURE DATA] [PRECIPITATION DATA] SYMBOLS USED IN COLUMN 16
AVERAGE MONTHLY: 38.9 TOTAL FOR MONTH: 5.40 1 = FOG OR MIST
DPTR FM NORMAL: -0.6 DPTR FM NORMAL: 2.08 2 = FOG REDUCING VISIBILITY
HIGHEST: 49 ON 6, 4 GRTST 24HR 0.94 ON 21-22 TO 1/4 MILE OR LESS
LOWEST: 26 ON 24 3 = THUNDER
SNOW, ICE PELLETS, HAIL 4 = ICE PELLETS
TOTAL MONTH: M 5 = HAIL
GRTST 24HR M ON M 6 = FREEZING RAIN OR DRIZZLE
GRTST DEPTH: M ON M 7 = DUSTSTORM OR SANDSTORM:
VSBY 1/2 MILE OR LESS
8 = SMOKE OR HAZE
[NO. OF DAYS WITH] [WEATHER - DAYS WITH] 9 = BLOWING SNOW
X = TORNADO
MAX 32 OR BELOW: 0 0.01 INCH OR MORE: 26
MAX 90 OR ABOVE: 0 0.10 INCH OR MORE: 12
MIN 32 OR BELOW: 11 0.50 INCH OR MORE: 3
MIN 0 OR BELOW: 0 1.00 INCH OR MORE: 0
[HDD (BASE 65) ]
TOTAL THIS MO. 801 CLEAR (SCALE 0-3) 0
DPTR FM NORMAL 9 PTCLDY (SCALE 4-7) 14
TOTAL FM JUL 1 2332 CLOUDY (SCALE 8-10) 17
DPTR FM NORMAL -39
[CDD (BASE 65) ]
TOTAL THIS MO. 0
DPTR FM NORMAL 0 [PRESSURE DATA]
TOTAL FM JAN 1 0 HIGHEST SLP 30.27 ON 2
DPTR FM NORMAL 0 LOWEST SLP 28.03 ON 21
[REMARKS]
#FINAL-10-21#