000
CXUS55 KPIH 011205
CF6SNT
PRELIMINARY LOCAL CLIMATOLOGICAL DATA (WS FORM: F-6)
STATION: STANLEY_ID
MONTH: JULY
YEAR: 2020
LATITUDE: 44 10 N
LONGITUDE: 114 56 W
TEMPERATURE IN F: :PCPN: SNOW: WIND :SUNSHINE: SKY :PK WND
================================================================================
1 2 3 4 5 6A 6B 7 8 9 10 11 12 13 14 15 16 17 18
12Z AVG MX 2MIN
DY MAX MIN AVG DEP HDD CDD WTR SNW DPTH SPD SPD DIR MIN PSBL S-S WX SPD DR
================================================================================
1 63 35 49 -5 16 0 0.00 M M 7.0 16 190 M M 0 25 200
2 71 28 50 -4 15 0 0.00 M M 4.0 13 170 M M 0 18 180
3 78 32 55 1 10 0 0.00 M M 3.6 17 180 M M 0 25 180
4 77 35 56 1 9 0 0.00 M M 4.2 17 180 M M 0 23 220
5 76 34 55 0 10 0 0.00 M M 3.5 12 270 M M 0 18 280
6 80 32 56 1 9 0 0.00 M M 4.2 18 230 M M 0 25 250
7 70 40 55 -1 10 0 0.00 M M 4.3 17 260 M M 0 24 270
8 73 32 53 -3 12 0 0.00 M M 4.8 15 30 M M 0 20 30
9 78 31 55 -1 10 0 0.00 M M 4.5 15 250 M M 0 25 350
10 76 41 59 3 6 0 0.00 M M 3.6 13 280 M M 0 19 310
11 84 33 59 2 6 0 0.00 M M 4.3 18 200 M M 0 25 210
12 78 41 60 3 5 0 0.00 M M 5.3 21 270 M M 0 31 270
13 73 41 57 0 8 0 0.00 M M 4.4 15 350 M M 0 21 340
14 75 30 53 -5 12 0 0.00 M M 4.0 12 280 M M 0 17 290
15 80 31 56 -2 9 0 0.00 M M 3.3 12 350 M M 0 19 10
16 83 34 59 1 6 0 0.00 M M 3.9 14 270 M M 0 22 270
17 83 38 61 3 4 0 0.00 M M 4.8 17 300 M M 0 29 200
18 81 36 59 1 6 0 0.00 M M 4.2 14 340 M M 0 19 330
19 83 34 59 1 6 0 0.00 M M 3.3 13 40 M M 0 17 340
20 84 38 61 3 4 0 0.00 M M 3.5 13 30 M M 0 19 30
21 86 38 62 3 3 0 0.00 M M 3.2 13 330 M M 0 19 350
22 76 39 58 -1 7 0 0.08 M M 2.5 14 190 M M 0 20 230
23 77 46 62 3 3 0 0.64 M M 5.6 14 140 M M 0 20 260
24 76 43 60 1 5 0 0.00 M M 3.6 10 210 M M 0 16 180
25 79 38 59 0 6 0 0.00 M M 2.6 16 260 M M 0 24 260
26 84 37 61 2 4 0 0.00 M M 3.5 12 360 M M 0 16 20
27 87 38 63 4 2 0 0.00 M M 4.0 15 220 M M 0 25 220
28 75 50 63 4 2 0 0.22 M M 3.3 10 120 M M 0 16 130
29 82 48 65 6 0 0 0.00 M M 3.9 10 330 M M 0 15 260
30 89 42 66 7 0 1 0.00 M M 2.9 13 180 M M 0 18 70
31 93 44 69 10 0 4 0.00 M M 4.3 12 100 M M 0 17 190
================================================================================
SM 2450 1159 205 5 0.94 M 124.1 M 0
================================================================================
AV 79.0 37.4 4.0 FASTST M M 0 MAX(MPH)
MISC ----> # 21 270 # 31 270
================================================================================
NOTES:
# LAST OF SEVERAL OCCURRENCES
PRECIPITATION SUSPECT DURING FREEZING/FROZEN EVENTS
COLUMN 17 PEAK WIND IN M.P.H.
PRELIMINARY LOCAL CLIMATOLOGICAL DATA (WS FORM: F-6) , PAGE 2
STATION: STANLEY_ID
MONTH: JULY
YEAR: 2020
LATITUDE: 44 10 N
LONGITUDE: 114 56 W
[TEMPERATURE DATA] [PRECIPITATION DATA] SYMBOLS USED IN COLUMN 16
AVERAGE MONTHLY: 58.2 TOTAL FOR MONTH: 0.94 1 = FOG OR MIST
DPTR FM NORMAL: 0.8 DPTR FM NORMAL: 0.25 2 = FOG REDUCING VISIBILITY
HIGHEST: 93 ON 31 GRTST 24HR 0.64 ON 23-23 TO 1/4 MILE OR LESS
LOWEST: 28 ON 2 3 = THUNDER
SNOW, ICE PELLETS, HAIL 4 = ICE PELLETS
TOTAL MONTH: M 5 = HAIL
GRTST 24HR M ON M 6 = FREEZING RAIN OR DRIZZLE
GRTST DEPTH: M ON M 7 = DUSTSTORM OR SANDSTORM:
VSBY 1/2 MILE OR LESS
8 = SMOKE OR HAZE
[NO. OF DAYS WITH] [WEATHER - DAYS WITH] 9 = BLOWING SNOW
X = TORNADO
MAX 32 OR BELOW: 0 0.01 INCH OR MORE: 3
MAX 90 OR ABOVE: 1 0.10 INCH OR MORE: 2
MIN 32 OR BELOW: 7 0.50 INCH OR MORE: 1
MIN 0 OR BELOW: 0 1.00 INCH OR MORE: 0
[HDD (BASE 65) ]
TOTAL THIS MO. 205 CLEAR (SCALE 0-3) 31
DPTR FM NORMAL -36 PTCLDY (SCALE 4-7) 0
TOTAL FM JUL 1 205 CLOUDY (SCALE 8-10) 0
DPTR FM NORMAL -36
[CDD (BASE 65) ]
TOTAL THIS MO. 5
DPTR FM NORMAL 2 [PRESSURE DATA]
TOTAL FM JAN 1 5 HIGHEST SLP 30.19 ON 11
DPTR FM NORMAL 2 LOWEST SLP 29.60 ON 7
[REMARKS]
28TH: RAINFALL OF 0.22 INCHES BREAKS OLD RECORD OF 0.15 SET IN 1984.
31ST: HIGH OF 93 BREAKS OLD RECORD OF 92 SET IN 2000.
#FINAL-07-20#