000
CXUS55 KCYS 051215
CF6SNY
PRELIMINARY LOCAL CLIMATOLOGICAL DATA (WS FORM: F-6)
STATION: SIDNEY NEBRASKA AIRPORT
MONTH: FEBRUARY
YEAR: 2024
LATITUDE: 41 5 N
LONGITUDE: 102 59 W
TEMPERATURE IN F: :PCPN: SNOW: WIND :SUNSHINE: SKY :PK WND
================================================================================
1 2 3 4 5 6A 6B 7 8 9 10 11 12 13 14 15 16 17 18
12Z AVG MX 2MIN
DY MAX MIN AVG DEP HDD CDD WTR SNW DPTH SPD SPD DIR MIN PSBL S-S WX SPD DR
================================================================================
1 58 27 43 15 22 0 0.00 M M 7.1 15 280 M M 1 21 300
2 50 18 34 6 31 0 T M M 8.8 23 120 M M 3 128 29 130
3 44 36 40 12 25 0 0.42 M M 10.6 21 140 M M 10 12 29 120
4 50 24 37 9 28 0 0.00 M M 6.7 15 350 M M 5 12 20 330
5 54 20 37 9 28 0 0.00 M M 8.9 21 190 M M 1 12 26 180
6 52 27 40 12 25 0 0.00 M M 4.7 13 140 M M 0 12 16 150
7 55 23 39 11 26 0 0.01 M M 7.2 22 300 M M 6 128 30 300
8 49 26 38 10 27 0 T M M 17.1 33 300 M M 4 1 46 310
9 47 17 32 4 33 0 0.00 M M 7.0 13 120 M M 2 18 360
10 30 19 25 -3 40 0 0.21 M M 9.5 16 50 M M 10 1 21 110
11 36 4 20 -8 45 0 0.00 M M 9.4 16 300 M M 2 1 20 310
12 46 20 33 5 32 0 0.00 M M 9.4 16 290 M M 3 24 300
13 50 21 36 7 29 0 0.00 M M 8.6 16 300 M M 0 23 290
14 45 24 35 6 30 0 0.00 M M 10.9 24 10 M M 5 32 350
15 41 21 31 2 34 0 0.02 M M 12.1 23 190 M M 9 128 28 180
16 21 10 16 -13 49 0 0.04 M M 10.0 16 30 M M 10 18 20 50
17 34 1 18 -11 47 0 0.00 M M 12.0 17 270 M M 0 22 300
18 51 7 29 -1 36 0 0.00 M M 9.5 21 280 M M 2 29 290
19 56 24 40 10 25 0 0.00 M M 13.6 28 330 M M 1 36 300
20 64 24 44 14 21 0 0.00 M M 11.7 29 280 M M 2 38 260
21 62 29 46 16 19 0 0.16 M M 7.3 30 280 M M 4 13 44 280
22 54 32 43 13 22 0 T M M 11.0 21 340 M M 4 27 340
23 53 30 42 11 23 0 0.00 M M 15.5 29 320 M M 0 39 330
24 61 20 41 10 24 0 0.00 M M 14.0 32 300 M M 0 44 300
25 66 21 44 13 21 0 0.00 M M 16.6 32 270 M M 0 43 290
26 66 26 46 14 19 0 0.00 M M 16.8 41 290 M M 0 56 300
27 34 10 22 -10 43 0 0.01 M M 16.2 31 350 M M 4 18 38 350
28 53 6 30 -2 35 0 0.00 M M 11.3 23 260 M M 0 30 260
29 65 20 43 10 22 0 0.00 M M 10.4 20 220 M M 0 27 240
================================================================================
SM 1447 587 861 0 0.87 M 313.9 M 88
================================================================================
AV 49.9 20.2 10.8 FASTST M M 3 MAX(MPH)
MISC ----> 41 290 56 300
================================================================================
NOTES:
# LAST OF SEVERAL OCCURRENCES
COLUMN 17 PEAK WIND IN M.P.H.
PRELIMINARY LOCAL CLIMATOLOGICAL DATA (WS FORM: F-6) , PAGE 2
STATION: SIDNEY NEBRASKA AIRPORT
MONTH: FEBRUARY
YEAR: 2024
LATITUDE: 41 5 N
LONGITUDE: 102 59 W
[TEMPERATURE DATA] [PRECIPITATION DATA] SYMBOLS USED IN COLUMN 16
AVERAGE MONTHLY: 35.1 TOTAL FOR MONTH: 0.87 1 = FOG OR MIST
DPTR FM NORMAL: 5.8 DPTR FM NORMAL: 0.65 2 = FOG REDUCING VISIBILITY
HIGHEST: 66 ON 26,25 GRTST 24HR 0.42 ON 3- 3 TO 1/4 MILE OR LESS
LOWEST: 1 ON 17 3 = THUNDER
SNOW, ICE PELLETS, HAIL 4 = ICE PELLETS
TOTAL MONTH: M 5 = HAIL
GRTST 24HR M ON M 6 = FREEZING RAIN OR DRIZZLE
GRTST DEPTH: M ON M 7 = DUSTSTORM OR SANDSTORM:
VSBY 1/2 MILE OR LESS
8 = SMOKE OR HAZE
[NO. OF DAYS WITH] [WEATHER - DAYS WITH] 9 = BLOWING SNOW
X = TORNADO
MAX 32 OR BELOW: 2 0.01 INCH OR MORE: 7
MAX 90 OR ABOVE: 0 0.10 INCH OR MORE: 3
MIN 32 OR BELOW: 28 0.50 INCH OR MORE: 0
MIN 0 OR BELOW: 0 1.00 INCH OR MORE: 0
[HDD (BASE 65) ]
TOTAL THIS MO. 861 CLEAR (SCALE 0-3) 18
DPTR FM NORMAL -137 PTCLDY (SCALE 4-7) 7
TOTAL FM JUL 1 4500 CLOUDY (SCALE 8-10) 4
DPTR FM NORMAL -438
[CDD (BASE 65) ]
TOTAL THIS MO. 0
DPTR FM NORMAL 0 [PRESSURE DATA]
TOTAL FM JAN 1 0 HIGHEST SLP 30.53 ON 17
DPTR FM NORMAL 0 LOWEST SLP 29.31 ON 27
[REMARKS]
#FINAL-02-24#
FEBRUARY 3... RECORD HIGH MINIMUM TEMPERATURE: 36F (PREVIOUS: 32F IN 1954, 1976)
FEBRUARY 3... RECORD DAILY PRECIPITATION: 0.42" (PREVIOUS: 0.25" IN 2012)