011
CXUS55 KCYS 080235
CF6SNY
PRELIMINARY LOCAL CLIMATOLOGICAL DATA (WS FORM: F-6) ...CORRECTED...
STATION: SIDNEY NEBRASKA AIRPORT
MONTH: MARCH
YEAR: 2021
LATITUDE: 41 5 N
LONGITUDE: 102 59 W
TEMPERATURE IN F: :PCPN: SNOW: WIND :SUNSHINE: SKY :PK WND
================================================================================
1 2 3 4 5 6A 6B 7 8 9 10 11 12 13 14 15 16 17 18
12Z AVG MX 2MIN
DY MAX MIN AVG DEP HDD CDD WTR SNW DPTH SPD SPD DIR MIN PSBL S-S WX SPD DR
================================================================================
1 51 19 35 0 30 0 0.00 M M 11.4 17 220 M M 0 24 200
2 66 18 42 6 23 0 0.00 M M 11.6 25 330 M M 0 32 330
3 65 22 44 8 21 0 0.00 M M 9.7 18 190 M M 0 24 230
4 60 20 40 4 25 0 0.00 M M 9.9 22 170 M M 1 33 90
5 64 23 44 8 21 0 0.00 M M 9.7 16 290 M M 0 19 290
6 70 24 47 10 18 0 0.00 M M 15.2 30 180 M M 0 37 180
7 68 27 48 11 17 0 0.00 M M 8.6 17 350 M M 0 21 350
8 62 27 45 8 20 0 0.00 M M 7.1 17 290 M M 0 20 290
9 70 25 48 10 17 0 0.00 M M 13.8 32 50 M M 1 43 50
10 40 18 29 -9 36 0 0.07 M M 13.6 29 30 M M 8 1 40 20
11 47 15 31 -7 34 0 0.00 M M 8.3 16 130 M M 2 23 150
12 50 27 39 1 26 0 T M M 11.3 23 140 M M 10 29 150
13 37 32 35 -3 30 0 0.65 M M 14.2 31 80 M M 10 123 42 70
14 35 30 33 -6 32 0 1.14 M M 21.0 36 60 M M 10 126 48 50
15 31 25 28 -11 37 0 T M M 10.9 18 350 M M 9 1 25 330
16 35 18 27 -12 38 0 0.00 M M 8.3 17 350 M M 7 1 23 330
17 34 18 26 -13 39 0 0.00 M M 16.2 24 330 M M 5 1 33 350
18 41 13 27 -13 38 0 0.00 M M 5.2 13 170 M M 0 18 180
19 57 27 42 2 23 0 0.00 M M 13.6 17 200 M M 0 20 200
20 70 31 51 11 14 0 0.00 M M 12.0 26 170 M M 0 32 170
21 48 31 40 0 25 0 0.00 M M 17.3 31 340 M M 4 39 310
22 49 23 36 -4 29 0 0.00 M M 6.1 13 90 M M 3 16 80
23 51 23 37 -4 28 0 T M M 16.8 33 350 M M 3 44 350
24 47 25 36 -5 29 0 0.00 M M 10.4 20 360 M M 5 25 350
25 56 24 40 -1 25 0 0.00 M M 9.3 16 220 M M 1 26 200
26 41 31 36 -5 29 0 0.27 M M 7.5 18 150 M M 10 12 23 140
27 50 25 38 -4 27 0 T M M 15.0 33 320 M M 3 12 45 320
28 66 24 45 3 20 0 0.00 M M 14.2 32 290 M M 0 42 270
29 76 30 53 11 12 0 0.00 M M 18.7 35 350 M M 0 54 330
30 43 18 31 -11 34 0 0.00 M M 9.7 28 350 M M 6 34 350
31 49 13 31 -12 34 0 0.00 M M 8.4 23 340 M M 1 31 340
================================================================================
SM 1629 726 831 0 2.13 M 365.0 M 99
================================================================================
AV 52.5 23.4 11.8 FASTST M M 3 MAX(MPH)
MISC ----> 36 60 54 330
================================================================================
NOTES:
# LAST OF SEVERAL OCCURRENCES
COLUMN 17 PEAK WIND IN M.P.H.
PRELIMINARY LOCAL CLIMATOLOGICAL DATA (WS FORM: F-6) , PAGE 2
STATION: SIDNEY NEBRASKA AIRPORT
MONTH: MARCH
YEAR: 2021
LATITUDE: 41 5 N
LONGITUDE: 102 59 W
[TEMPERATURE DATA] [PRECIPITATION DATA] SYMBOLS USED IN COLUMN 16
AVERAGE MONTHLY: 38.0 TOTAL FOR MONTH: 2.13 1 = FOG OR MIST
DPTR FM NORMAL: -1.1 DPTR FM NORMAL: 1.03 2 = FOG REDUCING VISIBILITY
HIGHEST: 76 ON 29 GRTST 24HR 1.76 ON 13-14 TO 1/4 MILE OR LESS
LOWEST: 13 ON 31,18 3 = THUNDER
SNOW, ICE PELLETS, HAIL 4 = ICE PELLETS
TOTAL MONTH: M 5 = HAIL
GRTST 24HR M ON M 6 = FREEZING RAIN OR DRIZZLE
GRTST DEPTH: M ON M 7 = DUSTSTORM OR SANDSTORM:
VSBY 1/2 MILE OR LESS
8 = SMOKE OR HAZE
[NO. OF DAYS WITH] [WEATHER - DAYS WITH] 9 = BLOWING SNOW
X = TORNADO
MAX 32 OR BELOW: 1 0.01 INCH OR MORE: 4
MAX 90 OR ABOVE: 0 0.10 INCH OR MORE: 3
MIN 32 OR BELOW: 31 0.50 INCH OR MORE: 2
MIN 0 OR BELOW: 0 1.00 INCH OR MORE: 1
[HDD (BASE 65) ]
TOTAL THIS MO. 831 CLEAR (SCALE 0-3) 18
DPTR FM NORMAL 28 PTCLDY (SCALE 4-7) 8
TOTAL FM JUL 1 5792 CLOUDY (SCALE 8-10) 5
DPTR FM NORMAL 406
[CDD (BASE 65) ]
TOTAL THIS MO. 0
DPTR FM NORMAL 0 [PRESSURE DATA]
TOTAL FM JAN 1 0 HIGHEST SLP 30.52 ON 31
DPTR FM NORMAL 0 LOWEST SLP 29.36 ON 29
[REMARKS]
MARCH 14TH...RECORD PRECIPITATION 1.14" (PREVIOUS 0.64" IN 1959)
PRECIPITATION 2.13" WAS 9TH WETTEST MARCH
#FINAL-03-21#