000
CXUS52 KTBW 020418
CF6SPG
PRELIMINARY LOCAL CLIMATOLOGICAL DATA (WS FORM: F-6)
STATION: SAINT PETERSBURG
MONTH: JANUARY
YEAR: 2024
LATITUDE: 27 46 N
LONGITUDE: 82 38 W
TEMPERATURE IN F: :PCPN: SNOW: WIND :SUNSHINE: SKY :PK WND
================================================================================
1 2 3 4 5 6A 6B 7 8 9 10 11 12 13 14 15 16 17 18
12Z AVG MX 2MIN
DY MAX MIN AVG DEP HDD CDD WTR SNW DPTH SPD SPD DIR MIN PSBL S-S WX SPD DR
================================================================================
1 69 57 63 0 2 0 0.00 0.0 0 4.1 13 180 M M 3 1 17 170
2 63 54 59 -3 6 0 0.00 0.0 0 8.8 17 20 M M 0 21 20
3 66 53 60 -2 5 0 0.06 0.0 0 9.7 17 80 M M 3 20 70
4 67 56 62 0 3 0 0.02 0.0 0 10.8 21 60 M M 5 27 340
5 71 54 63 1 2 0 0.00 0.0 0 12.7 21 130 M M 3 25 130
6 74 64 69 7 0 4 2.71 0.0 0 10.5 23 30 M M 5 123 29 20
7 66 55 61 -1 4 0 0.14 0.0 0 9.6 18 320 M M 4 1 29 320
8 65 53 59 -3 6 0 0.00 0.0 0 15.1 22 60 M M 2 28 60
9 75 61 68 6 0 3 0.56 0.0 0 16.9 36 320 M M 7 13 48 180
10 65 55 60 -2 5 0 0.00 0.0 0 5.8 15 270 M M 7 24 260
11 62 54 58 -4 7 0 0.02 0.0 0 10.7 21 110 M M 6 24 110
12 74 57 66 4 0 1 0.05 0.0 0 11.8 23 200 M M 9 1 34 210
13 72 55 64 2 1 0 0.06 0.0 0 11.7 21 350 M M 4 1 29 330
14 58 52 55 -7 10 0 T 0.0 0 12.4 21 60 M M 2 26 30
15 67 57 62 0 3 0 T 0.0 0 6.3 14 60 M M 9 15 70
16 72 56 64 2 1 0 0.14 0.0 0 9.3 20 340 M M 9 12 30 250
17 60 45 53 -9 12 0 0.00 0.0 0 12.9 20 70 M M 2 26 350
18 64 51 58 -4 7 0 0.20 0.0 0 8.5 18 60 M M 9 1 22 70
19 69 56 63 1 2 0 0.02 0.0 0 6.9 14 250 M M 6 1 20 360
20 59 48 54 -8 11 0 0.00 0.0 0 12.3 18 10 M M 0 26 20
21 59 41 50 -12 15 0 0.00 0.0 0 17.5 23 50 M M 0 28 40
22 63 49 56 -6 9 0 0.00 0.0 0 12.1 20 50 M M 0 23 40
23 72 58 65 3 0 0 0.00 0.0 0 7.8 16 120 M M 2 21 120
24 71 61 66 4 0 1 0.00 0.0 0 5.9 12 130 M M 4 13 130
25 81 62 72 10 0 7 T 0.0 0 6.2 15 200 M M 5 12 22 210
26 78 64 71 9 0 6 T 0.0 0 3.3 12 160 M M 4 15 170
27 79 63 71 9 0 6 0.00 0.0 0 5.7 20 200 M M 2 1 27 230
28 70 57 64 1 1 0 0.13 0.0 0 11.3 21 340 M M 5 1 33 350
29 59 52 56 -7 9 0 0.00 0.0 0 10.2 18 360 M M 6 27 330
30 62 52 57 -6 8 0 0.00 0.0 0 5.0 12 260 M M 0 17 230
31 67 55 61 -2 4 0 0.00 0.0 0 7.7 20 320 M M 1 28 320
================================================================================
SM 2099 1707 133 28 4.11 0.0 299.5 M 124
================================================================================
AV 67.7 55.1 9.7 FASTST M M 4 MAX(MPH)
MISC ----> 36 320 48 180
================================================================================
NOTES:
# LAST OF SEVERAL OCCURRENCES
COLUMN 17 PEAK WIND IN M.P.H.
PRELIMINARY LOCAL CLIMATOLOGICAL DATA (WS FORM: F-6) , PAGE 2
STATION: SAINT PETERSBURG
MONTH: JANUARY
YEAR: 2024
LATITUDE: 27 46 N
LONGITUDE: 82 38 W
[TEMPERATURE DATA] [PRECIPITATION DATA] SYMBOLS USED IN COLUMN 16
AVERAGE MONTHLY: 61.4 TOTAL FOR MONTH: 4.11 1 = FOG OR MIST
DPTR FM NORMAL: -0.8 DPTR FM NORMAL: 1.59 2 = FOG REDUCING VISIBILITY
HIGHEST: 81 ON 25 GRTST 24HR 2.71 ON 6- 6 TO 1/4 MILE OR LESS
LOWEST: 41 ON 21 3 = THUNDER
SNOW, ICE PELLETS, HAIL 4 = ICE PELLETS
TOTAL MONTH: 0.0 INCH 5 = HAIL
GRTST 24HR 0.0 6 = FREEZING RAIN OR DRIZZLE
GRTST DEPTH: 0 7 = DUSTSTORM OR SANDSTORM:
VSBY 1/2 MILE OR LESS
8 = SMOKE OR HAZE
[NO. OF DAYS WITH] [WEATHER - DAYS WITH] 9 = BLOWING SNOW
X = TORNADO
MAX 32 OR BELOW: 0 0.01 INCH OR MORE: 12
MAX 90 OR ABOVE: 0 0.10 INCH OR MORE: 6
MIN 32 OR BELOW: 0 0.50 INCH OR MORE: 2
MIN 0 OR BELOW: 0 1.00 INCH OR MORE: 1
[HDD (BASE 65) ]
TOTAL THIS MO. 133 CLEAR (SCALE 0-3) 13
DPTR FM NORMAL -5 PTCLDY (SCALE 4-7) 14
TOTAL FM JUL 1 225 CLOUDY (SCALE 8-10) 4
DPTR FM NORMAL -24
[CDD (BASE 65) ]
TOTAL THIS MO. 28
DPTR FM NORMAL -22 [PRESSURE DATA]
TOTAL FM JAN 1 28 HIGHEST SLP 30.45 ON 21
DPTR FM NORMAL -22 LOWEST SLP 29.63 ON 9
[REMARKS]
#FINAL-01-24#