922
CXUS53 KILX 011000
CF6SPI
PRELIMINARY LOCAL CLIMATOLOGICAL DATA (WS FORM: F-6)
STATION: SPRINGFIELD IL
MONTH: OCTOBER
YEAR: 2020
LATITUDE: 39 50 N
LONGITUDE: 89 41 W
TEMPERATURE IN F: :PCPN: SNOW: WIND :SUNSHINE: SKY :PK WND
================================================================================
1 2 3 4 5 6A 6B 7 8 9 10 11 12 13 14 15 16 17 18
12Z AVG MX 2MIN
DY MAX MIN AVG DEP HDD CDD WTR SNW DPTH SPD SPD DIR MIN PSBL S-S WX SPD DR
================================================================================
1 63 42 53 -7 12 0 0.01 0.0 0 8.5 20 320 M M 4 30 330
2 58 37 48 -12 17 0 0.00 0.0 0 2.3 8 320 M M 4 13 330
3 58 39 49 -11 16 0 0.03 0.0 0 3.4 10 140 M M 9 1 14 130
4 58 32 45 -14 20 0 0.08 0.0 0 8.2 21 350 M M 4 1 30 360
5 65 30 48 -11 17 0 0.00 0.0 0 6.6 17 200 M M 0 25 170
6 80 51 66 8 0 1 0.00 0.0 0 8.5 16 260 M M 2 23 240
7 86 51 69 11 0 4 0.00 0.0 0 4.9 14 310 M M 0 23 300
8 82 45 64 6 1 0 0.00 0.0 0 3.5 10 80 M M 0 1 13 80
9 84 55 70 13 0 5 0.00 0.0 0 10.4 20 200 M M 0 18 31 190
10 81 59 70 13 0 5 0.00 0.0 0 4.9 12 190 M M 0 1 16 190
11 83 54 69 12 0 4 0.00 0.0 0 7.4 17 160 M M 0 26 150
12 72 39 56 0 9 0 T 0.0 0 9.6 24 290 M M 3 41 310
13 79 36 58 2 7 0 0.00 0.0 0 7.1 21 250 M M 0 30 200
14 83 44 64 8 1 0 0.00 0.0 0 12.7 31 190 M M 2 8 43 220
15 65 29 47 -8 18 0 0.00 0.0 0 8.1 17 280 M M 4 26 320
16 61 27 44 -11 21 0 0.00 0.0 0 6.7 24 250 M M 1 8 40 270
17 69 34 52 -3 13 0 0.00 0.0 0 16.6 33 190 M M 2 44 190
18 59 40 50 -4 15 0 0.41 0.0 0 9.8 23 350 M M 8 1 29 20
19 50 39 45 -9 20 0 0.03 0.0 0 9.2 17 20 M M 10 1 22 20
20 58 43 51 -3 14 0 0.15 0.0 0 10.1 20 130 M M 10 13 27 90
21 56 46 51 -3 14 0 0.01 0.0 0 7.1 13 120 M M 10 1 18 340
22 83 56 70 17 0 5 T 0.0 0 14.7 24 200 M M 2 1 34 190
23 70 43 57 4 8 0 0.52 0.0 0 12.6 22 330 M M 8 13 31 340
24 50 33 42 -10 23 0 0.00 0.0 0 9.3 16 30 M M 8 21 60
25 49 42 46 -6 19 0 0.00 0.0 0 9.7 16 60 M M 10 21 60
26 44 34 39 -13 26 0 0.09 T 0 10.2 16 360 M M 10 1 22 340
27 40 34 37 -15 28 0 0.02 T 0 4.9 12 360 M M 10 1 15 20
28 50 37 44 -7 21 0 0.11 0.0 0 4.1 10 360 M M 9 1 12 360
29 50 35 43 -8 22 0 T 0.0 0 11.7 23 350 M M 8 1 32 350
30 53 25 39 -11 26 0 0.00 0.0 0 2.5 9 120 M M 1 14 340
31 63 34 49 -1 16 0 0.00 0.0 0 14.2 26 180 M M 1 32 180
================================================================================
SM 2002 1245 404 24 1.46 T 259.5 M 140
================================================================================
AV 64.6 40.2 8.4 FASTST M M 5 MAX(MPH)
MISC ----> 33 190 44 190
================================================================================
NOTES:
# LAST OF SEVERAL OCCURRENCES
COLUMN 17 PEAK WIND IN M.P.H.
PRELIMINARY LOCAL CLIMATOLOGICAL DATA (WS FORM: F-6) , PAGE 2
STATION: SPRINGFIELD IL
MONTH: OCTOBER
YEAR: 2020
LATITUDE: 39 50 N
LONGITUDE: 89 41 W
[TEMPERATURE DATA] [PRECIPITATION DATA] SYMBOLS USED IN COLUMN 16
AVERAGE MONTHLY: 52.4 TOTAL FOR MONTH: 1.46 1 = FOG OR MIST
DPTR FM NORMAL: -2.7 DPTR FM NORMAL: -1.69 2 = FOG REDUCING VISIBILITY
HIGHEST: 86 ON 7 GRTST 24HR 0.52 ON 23-23 TO 1/4 MILE OR LESS
LOWEST: 25 ON 30 3 = THUNDER
SNOW, ICE PELLETS, HAIL 4 = ICE PELLETS
TOTAL MONTH: T 5 = HAIL
GRTST 24HR T ON 26-26 6 = FREEZING RAIN OR DRIZZLE
GRTST DEPTH: 0 7 = DUSTSTORM OR SANDSTORM:
VSBY 1/2 MILE OR LESS
8 = SMOKE OR HAZE
[NO. OF DAYS WITH] [WEATHER - DAYS WITH] 9 = BLOWING SNOW
X = TORNADO
MAX 32 OR BELOW: 0 0.01 INCH OR MORE: 11
MAX 90 OR ABOVE: 0 0.10 INCH OR MORE: 4
MIN 32 OR BELOW: 5 0.50 INCH OR MORE: 1
MIN 0 OR BELOW: 0 1.00 INCH OR MORE: 0
[HDD (BASE 65) ]
TOTAL THIS MO. 404 CLEAR (SCALE 0-3) 15
DPTR FM NORMAL 75 PTCLDY (SCALE 4-7) 7
TOTAL FM JUL 1 453 CLOUDY (SCALE 8-10) 9
DPTR FM NORMAL 44
[CDD (BASE 65) ]
TOTAL THIS MO. 24
DPTR FM NORMAL 2 [PRESSURE DATA]
TOTAL FM JAN 1 1198 HIGHEST SLP 30.37 ON 27
DPTR FM NORMAL 77 LOWEST SLP 29.58 ON 14
[REMARKS]
#FINAL-10-20#